000
CDUS45 KFGZ 030947
CLIPRC
CLIMATE REPORT
NATIONAL WEATHER SERVICE FLAGSTAFF, AZ
247 AM MST TUE MAY 3 2016


...................................

...THE PRESCOTT AZ AIRPORT CLIMATE SUMMARY FOR MAY 2 2016...

CLIMATE NORMAL PERIOD 1981 TO 2010
CLIMATE RECORD PERIOD 1948 TO 2016


WEATHER ITEM   OBSERVED TIME   RECORD YEAR NORMAL DEPARTURE LAST
                VALUE   (LST)  VALUE       VALUE  FROM      YEAR
                                                  NORMAL
..................................................................
TEMPERATURE (F)
 YESTERDAY
  MAXIMUM         67    251 PM  85    1986  72     -5       82
  MINIMUM         37    600 AM  26    1988  43     -6       50
  AVERAGE         52                        57     -5

PRECIPITATION (IN)
  YESTERDAY        T             0.34 1982   0.02  -0.02      T
  MONTH TO DATE    0.01                      0.03  -0.02      T
  SINCE SEP 1      6.80                      8.42  -1.62     8.77
  SINCE JAN 1      3.31                      4.11  -0.80     4.09

DEGREE DAYS
 HEATING
  YESTERDAY       13                                5
  MONTH TO DATE   29                               13
  SINCE JUL 1   3672                             -463

 COOLING
  YESTERDAY        0                                0
  MONTH TO DATE    0                                0
  SINCE JAN 1      0                               -2
..................................................................


WIND (MPH)
  HIGHEST WIND SPEED    26   HIGHEST WIND DIRECTION     N (10)
  HIGHEST GUST SPEED    33   HIGHEST GUST DIRECTION     N (360)
  AVERAGE WIND SPEED     4.9


SKY COVER
  AVERAGE SKY COVER 0.3


WEATHER CONDITIONS
 THE FOLLOWING WEATHER WAS RECORDED YESTERDAY.
  NO SIGNIFICANT WEATHER WAS OBSERVED.


RELATIVE HUMIDITY (PERCENT)
 HIGHEST   100
 LOWEST     29

..........................................................


THE PRESCOTT AZ AIRPORT CLIMATE NORMALS FOR TODAY
                         NORMAL    RECORD    YEAR
 MAXIMUM TEMPERATURE (F)   72        86      1956
 MINIMUM TEMPERATURE (F)   43        28      1955


SUNRISE AND SUNSET
MAY  3 2016...........SUNRISE   537 AM MST   SUNSET   717 PM MST
MAY  4 2016...........SUNRISE   536 AM MST   SUNSET   717 PM MST


-  INDICATES NEGATIVE NUMBERS.
R  INDICATES RECORD WAS SET OR TIED.
MM INDICATES DATA IS MISSING.
T  INDICATES TRACE AMOUNT.




$$
