998
CDUS45 KFGZ 150732
CLIPRC
CLIMATE REPORT
NATIONAL WEATHER SERVICE FLAGSTAFF, AZ
1231 AM MST FRI DEC 15 2017


...................................

...THE PRESCOTT AZ AIRPORT CLIMATE SUMMARY FOR DECEMBER 14 2017...

CLIMATE NORMAL PERIOD 1981 TO 2010
CLIMATE RECORD PERIOD 1948 TO 2017


WEATHER ITEM   OBSERVED TIME   RECORD YEAR NORMAL DEPARTURE LAST
                VALUE   (LST)  VALUE       VALUE  FROM      YEAR
                                                  NORMAL
..................................................................
TEMPERATURE (F)
 YESTERDAY
  MAXIMUM         58    148 PM  68    2010  51      7       65
  MINIMUM         27    435 AM  10    1949  25      2       34
  AVERAGE         43                        38      5

PRECIPITATION (IN)
  YESTERDAY        0.00          1.07 1967   0.03  -0.03     0.00
  MONTH TO DATE    0.00                      0.42  -0.42     0.00
  SINCE SEP 1      0.53                      3.77  -3.24     4.09
  SINCE JAN 1     12.38                     13.43  -1.05    14.85

DEGREE DAYS
 HEATING
  YESTERDAY       22                               -5
  MONTH TO DATE  284                              -78
  SINCE JUL 1    829                             -407

 COOLING
  YESTERDAY        0                                0
  MONTH TO DATE    0                                0
  SINCE JAN 1   1145                              204
..................................................................


WIND (MPH)
  HIGHEST WIND SPEED    25   HIGHEST WIND DIRECTION     N (10)
  HIGHEST GUST SPEED    31   HIGHEST GUST DIRECTION     N (360)
  AVERAGE WIND SPEED     9.4


SKY COVER
  AVERAGE SKY COVER 0.0


WEATHER CONDITIONS
 THE FOLLOWING WEATHER WAS RECORDED YESTERDAY.
  HAZE


RELATIVE HUMIDITY (PERCENT)
 HIGHEST    39
 LOWEST     19

..........................................................


THE PRESCOTT AZ AIRPORT CLIMATE NORMALS FOR TODAY
                         NORMAL    RECORD    YEAR
 MAXIMUM TEMPERATURE (F)   51        66      2016
                                             2006
 MINIMUM TEMPERATURE (F)   25         6      1975


SUNRISE AND SUNSET
DECEMBER 15 2017......SUNRISE   730 AM MST   SUNSET   521 PM MST
DECEMBER 16 2017......SUNRISE   730 AM MST   SUNSET   521 PM MST


-  INDICATES NEGATIVE NUMBERS.
R  INDICATES RECORD WAS SET OR TIED.
MM INDICATES DATA IS MISSING.
T  INDICATES TRACE AMOUNT.




$$
