000
CDUS45 KFGZ 300751
CLIPRC
CLIMATE REPORT
NATIONAL WEATHER SERVICE FLAGSTAFF, AZ
1250 AM MST THU JUL 30 2015


...................................

...THE PRESCOTT AZ AIRPORT CLIMATE SUMMARY FOR JULY 29 2015...

CLIMATE NORMAL PERIOD 1981 TO 2010
CLIMATE RECORD PERIOD 1948 TO 2015


WEATHER ITEM   OBSERVED TIME   RECORD YEAR NORMAL DEPARTURE LAST
                VALUE   (LST)  VALUE       VALUE  FROM      YEAR
                                                  NORMAL
..................................................................
TEMPERATURE (F)
 YESTERDAY
  MAXIMUM         86    254 PM 100    1995  88     -2       90
  MINIMUM         69    524 AM  55    1990  62      7       61
  AVERAGE         78                        75      3

PRECIPITATION (IN)
  YESTERDAY        0.00          0.48 1966   0.10  -0.10     0.00
  MONTH TO DATE    3.17                      1.93   1.24     1.78
  SINCE SEP 1     15.14                     11.17   3.97     7.47
  SINCE JAN 1     10.46                      6.86   3.60     2.75

DEGREE DAYS
 HEATING
  YESTERDAY        0                                0
  MONTH TO DATE    0                                0
  SINCE JUL 1      0                                0

 COOLING
  YESTERDAY       13                                3
  MONTH TO DATE  266                              -43
  SINCE JAN 1    580                               43
..................................................................


WIND (MPH)
  HIGHEST WIND SPEED    15   HIGHEST WIND DIRECTION    SE (130)
  HIGHEST GUST SPEED    20   HIGHEST GUST DIRECTION    SE (140)
  AVERAGE WIND SPEED     5.8


SKY COVER
  AVERAGE SKY COVER 0.5


WEATHER CONDITIONS
 THE FOLLOWING WEATHER WAS RECORDED YESTERDAY.
  HAZE


RELATIVE HUMIDITY (PERCENT)
 HIGHEST    70
 LOWEST     21

..........................................................


THE PRESCOTT AZ AIRPORT CLIMATE NORMALS FOR TODAY
                         NORMAL    RECORD    YEAR
 MAXIMUM TEMPERATURE (F)   88        99      1978
 MINIMUM TEMPERATURE (F)   62        56      1958


SUNRISE AND SUNSET
JULY 30 2015..........SUNRISE   538 AM MST   SUNSET   734 PM MST
JULY 31 2015..........SUNRISE   539 AM MST   SUNSET   733 PM MST


-  INDICATES NEGATIVE NUMBERS.
R  INDICATES RECORD WAS SET OR TIED.
MM INDICATES DATA IS MISSING.
T  INDICATES TRACE AMOUNT.




$$
