000
CDUS45 KFGZ 240753
CLIPRC
CLIMATE REPORT
NATIONAL WEATHER SERVICE FLAGSTAFF, AZ
1250 AM MST SUN MAY 24 2015


...................................

...THE PRESCOTT AZ AIRPORT CLIMATE SUMMARY FOR MAY 23 2015...

CLIMATE NORMAL PERIOD 1981 TO 2010
CLIMATE RECORD PERIOD 1948 TO 2015


WEATHER ITEM   OBSERVED TIME   RECORD YEAR NORMAL DEPARTURE LAST
                VALUE   (LST)  VALUE       VALUE  FROM      YEAR
                                                  NORMAL
..................................................................
TEMPERATURE (F)
 YESTERDAY
  MAXIMUM         66    341 PM  93    2000  79    -13       71
  MINIMUM         46    558 AM  32    1965  48     -2       48
  AVERAGE         56                        64     -8

PRECIPITATION (IN)
  YESTERDAY        0.00          0.21 2008   0.01  -0.01     0.00
  MONTH TO DATE    1.03                      0.34   0.69      T
  SINCE SEP 1      9.80                      8.73   1.07     5.69
  SINCE JAN 1      5.12                      4.42   0.70     0.97

DEGREE DAYS
 HEATING
  YESTERDAY        9                                6
  MONTH TO DATE  204                               79
  SINCE JUL 1   3463                             -781

 COOLING
  YESTERDAY        0                               -2
  MONTH TO DATE    2                              -19
  SINCE JAN 1      3                              -20
..................................................................


WIND (MPH)
  HIGHEST WIND SPEED    20   HIGHEST WIND DIRECTION    SW (240)
  HIGHEST GUST SPEED    25   HIGHEST GUST DIRECTION    SW (210)
  AVERAGE WIND SPEED     8.4


SKY COVER
  AVERAGE SKY COVER 0.5


WEATHER CONDITIONS
 THE FOLLOWING WEATHER WAS RECORDED YESTERDAY.
  NO SIGNIFICANT WEATHER WAS OBSERVED.


RELATIVE HUMIDITY (PERCENT)
 HIGHEST    65
 LOWEST     28

..........................................................


THE PRESCOTT AZ AIRPORT CLIMATE NORMALS FOR TODAY
                         NORMAL    RECORD    YEAR
 MAXIMUM TEMPERATURE (F)   79        92      2001
 MINIMUM TEMPERATURE (F)   49        35      1965


SUNRISE AND SUNSET
MAY 24 2015...........SUNRISE   521 AM MST   SUNSET   732 PM MST
MAY 25 2015...........SUNRISE   521 AM MST   SUNSET   733 PM MST


-  INDICATES NEGATIVE NUMBERS.
R  INDICATES RECORD WAS SET OR TIED.
MM INDICATES DATA IS MISSING.
T  INDICATES TRACE AMOUNT.




$$
