000
CDUS45 KFGZ 220803
CLIPRC
CLIMATE REPORT
NATIONAL WEATHER SERVICE FLAGSTAFF, AZ
103 AM MST MON SEP 22 2014


...................................

...THE PRESCOTT AZ AIRPORT CLIMATE SUMMARY FOR SEPTEMBER 21 2014...

CLIMATE NORMAL PERIOD 1981 TO 2010
CLIMATE RECORD PERIOD 1948 TO 2014


WEATHER ITEM   OBSERVED TIME   RECORD YEAR NORMAL DEPARTURE LAST
                VALUE   (LST)  VALUE       VALUE  FROM      YEAR
                                                  NORMAL
..................................................................
TEMPERATURE (F)
 YESTERDAY
  MAXIMUM         82    309 PM  92    1954  81      1       82
  MINIMUM         60    652 AM  35    1978  51      9       58
  AVERAGE         71                        66      5

PRECIPITATION (IN)
  YESTERDAY        0.00          0.27 1952   0.05  -0.05     0.00
  MONTH TO DATE    1.23                      1.12   0.11     2.48
  SINCE SEP 1      1.23                      1.12   0.11     2.48
  SINCE JAN 1      8.70                     10.78  -2.08    10.70

DEGREE DAYS
 HEATING
  YESTERDAY        0                               -2
  MONTH TO DATE    0                              -11
  SINCE JUL 1      3                               -9

 COOLING
  YESTERDAY        6                                3
  MONTH TO DATE  121                               21
  SINCE JAN 1   1015                               94
..................................................................


WIND (MPH)
  HIGHEST WIND SPEED    17   HIGHEST WIND DIRECTION    SW (230)
  HIGHEST GUST SPEED    23   HIGHEST GUST DIRECTION    SW (220)
  AVERAGE WIND SPEED     7.0


SKY COVER
  AVERAGE SKY COVER 0.3


WEATHER CONDITIONS
 THE FOLLOWING WEATHER WAS RECORDED YESTERDAY.
  NO SIGNIFICANT WEATHER WAS OBSERVED.


RELATIVE HUMIDITY (PERCENT)
 HIGHEST    73
 LOWEST     28

..........................................................


THE PRESCOTT AZ AIRPORT CLIMATE NORMALS FOR TODAY
                         NORMAL    RECORD    YEAR
 MAXIMUM TEMPERATURE (F)   80        92      1989
 MINIMUM TEMPERATURE (F)   51        36      1988


SUNRISE AND SUNSET
SEPTEMBER 22 2014.....SUNRISE   618 AM MST   SUNSET   626 PM MST
SEPTEMBER 23 2014.....SUNRISE   618 AM MST   SUNSET   625 PM MST


-  INDICATES NEGATIVE NUMBERS.
R  INDICATES RECORD WAS SET OR TIED.
MM INDICATES DATA IS MISSING.
T  INDICATES TRACE AMOUNT.




$$
