000
CDUS45 KFGZ 220826
CLIPRC
CLIMATE REPORT
NATIONAL WEATHER SERVICE FLAGSTAFF, AZ
125 AM MST TUE JUL 22 2014


...................................

...THE PRESCOTT AZ AIRPORT CLIMATE SUMMARY FOR JULY 21 2014...

CLIMATE NORMAL PERIOD 1981 TO 2010
CLIMATE RECORD PERIOD 1948 TO 2014


WEATHER ITEM   OBSERVED TIME   RECORD YEAR NORMAL DEPARTURE LAST
                VALUE   (LST)  VALUE       VALUE  FROM      YEAR
                                                  NORMAL
..................................................................
TEMPERATURE (F)
 YESTERDAY
  MAXIMUM         90    455 PM  99    2006  89      1       78
  MINIMUM         60    450 AM  54    1973  63     -3       64
  AVERAGE         75                        76     -1

PRECIPITATION (IN)
  YESTERDAY        0.00          2.01 1950   0.08  -0.08     0.03
  MONTH TO DATE    1.09                      1.23  -0.14     0.48
  SINCE SEP 1      6.78                     10.47  -3.69     4.96
  SINCE JAN 1      2.06                      6.16  -4.10     3.00

DEGREE DAYS
 HEATING
  YESTERDAY        0                                0
  MONTH TO DATE    0                                0
  SINCE JUL 1      0                                0

 COOLING
  YESTERDAY       10                               -1
  MONTH TO DATE  239                               15
  SINCE JAN 1    545                               93
..................................................................


WIND (MPH)
  HIGHEST WIND SPEED    20   HIGHEST WIND DIRECTION    SW (230)
  HIGHEST GUST SPEED    26   HIGHEST GUST DIRECTION    SW (230)
  AVERAGE WIND SPEED     8.8


SKY COVER
  AVERAGE SKY COVER 0.0


WEATHER CONDITIONS
 THE FOLLOWING WEATHER WAS RECORDED YESTERDAY.
  NO SIGNIFICANT WEATHER WAS OBSERVED.


RELATIVE HUMIDITY (PERCENT)
 HIGHEST    39
 LOWEST     15

..........................................................


THE PRESCOTT AZ AIRPORT CLIMATE NORMALS FOR TODAY
                         NORMAL    RECORD    YEAR
 MAXIMUM TEMPERATURE (F)   89       100      1996
 MINIMUM TEMPERATURE (F)   63        47      1987


SUNRISE AND SUNSET
JULY 22 2014..........SUNRISE   533 AM MST   SUNSET   739 PM MST
JULY 23 2014..........SUNRISE   533 AM MST   SUNSET   739 PM MST


-  INDICATES NEGATIVE NUMBERS.
R  INDICATES RECORD WAS SET OR TIED.
MM INDICATES DATA IS MISSING.
T  INDICATES TRACE AMOUNT.




$$
