000
CDUS45 KFGZ 240840
CLIPRC
CLIMATE REPORT
NATIONAL WEATHER SERVICE FLAGSTAFF, AZ
137 AM MST WED MAY 24 2017


...................................

...THE PRESCOTT AZ AIRPORT CLIMATE SUMMARY FOR MAY 23 2017...

CLIMATE NORMAL PERIOD 1981 TO 2010
CLIMATE RECORD PERIOD 1948 TO 2017


WEATHER ITEM   OBSERVED TIME   RECORD YEAR NORMAL DEPARTURE LAST
                VALUE   (LST)  VALUE       VALUE  FROM      YEAR
                                                  NORMAL
..................................................................
TEMPERATURE (F)
 YESTERDAY
  MAXIMUM         88    359 PM  93    2000  79      9       72
  MINIMUM         48    544 AM  32    1965  48      0       41
  AVERAGE         68                        64      4

PRECIPITATION (IN)
  YESTERDAY        0.00          0.21 2008   0.01  -0.01     0.00
  MONTH TO DATE    0.40                      0.34   0.06     0.48
  SINCE SEP 1     11.40                      8.73   2.67     7.27
  SINCE JAN 1      4.65                      4.42   0.23     3.78

DEGREE DAYS
 HEATING
  YESTERDAY        0                               -3
  MONTH TO DATE  150                               25
  SINCE JUL 1   3536                             -708

 COOLING
  YESTERDAY        3                                1
  MONTH TO DATE   11                              -10
  SINCE JAN 1     11                              -12
..................................................................


WIND (MPH)
  HIGHEST WIND SPEED    18   HIGHEST WIND DIRECTION     N (360)
  HIGHEST GUST SPEED    25   HIGHEST GUST DIRECTION     N (360)
  AVERAGE WIND SPEED     5.4


SKY COVER
  AVERAGE SKY COVER 0.0


WEATHER CONDITIONS
 THE FOLLOWING WEATHER WAS RECORDED YESTERDAY.
  NO SIGNIFICANT WEATHER WAS OBSERVED.


RELATIVE HUMIDITY (PERCENT)
 HIGHEST    46
 LOWEST      6

..........................................................


THE PRESCOTT AZ AIRPORT CLIMATE NORMALS FOR TODAY
                         NORMAL    RECORD    YEAR
 MAXIMUM TEMPERATURE (F)   79        92      2001
 MINIMUM TEMPERATURE (F)   49        35      1965


SUNRISE AND SUNSET
MAY 24 2017...........SUNRISE   521 AM MST   SUNSET   733 PM MST
MAY 25 2017...........SUNRISE   521 AM MST   SUNSET   733 PM MST


-  INDICATES NEGATIVE NUMBERS.
R  INDICATES RECORD WAS SET OR TIED.
MM INDICATES DATA IS MISSING.
T  INDICATES TRACE AMOUNT.




$$
