000
CDUS45 KFGZ 010054
CLIPRC
CLIMATE REPORT
NATIONAL WEATHER SERVICE FLAGSTAFF, AZ
553 PM MST SUN AUG 31 2014


...................................

...THE PRESCOTT AZ AIRPORT CLIMATE SUMMARY FOR AUGUST 31 2014...
VALID TODAY AS OF 0500 PM LOCAL TIME.

CLIMATE NORMAL PERIOD 1981 TO 2010
CLIMATE RECORD PERIOD 1948 TO 2014


WEATHER ITEM   OBSERVED TIME   RECORD YEAR NORMAL DEPARTURE LAST
                VALUE   (LST)  VALUE       VALUE  FROM      YEAR
                                                  NORMAL
..................................................................
TEMPERATURE (F)
 TODAY
  MAXIMUM         86    409 PM 101    1950  86      0       77
  MINIMUM         59    613 AM  45    1957  58      1       65
  AVERAGE         73                        72      1

PRECIPITATION (IN)
  TODAY            0.00          0.70 1960   0.07  -0.07
  MONTH TO DATE    4.67                      2.62   2.05
  SINCE SEP 1     12.19                     13.97  -1.78
  SINCE JAN 1      7.47                      9.66  -2.19

DEGREE DAYS
 HEATING
  TODAY            0                         0      0
  SINCE JUL 1      3                         1      2

 COOLING
  TODAY            8                         7      1
  SINCE JAN 1    894                       821     73
..................................................................


WIND (MPH)
  HIGHEST WIND SPEED    21   HIGHEST WIND DIRECTION     S (200)
  HIGHEST GUST SPEED    28   HIGHEST GUST DIRECTION     S (200)
  AVERAGE WIND SPEED     8.5


SKY COVER
  POSSIBLE SUNSHINE  MM
  AVERAGE SKY COVER 0.0


WEATHER CONDITIONS
 THE FOLLOWING WEATHER WAS RECORDED TODAY.
  NO SIGNIFICANT WEATHER WAS OBSERVED.


RELATIVE HUMIDITY (PERCENT)
 HIGHEST    56           700 AM
 LOWEST     18           200 PM

..........................................................


THE PRESCOTT AZ AIRPORT CLIMATE NORMALS FOR TOMORROW
                         NORMAL    RECORD    YEAR
 MAXIMUM TEMPERATURE (F)   85       101      1950
 MINIMUM TEMPERATURE (F)   58        45      1951


SUNRISE AND SUNSET
AUGUST 31 2014........SUNRISE   602 AM MST   SUNSET   657 PM MST
SEPTEMBER  1 2014.....SUNRISE   603 AM MST   SUNSET   656 PM MST


-  INDICATES NEGATIVE NUMBERS.
R  INDICATES RECORD WAS SET OR TIED.
MM INDICATES DATA IS MISSING.
T  INDICATES TRACE AMOUNT.




$$
