978
CDUS45 KFGZ 220741
CLIPRC
CLIMATE REPORT
NATIONAL WEATHER SERVICE FLAGSTAFF, AZ
1240 AM MST TUE AUG 22 2017


...................................

...THE PRESCOTT AZ AIRPORT CLIMATE SUMMARY FOR AUGUST 21 2017...

CLIMATE NORMAL PERIOD 1981 TO 2010
CLIMATE RECORD PERIOD 1948 TO 2017


WEATHER ITEM   OBSERVED TIME   RECORD YEAR NORMAL DEPARTURE LAST
                VALUE   (LST)  VALUE       VALUE  FROM      YEAR
                                                  NORMAL
..................................................................
TEMPERATURE (F)
 YESTERDAY
  MAXIMUM         82    107 PM  96    2007  86     -4       79
  MINIMUM         58    612 AM  48    1990  60     -2       60
  AVERAGE         70                        73     -3

PRECIPITATION (IN)
  YESTERDAY        T             0.93 1988   0.08  -0.08      T
  MONTH TO DATE    2.19                      1.86   0.33     3.58
  SINCE SEP 1     18.36                     13.21   5.15    11.97
  SINCE JAN 1     11.61                      8.90   2.71     8.48

DEGREE DAYS
 HEATING
  YESTERDAY        0                                0
  MONTH TO DATE    0                                0
  SINCE JUL 1      0                                0

 COOLING
  YESTERDAY        5                               -3
  MONTH TO DATE  165                              -26
  SINCE JAN 1    907                              161
..................................................................


WIND (MPH)
  HIGHEST WIND SPEED    18   HIGHEST WIND DIRECTION     N (340)
  HIGHEST GUST SPEED    23   HIGHEST GUST DIRECTION     N (360)
  AVERAGE WIND SPEED     6.6


SKY COVER
  AVERAGE SKY COVER 0.4


WEATHER CONDITIONS
 THE FOLLOWING WEATHER WAS RECORDED YESTERDAY.
  THUNDERSTORM
  LIGHT RAIN


RELATIVE HUMIDITY (PERCENT)
 HIGHEST    78
 LOWEST     34

..........................................................


THE PRESCOTT AZ AIRPORT CLIMATE NORMALS FOR TODAY
                         NORMAL    RECORD    YEAR
 MAXIMUM TEMPERATURE (F)   86        96      2011
 MINIMUM TEMPERATURE (F)   60        44      1968


SUNRISE AND SUNSET
AUGUST 22 2017........SUNRISE   556 AM MST   SUNSET   709 PM MST
AUGUST 23 2017........SUNRISE   556 AM MST   SUNSET   707 PM MST


-  INDICATES NEGATIVE NUMBERS.
R  INDICATES RECORD WAS SET OR TIED.
MM INDICATES DATA IS MISSING.
T  INDICATES TRACE AMOUNT.




$$
