000
CDUS45 KFGZ 270759
CLIPRC
CLIMATE REPORT
NATIONAL WEATHER SERVICE FLAGSTAFF, AZ
1257 AM MST THU NOV 27 2014


...................................

...THE PRESCOTT AZ AIRPORT CLIMATE SUMMARY FOR NOVEMBER 26 2014...

CLIMATE NORMAL PERIOD 1981 TO 2010
CLIMATE RECORD PERIOD 1948 TO 2014


WEATHER ITEM   OBSERVED TIME   RECORD YEAR NORMAL DEPARTURE LAST
                VALUE   (LST)  VALUE       VALUE  FROM      YEAR
                                                  NORMAL
..................................................................
TEMPERATURE (F)
 YESTERDAY
  MAXIMUM         69    420 PM  74    1977  56     13       58
  MINIMUM         31    606 AM  15    1993  28      3       28
  AVERAGE         50                        42      8

PRECIPITATION (IN)
  YESTERDAY        0.00          0.41 1985   0.03  -0.03     0.00
  MONTH TO DATE    0.02                      0.79  -0.77     1.70
  SINCE SEP 1      2.75                      3.22  -0.47     4.41
  SINCE JAN 1     10.22                     12.88  -2.66    12.63

DEGREE DAYS
 HEATING
  YESTERDAY       15                               -8
  MONTH TO DATE  456                              -19
  SINCE JUL 1    598                             -183

 COOLING
  YESTERDAY        0                                0
  MONTH TO DATE    0                                0
  SINCE JAN 1   1039                               98
..................................................................


WIND (MPH)
  HIGHEST WIND SPEED    10   HIGHEST WIND DIRECTION     S (190)
  HIGHEST GUST SPEED    14   HIGHEST GUST DIRECTION    NW (310)
  AVERAGE WIND SPEED     4.3


SKY COVER
  AVERAGE SKY COVER 0.0


WEATHER CONDITIONS
 THE FOLLOWING WEATHER WAS RECORDED YESTERDAY.
  NO SIGNIFICANT WEATHER WAS OBSERVED.


RELATIVE HUMIDITY (PERCENT)
 HIGHEST    49
 LOWEST     14

..........................................................


THE PRESCOTT AZ AIRPORT CLIMATE NORMALS FOR TODAY
                         NORMAL    RECORD    YEAR
 MAXIMUM TEMPERATURE (F)   56        74      1954
 MINIMUM TEMPERATURE (F)   28        14      1994


SUNRISE AND SUNSET
NOVEMBER 27 2014......SUNRISE   715 AM MST   SUNSET   520 PM MST
NOVEMBER 28 2014......SUNRISE   716 AM MST   SUNSET   519 PM MST


-  INDICATES NEGATIVE NUMBERS.
R  INDICATES RECORD WAS SET OR TIED.
MM INDICATES DATA IS MISSING.
T  INDICATES TRACE AMOUNT.




$$
