000
CDUS45 KFGZ 180739
CLIPRC
CLIMATE REPORT
NATIONAL WEATHER SERVICE FLAGSTAFF, AZ
1237 AM MST THU DEC 18 2014


...................................

...THE PRESCOTT AZ AIRPORT CLIMATE SUMMARY FOR DECEMBER 17 2014...

CLIMATE NORMAL PERIOD 1981 TO 2010
CLIMATE RECORD PERIOD 1948 TO 2014


WEATHER ITEM   OBSERVED TIME   RECORD YEAR NORMAL DEPARTURE LAST
                VALUE   (LST)  VALUE       VALUE  FROM      YEAR
                                                  NORMAL
..................................................................
TEMPERATURE (F)
 YESTERDAY
  MAXIMUM         43    138 PM  69    1979  51     -8       63
  MINIMUM         34   1159 PM  12    1967  25      9       27
  AVERAGE         39                        38      1

PRECIPITATION (IN)
  YESTERDAY        T             0.53 1978   0.03  -0.03     0.00
  MONTH TO DATE    1.81                      0.51   1.30     0.13
  SINCE SEP 1      4.56                      3.86   0.70     4.54
  SINCE JAN 1     12.03                     13.52  -1.49    12.76

DEGREE DAYS
 HEATING
  YESTERDAY       26                               -1
  MONTH TO DATE  332                             -111
  SINCE JUL 1    989                             -328

 COOLING
  YESTERDAY        0                                0
  MONTH TO DATE    0                                0
  SINCE JAN 1   1039                               98
..................................................................


WIND (MPH)
  HIGHEST WIND SPEED    14   HIGHEST WIND DIRECTION    SE (140)
  HIGHEST GUST SPEED    18   HIGHEST GUST DIRECTION    SE (140)
  AVERAGE WIND SPEED     6.2


SKY COVER
  AVERAGE SKY COVER 1.0


WEATHER CONDITIONS
 THE FOLLOWING WEATHER WAS RECORDED YESTERDAY.
  NO SIGNIFICANT WEATHER WAS OBSERVED.


RELATIVE HUMIDITY (PERCENT)
 HIGHEST    85
 LOWEST     57

..........................................................


THE PRESCOTT AZ AIRPORT CLIMATE NORMALS FOR TODAY
                         NORMAL    RECORD    YEAR
 MAXIMUM TEMPERATURE (F)   50        67      1958
 MINIMUM TEMPERATURE (F)   25         6      1967


SUNRISE AND SUNSET
DECEMBER 18 2014......SUNRISE   731 AM MST   SUNSET   522 PM MST
DECEMBER 19 2014......SUNRISE   732 AM MST   SUNSET   522 PM MST


-  INDICATES NEGATIVE NUMBERS.
R  INDICATES RECORD WAS SET OR TIED.
MM INDICATES DATA IS MISSING.
T  INDICATES TRACE AMOUNT.




$$
