000
CDUS45 KFGZ 200742
CLIPRC
CLIMATE REPORT
NATIONAL WEATHER SERVICE FLAGSTAFF, AZ
1236 AM MST FRI OCT 20 2017


...................................

...THE PRESCOTT AZ AIRPORT CLIMATE SUMMARY FOR OCTOBER 19 2017...

CLIMATE NORMAL PERIOD 1981 TO 2010
CLIMATE RECORD PERIOD 1948 TO 2017


WEATHER ITEM   OBSERVED TIME   RECORD YEAR NORMAL DEPARTURE LAST
                VALUE   (LST)  VALUE       VALUE  FROM      YEAR
                                                  NORMAL
..................................................................
TEMPERATURE (F)
 YESTERDAY
  MAXIMUM         79    156 PM  87    2003  71      8       76
  MINIMUM         52    639 AM  27    1971  40     12       40
  AVERAGE         66                        55     11

PRECIPITATION (IN)
  YESTERDAY        0.00          0.87 1972   0.03  -0.03     0.00
  MONTH TO DATE    0.00                      0.60  -0.60     0.58
  SINCE SEP 1      0.53                      2.11  -1.58     2.91
  SINCE JAN 1     12.38                     11.77   0.61    13.67

DEGREE DAYS
 HEATING
  YESTERDAY        0                              -10
  MONTH TO DATE   73                              -54
  SINCE JUL 1    142                              -23

 COOLING
  YESTERDAY        1                                1
  MONTH TO DATE    4                               -1
  SINCE JAN 1   1145                              205
..................................................................


WIND (MPH)
  HIGHEST WIND SPEED    18   HIGHEST WIND DIRECTION    SW (220)
  HIGHEST GUST SPEED    25   HIGHEST GUST DIRECTION    SW (230)
  AVERAGE WIND SPEED     7.3


SKY COVER
  AVERAGE SKY COVER 0.2


WEATHER CONDITIONS
 THE FOLLOWING WEATHER WAS RECORDED YESTERDAY.
  HAZE


RELATIVE HUMIDITY (PERCENT)
 HIGHEST    51
 LOWEST     19

..........................................................


THE PRESCOTT AZ AIRPORT CLIMATE NORMALS FOR TODAY
                         NORMAL    RECORD    YEAR
 MAXIMUM TEMPERATURE (F)   70        87      2003
 MINIMUM TEMPERATURE (F)   40        21      1949


SUNRISE AND SUNSET
OCTOBER 20 2017.......SUNRISE   640 AM MST   SUNSET   549 PM MST
OCTOBER 21 2017.......SUNRISE   641 AM MST   SUNSET   547 PM MST


-  INDICATES NEGATIVE NUMBERS.
R  INDICATES RECORD WAS SET OR TIED.
MM INDICATES DATA IS MISSING.
T  INDICATES TRACE AMOUNT.




$$
