000
CDUS46 KPDT 270826
CLIPSC

CLIMATE REPORT
NATIONAL WEATHER SERVICE PENDLETON OR
1225 AM PST SAT DEC 27 2014


...................................

...THE PASCO WA CLIMATE SUMMARY FOR DECEMBER 26 2014...

CLIMATE NORMAL PERIOD 1981 TO 2010
CLIMATE RECORD PERIOD 1948 TO 2014


WEATHER ITEM   OBSERVED TIME   RECORD YEAR NORMAL DEPARTURE LAST
                VALUE   (LST)  VALUE       VALUE  FROM      YEAR
                                                  NORMAL
..................................................................
TEMPERATURE (F)
 YESTERDAY
  MAXIMUM         46    203 PM  52    2005  39      7       29
                                      1994
  MINIMUM         23    758 AM   7    1990  25     -2       20
  AVERAGE         35                        32      3       25

PRECIPITATION (IN)
  YESTERDAY        0.00          0.40 1975   0.05  -0.05     0.00
  MONTH TO DATE    1.15                      0.98   0.17     0.14
  SINCE OCT 1      2.37                      2.72  -0.35     0.58
  SINCE JAN 1      5.48                      8.60  -3.12     4.89

SNOWFALL (IN)
  YESTERDAY        0.0
  SNOW DEPTH       0

DEGREE DAYS
 HEATING
  YESTERDAY       30                        33     -3       40
  MONTH TO DATE  695                       825   -130      972
  SINCE DEC 1    695                       825   -130      972
  SINCE JUL 1   1760                      2054   -294     2322

 COOLING
  YESTERDAY        0                         0      0        0
  MONTH TO DATE    0                         0      0        0
  SINCE DEC 1      0                         0      0        0
  SINCE JAN 1    991                       710    281      995
..................................................................


WIND (MPH)
  RESULTANT WIND SPEED   1   RESULTANT WIND DIRECTION  SE (140)
  HIGHEST WIND SPEED    12   HIGHEST WIND DIRECTION     S (200)
  HIGHEST GUST SPEED    13   HIGHEST GUST DIRECTION    SW (210)


SKY COVER
  POSSIBLE SUNSHINE  MM
  AVERAGE SKY COVER 0.1


WEATHER CONDITIONS
THE FOLLOWING WEATHER WAS RECORDED YESTERDAY.
  NO SIGNIFICANT WEATHER WAS OBSERVED.


RELATIVE HUMIDITY (PERCENT)
 HIGHEST   100
 LOWEST     58
 AVERAGE    79

..........................................................


THE PASCO WA CLIMATE NORMALS FOR TODAY
                         NORMAL    RECORD    YEAR
 MAXIMUM TEMPERATURE (F)   39        57      2002
 MINIMUM TEMPERATURE (F)   26        -4      1996


SUNRISE AND SUNSET
DECEMBER 27 2014......SUNRISE   739 AM PST   SUNSET   417 PM PST
DECEMBER 28 2014......SUNRISE   739 AM PST   SUNSET   417 PM PST


-  INDICATES NEGATIVE NUMBERS.
R  INDICATES RECORD WAS SET OR TIED.
MM INDICATES DATA IS MISSING.
T  INDICATES TRACE AMOUNT.




$$
