000
CDUS46 KPDT 220026 RRB
CLIPSC

CLIMATE REPORT
NATIONAL WEATHER SERVICE PENDLETON OR
426 PM PST SAT JAN 21 2017


...................................

...THE PASCO WA CLIMATE SUMMARY FOR JANUARY 21 2017...
VALID TODAY AS OF 0400 PM LOCAL TIME.

CLIMATE NORMAL PERIOD 1981 TO 2010
CLIMATE RECORD PERIOD 1948 TO 2017


WEATHER ITEM   OBSERVED TIME   RECORD YEAR NORMAL DEPARTURE LAST
                VALUE   (LST)  VALUE       VALUE  FROM      YEAR
                                                  NORMAL
..................................................................
TEMPERATURE (F)
 TODAY
  MAXIMUM         39    126 PM  54    2010  43     -4       44
  MINIMUM         23    631 AM  10    2008  29     -6       39
  AVERAGE         31                        36     -5       42

PRECIPITATION (IN)
  TODAY            0.00          0.30 1969   0.04  -0.04     0.10
  MONTH TO DATE    0.87                      0.93  -0.06     0.93
  SINCE OCT 1      4.64                      3.88   0.76     3.69
  SINCE JAN 1      0.87                      0.93  -0.06     0.93

SNOWFALL (IN)
  TODAY            0.0
  SNOW DEPTH      MM

DEGREE DAYS
 HEATING
  TODAY           34                        29      5       23
  MONTH TO DATE  998                       648    350      673
  SINCE DEC 1   2139                      1635    504     1556
  SINCE JUL 1   3085                      2864    221     2658

 COOLING
  TODAY            0                         0      0        0
  MONTH TO DATE    0                         0      0        0
  SINCE DEC 1      0                         0      0        0
  SINCE JAN 1      0                         0      0        0
..................................................................


WIND (MPH)
  RESULTANT WIND SPEED   1   RESULTANT WIND DIRECTION  NE (60)
  HIGHEST WIND SPEED     7   HIGHEST WIND DIRECTION     E (90)
  HIGHEST GUST SPEED     8   HIGHEST GUST DIRECTION     E (90)


SKY COVER
  POSSIBLE SUNSHINE  MM
  AVERAGE SKY COVER 0.6


WEATHER CONDITIONS
 THE FOLLOWING WEATHER WAS RECORDED TODAY.
  FOG
  FOG W/VISIBILITY <= 1/4 MILE
  HAZE


RELATIVE HUMIDITY (PERCENT)
 HIGHEST   100
 LOWEST     82
 AVERAGE    91

..........................................................


THE PASCO WA CLIMATE NORMALS FOR TOMORROW
                         NORMAL    RECORD    YEAR
 MAXIMUM TEMPERATURE (F)   43        59      2016
 MINIMUM TEMPERATURE (F)   29         7      2008


SUNRISE AND SUNSET
JANUARY 21 2017.......SUNRISE   731 AM PST   SUNSET   446 PM PST
JANUARY 22 2017.......SUNRISE   730 AM PST   SUNSET   447 PM PST


-  INDICATES NEGATIVE NUMBERS.
R  INDICATES RECORD WAS SET OR TIED.
MM INDICATES DATA IS MISSING.
T  INDICATES TRACE AMOUNT.




$$
