000
CDUS46 KPDT 280846 RRB
CLIPSC

CLIMATE REPORT
NATIONAL WEATHER SERVICE PENDLETON OR
145 AM PDT SUN AUG 28 2016


...................................

...THE PASCO WA CLIMATE SUMMARY FOR AUGUST 27 2016...

CLIMATE NORMAL PERIOD 1981 TO 2010
CLIMATE RECORD PERIOD 1948 TO 2016


WEATHER ITEM   OBSERVED TIME   RECORD YEAR NORMAL DEPARTURE LAST
                VALUE   (LST)  VALUE       VALUE  FROM      YEAR
                                                  NORMAL
..................................................................
TEMPERATURE (F)
 YESTERDAY
  MAXIMUM         95   1246 PM 100    1999  87      8       98
  MINIMUM         56    407 AM  45    2007  53      3       56
  AVERAGE         76                        70      6       77

PRECIPITATION (IN)
  YESTERDAY        0.00          0.26 1953   0.01  -0.01     0.00
  MONTH TO DATE    0.04                      0.22  -0.18     0.03
  SINCE OCT 1      8.14                      8.38  -0.24     5.60
  SINCE JAN 1      5.38                      5.43  -0.05     3.23

SNOWFALL (IN)
  YESTERDAY        0.0
  SNOW DEPTH       0

DEGREE DAYS
 HEATING
  YESTERDAY        0                         1     -1        0
  MONTH TO DATE    0                         2     -2        0
  SINCE JUN 1     30                        39     -9        1
  SINCE JUL 1      0                         7     -7        0

 COOLING
  YESTERDAY       11                         6      5       12
  MONTH TO DATE  236                       226     10      253
  SINCE JUN 1    688                       603     85      964
  SINCE JAN 1    721                       636     85     1046
..................................................................


WIND (MPH)
  RESULTANT WIND SPEED   8   RESULTANT WIND DIRECTION   W (260)
  HIGHEST WIND SPEED    24   HIGHEST WIND DIRECTION     W (270)
  HIGHEST GUST SPEED    29   HIGHEST GUST DIRECTION     W (260)


SKY COVER
  POSSIBLE SUNSHINE  MM
  AVERAGE SKY COVER 0.0


WEATHER CONDITIONS
 THE FOLLOWING WEATHER WAS RECORDED YESTERDAY.
  NO SIGNIFICANT WEATHER WAS OBSERVED.


RELATIVE HUMIDITY (PERCENT)
 HIGHEST    83
 LOWEST     19
 AVERAGE    51

..........................................................


THE PASCO WA CLIMATE NORMALS FOR TODAY
                         NORMAL    RECORD    YEAR
 MAXIMUM TEMPERATURE (F)   87       103      1999
 MINIMUM TEMPERATURE (F)   53        44      2007


SUNRISE AND SUNSET
AUGUST 28 2016........SUNRISE   613 AM PDT   SUNSET   742 PM PDT
AUGUST 29 2016........SUNRISE   614 AM PDT   SUNSET   740 PM PDT


-  INDICATES NEGATIVE NUMBERS.
R  INDICATES RECORD WAS SET OR TIED.
MM INDICATES DATA IS MISSING.
T  INDICATES TRACE AMOUNT.




$$
