000
CDUS46 KPDT 180908 RRA
CLIPSC

CLIMATE REPORT
NATIONAL WEATHER SERVICE PENDLETON OR
108 AM PST MON DEC 18 2017


...................................

...THE PASCO WA CLIMATE SUMMARY FOR DECEMBER 17 2017...

CLIMATE NORMAL PERIOD 1981 TO 2010
CLIMATE RECORD PERIOD 1948 TO 2017


WEATHER ITEM   OBSERVED TIME   RECORD YEAR NORMAL DEPARTURE LAST
                VALUE   (LST)  VALUE       VALUE  FROM      YEAR
                                                  NORMAL
..................................................................
TEMPERATURE (F)
 YESTERDAY
  MAXIMUM         50   1127 PM  61    1997  39     11       14
                                      1933
                                      1917
  MINIMUM         31    550 AM -14    1922  26      5       -8
  AVERAGE         41                        32      9        3

PRECIPITATION (IN)
  YESTERDAY        T             0.52 1973   0.04  -0.04      T
  MONTH TO DATE    0.05                      0.54  -0.49     0.42
  SINCE OCT 1      1.89                      2.28  -0.39     3.54
  SINCE JAN 1      8.24                      8.16   0.08     9.16

SNOWFALL (IN)
  YESTERDAY       MM
  SNOW DEPTH       0

DEGREE DAYS
 HEATING
  YESTERDAY       24                        33     -9       62
  MONTH TO DATE  541                       528     13      662
  SINCE DEC 1    541                       528     13      662
  SINCE JUL 1   1709                      1757    -48     1608

 COOLING
  YESTERDAY        0                         0      0        0
  MONTH TO DATE    0                         0      0        0
  SINCE DEC 1      0                         0      0        0
  SINCE JAN 1    981                       710    271      778
..................................................................


WIND (MPH)
  RESULTANT WIND SPEED   1   RESULTANT WIND DIRECTION   W (250)
  HIGHEST WIND SPEED    30   HIGHEST WIND DIRECTION    SW (230)
  HIGHEST GUST SPEED    37   HIGHEST GUST DIRECTION    SW (230)


SKY COVER
  POSSIBLE SUNSHINE  MM
  AVERAGE SKY COVER 0.8


WEATHER CONDITIONS
 THE FOLLOWING WEATHER WAS RECORDED YESTERDAY.
  LIGHT RAIN
  LT FREEZING RAIN
  SLEET
  FOG
  FOG W/VISIBILITY <= 1/4 MILE
  HAZE


RELATIVE HUMIDITY (PERCENT)
 HIGHEST   100
 LOWEST     61
 AVERAGE    81

..........................................................


THE PASCO WA CLIMATE NORMALS FOR TODAY
                         NORMAL    RECORD    YEAR
 MAXIMUM TEMPERATURE (F)   39        71      1917
 MINIMUM TEMPERATURE (F)   26       -10      1924


SUNRISE AND SUNSET
DECEMBER 18 2017......SUNRISE   735 AM PST   SUNSET   412 PM PST
DECEMBER 19 2017......SUNRISE   735 AM PST   SUNSET   412 PM PST


-  INDICATES NEGATIVE NUMBERS.
R  INDICATES RECORD WAS SET OR TIED.
MM INDICATES DATA IS MISSING.
T  INDICATES TRACE AMOUNT.

$$
