000
CDUS46 KPDT 050054
CLIPSC

CLIMATE REPORT
NATIONAL WEATHER SERVICE PENDLETON OR
445 PM PST WED MAR 4 2015


...................................

...THE PASCO WA CLIMATE SUMMARY FOR MARCH 4 2015...
VALID TODAY AS OF 0400 PM LOCAL TIME.

CLIMATE NORMAL PERIOD 1981 TO 2010
CLIMATE RECORD PERIOD 1948 TO 2015


WEATHER ITEM   OBSERVED TIME   RECORD YEAR NORMAL DEPARTURE LAST
                VALUE   (LST)  VALUE       VALUE  FROM      YEAR
                                                  NORMAL
..................................................................
TEMPERATURE (F)
 TODAY
  MAXIMUM         56    359 PM  67    2012  55      1       64
  MINIMUM         16R   449 AM  19    1993  30    -14       28
  AVERAGE         36                        43     -7       46

PRECIPITATION (IN)
  TODAY            0.00          0.46 1983   0.02  -0.02      T
  MONTH TO DATE    0.00                      0.10  -0.10     0.11
  SINCE OCT 1      3.60                      5.13  -1.53     1.67
  SINCE JAN 1      1.23                      2.18  -0.95     1.09

SNOWFALL (IN)
  TODAY            0.0
  SNOW DEPTH       0

DEGREE DAYS
 HEATING
  TODAY           29                        22      7       19
  MONTH TO DATE  115                        91     24      124
  SINCE MAR 1    115                        91     24      124
  SINCE JUL 1   3571                      3974   -403     4353

 COOLING
  TODAY            0                         0      0        0
  MONTH TO DATE    0                         0      0        0
  SINCE MAR 1      0                         0      0        0
  SINCE JAN 1      0                         0      0        0
..................................................................


WIND (MPH)
  RESULTANT WIND SPEED   1   RESULTANT WIND DIRECTION  NE (30)
  HIGHEST WIND SPEED    10   HIGHEST WIND DIRECTION     S (170)
  HIGHEST GUST SPEED    12   HIGHEST GUST DIRECTION     S (170)


SKY COVER
  POSSIBLE SUNSHINE  MM
  AVERAGE SKY COVER 0.0


WEATHER CONDITIONS
 THE FOLLOWING WEATHER WAS RECORDED TODAY.
  NO SIGNIFICANT WEATHER WAS OBSERVED.


RELATIVE HUMIDITY (PERCENT)
 HIGHEST    92
 LOWEST     24
 AVERAGE    58

..........................................................


THE PASCO WA CLIMATE NORMALS FOR TOMORROW
                         NORMAL    RECORD    YEAR
 MAXIMUM TEMPERATURE (F)   56        67      2014
                                             2005
 MINIMUM TEMPERATURE (F)   31        20      2008


SUNRISE AND SUNSET
MARCH  4 2015.........SUNRISE   630 AM PST   SUNSET   547 PM PST
MARCH  5 2015.........SUNRISE   629 AM PST   SUNSET   548 PM PST


-  INDICATES NEGATIVE NUMBERS.
R  INDICATES RECORD WAS SET OR TIED.
MM INDICATES DATA IS MISSING.
T  INDICATES TRACE AMOUNT.




$$
