000
CDUS46 KPDT 270100
CLIPSC

CLIMATE REPORT
NATIONAL WEATHER SERVICE PENDLETON OR
600 PM PDT THU MAR 26 2015


...................................

...THE PASCO WA CLIMATE SUMMARY FOR MARCH 26 2015...
VALID TODAY AS OF 0500 PM LOCAL TIME.

CLIMATE NORMAL PERIOD 1981 TO 2010
CLIMATE RECORD PERIOD 1948 TO 2015


WEATHER ITEM   OBSERVED TIME   RECORD YEAR NORMAL DEPARTURE LAST
                VALUE   (LST)  VALUE       VALUE  FROM      YEAR
                                                  NORMAL
..................................................................
TEMPERATURE (F)
 TODAY
  MAXIMUM         75R   358 PM  71    1997  62     13       63
  MINIMUM         44    454 AM  26    1995  36      8       45
  AVERAGE         60                        49     11       54

PRECIPITATION (IN)
  TODAY            0.00          0.55 1971   0.03  -0.03     0.03
  MONTH TO DATE    0.44                      0.66  -0.22     0.45
  SINCE OCT 1      4.04                      5.69  -1.65     2.01
  SINCE JAN 1      1.67                      2.74  -1.07     1.43

SNOWFALL (IN)
  TODAY            0.0
  SNOW DEPTH       0

DEGREE DAYS
 HEATING
  TODAY            5                        16    -11       11
  MONTH TO DATE  409                       503    -94      488
  SINCE MAR 1    409                       503    -94      488
  SINCE JUL 1   3865                      4386   -521     4717

 COOLING
  TODAY            0                         0      0        0
  MONTH TO DATE    0                         0      0        0
  SINCE MAR 1      0                         0      0        0
  SINCE JAN 1      0                         0      0        0
..................................................................


WIND (MPH)
  RESULTANT WIND SPEED   3   RESULTANT WIND DIRECTION  SE (140)
  HIGHEST WIND SPEED    14   HIGHEST WIND DIRECTION     S (190)
  HIGHEST GUST SPEED    17   HIGHEST GUST DIRECTION     S (190)


SKY COVER
  POSSIBLE SUNSHINE  MM
  AVERAGE SKY COVER 0.0


WEATHER CONDITIONS
 THE FOLLOWING WEATHER WAS RECORDED TODAY.
  NO SIGNIFICANT WEATHER WAS OBSERVED.


RELATIVE HUMIDITY (PERCENT)
 HIGHEST    93
 LOWEST     36
 AVERAGE    65

..........................................................


THE PASCO WA CLIMATE NORMALS FOR TOMORROW
                         NORMAL    RECORD    YEAR
 MAXIMUM TEMPERATURE (F)   62        78      1994
 MINIMUM TEMPERATURE (F)   36        27      1996


SUNRISE AND SUNSET
MARCH 26 2015.........SUNRISE   648 AM PDT   SUNSET   717 PM PDT
MARCH 27 2015.........SUNRISE   646 AM PDT   SUNSET   718 PM PDT


-  INDICATES NEGATIVE NUMBERS.
R  INDICATES RECORD WAS SET OR TIED.
MM INDICATES DATA IS MISSING.
T  INDICATES TRACE AMOUNT.

$$
