000
CDUS41 KALY 290624
CLIPSF


CLIMATE REPORT
NATIONAL WEATHER SERVICE ALBANY NY
123 AM EST MON DEC 29 2014


...................................

...THE PITTSFIELD MA CLIMATE SUMMARY FOR DECEMBER 28 2014...

CLIMATE NORMAL PERIOD 1981 TO 2010
CLIMATE RECORD PERIOD 9999 TO 9999


WEATHER ITEM   OBSERVED TIME   NORMAL DEPARTURE LAST
                VALUE   (LST)  VALUE  FROM      YEAR
                                      NORMAL
......................................................
TEMPERATURE (F)
 YESTERDAY
  MAXIMUM         47    207 AM  31     16       44
  MINIMUM         30   1159 PM  15     15       20
  AVERAGE         39            23     16       32

PRECIPITATION (IN)
  YESTERDAY        0.28          0.10   0.18     0.00
  MONTH TO DATE    3.75          2.73   1.02     1.75
  SINCE DEC 1      3.75          2.73   1.02     1.75
  SINCE JAN 1     44.17         45.11  -0.94    38.56

DEGREE DAYS
 HEATING
  YESTERDAY       26            42    -16       33
  MONTH TO DATE  939          1058   -119     1041
  SINCE DEC 1    939          1058   -119     1041
  SINCE JUL 1   2561          2709   -148     2721

 COOLING
  YESTERDAY        0             0      0        0
  MONTH TO DATE    0             0      0        0
  SINCE DEC 1      0             0      0        0
  SINCE JAN 1    238           290    -52      433
......................................................


WIND (MPH)
  HIGHEST WIND SPEED    23   HIGHEST WIND DIRECTION    NW (300)
  HIGHEST GUST SPEED    30   HIGHEST GUST DIRECTION     W (290)
  AVERAGE WIND SPEED     9.7


SKY COVER
  AVERAGE SKY COVER 0.9



RELATIVE HUMIDITY (PERCENT)
 HIGHEST   100
 LOWEST     62
 AVERAGE    81

..........................................................


THE PITTSFIELD MA CLIMATE NORMALS FOR TODAY
                         NORMAL
 MAXIMUM TEMPERATURE (F)   30
 MINIMUM TEMPERATURE (F)   14


SUNRISE AND SUNSET
DECEMBER 29 2014......SUNRISE   722 AM EST   SUNSET   428 PM EST
DECEMBER 30 2014......SUNRISE   722 AM EST   SUNSET   429 PM EST


-  INDICATES NEGATIVE NUMBERS.
R  INDICATES RECORD WAS SET OR TIED.
MM INDICATES DATA IS MISSING.
T  INDICATES TRACE AMOUNT.




$$
