000
CDUS46 KSGX 221149
CLIPSP


CLIMATE REPORT
NATIONAL WEATHER SERVICE SAN DIEGO, CA
449 AM PDT SUN OCT 22 2017


...................................

...THE PALM SPRINGS INTL AIRPORT CA CLIMATE SUMMARY FOR OCTOBER 21 2017...

CLIMATE NORMAL PERIOD 1981 TO 2010
CLIMATE RECORD PERIOD 1893 TO 2017


WEATHER ITEM   OBSERVED TIME   RECORD YEAR NORMAL DEPARTURE LAST
                VALUE   (LST)  VALUE       VALUE  FROM      YEAR
                                                  NORMAL
..................................................................
TEMPERATURE (F)
 YESTERDAY
  MAXIMUM         87   1249 PM 104    2003  87      0       95
                                      1939
  MINIMUM         65    433 AM  39    1949  61      4       65
  AVERAGE         76                        74      2       80

PRECIPITATION (IN)
  YESTERDAY        0.00          0.05 1978   0.02  -0.02     0.00
  MONTH TO DATE    0.00                      0.27  -0.27     0.00
  SINCE OCT 1      0.00                      0.27  -0.27     0.00
  SINCE JAN 1      7.17                      4.16   3.01     3.36

DEGREE DAYS
 HEATING
  YESTERDAY        0                         0      0        0
  MONTH TO DATE    0                         0      0        0
  SINCE SEP 1      0                         0      0        0
  SINCE JUL 1      0                         0      0        0

 COOLING
  YESTERDAY       11                         9      2       15
  MONTH TO DATE  319                       260     59      302
  SINCE SEP 1    949                       902     47      885
  SINCE JAN 1   4832                      3986    846     4540
..................................................................


WIND (MPH)
  RESULTANT WIND SPEED   5   RESULTANT WIND DIRECTION  NW (310)
  HIGHEST WIND SPEED    18   HIGHEST WIND DIRECTION     N (340)
  HIGHEST GUST SPEED    21   HIGHEST GUST DIRECTION     N (340)
  AVERAGE WIND SPEED     7.0


SKY COVER
  POSSIBLE SUNSHINE  MM
  AVERAGE SKY COVER 0.0


WEATHER CONDITIONS
 THE FOLLOWING WEATHER WAS RECORDED YESTERDAY.
  NO SIGNIFICANT WEATHER WAS OBSERVED.


RELATIVE HUMIDITY (PERCENT)
 HIGHEST    52           400 AM
 LOWEST      9          1200 PM
 AVERAGE    31

..........................................................


THE PALM SPRINGS INTL AIRPORT CA CLIMATE NORMALS FOR TODAY
                         NORMAL    RECORD    YEAR
 MAXIMUM TEMPERATURE (F)   87       105      2003
                                             1939
 MINIMUM TEMPERATURE (F)   60        43      1957


SUNRISE AND SUNSET
OCTOBER 22 2017.......SUNRISE   657 AM PDT   SUNSET   603 PM PDT
OCTOBER 23 2017.......SUNRISE   658 AM PDT   SUNSET   602 PM PDT


-  INDICATES NEGATIVE NUMBERS.
R  INDICATES RECORD WAS SET OR TIED.
MM INDICATES DATA IS MISSING.
T  INDICATES TRACE AMOUNT.




$$
