000
CDUS46 KSGX 200120
CLIPSP


CLIMATE REPORT
NATIONAL WEATHER SERVICE SAN DIEGO, CA
520 PM PST SUN FEB 19 2017


...................................

...THE PALM SPRINGS INTL AIRPORT CA CLIMATE SUMMARY FOR FEBRUARY 19 2017...
VALID TODAY AS OF 0500 PM LOCAL TIME.

CLIMATE NORMAL PERIOD 1981 TO 2010
CLIMATE RECORD PERIOD 1893 TO 2017


WEATHER ITEM   OBSERVED TIME   RECORD YEAR NORMAL DEPARTURE LAST
                VALUE   (LST)  VALUE       VALUE  FROM      YEAR
                                                  NORMAL
..................................................................
TEMPERATURE (F)
 TODAY
  MAXIMUM         67    340 PM  94    1977  73     -6       80
  MINIMUM         53    735 AM  32    1952  49      4       54
                                      1944
  AVERAGE         60                        61     -1       67

PRECIPITATION (IN)
  TODAY            0.00          1.80 1914   0.05  -0.05     0.00
  MONTH TO DATE    0.48                      0.65  -0.17      T
  SINCE OCT 1      5.80                      3.50   2.30     2.45
  SINCE JAN 1      4.01                      1.65   2.36     2.26

DEGREE DAYS
 HEATING
  TODAY            5                         5      0        0
  MONTH TO DATE   35                       115    -80       56
  SINCE DEC 1    547                       646    -99      603
  SINCE JUL 1    608                       742   -134      710

 COOLING
  TODAY            0                         1     -1        2
  MONTH TO DATE   44                        18     26       95
  SINCE DEC 1     45                        30     15       95
  SINCE JAN 1     44                        26     18       95
..................................................................


WIND (MPH)
  RESULTANT WIND SPEED   4   RESULTANT WIND DIRECTION   E (110)
  HIGHEST WIND SPEED    12   HIGHEST WIND DIRECTION     E (110)
  HIGHEST GUST SPEED    15   HIGHEST GUST DIRECTION     E (110)
  AVERAGE WIND SPEED     4.7


SKY COVER
  POSSIBLE SUNSHINE  MM
  AVERAGE SKY COVER 0.9


WEATHER CONDITIONS
 THE FOLLOWING WEATHER WAS RECORDED TODAY.
  FOG


RELATIVE HUMIDITY (PERCENT)
 HIGHEST   100          1200 AM
 LOWEST     67           100 PM
 AVERAGE    84

..........................................................


THE PALM SPRINGS INTL AIRPORT CA CLIMATE NORMALS FOR TOMORROW
                         NORMAL    RECORD    YEAR
 MAXIMUM TEMPERATURE (F)   73        92      1965
 MINIMUM TEMPERATURE (F)   49        30      1955
                                             1942


SUNRISE AND SUNSET
FEBRUARY 19 2017......SUNRISE   626 AM PST   SUNSET   534 PM PST
FEBRUARY 20 2017......SUNRISE   625 AM PST   SUNSET   535 PM PST


-  INDICATES NEGATIVE NUMBERS.
R  INDICATES RECORD WAS SET OR TIED.
MM INDICATES DATA IS MISSING.
T  INDICATES TRACE AMOUNT.




$$
