000
CDUS46 KSGX 291435
CLIPSP


CLIMATE REPORT
NATIONAL WEATHER SERVICE SAN DIEGO, CA
735 AM PDT SUN MAR 29 2015


...................................

...THE PALM SPRINGS INTL AIRPORT CA CLIMATE SUMMARY FOR MARCH 28 2015...

CLIMATE NORMAL PERIOD 1981 TO 2010
CLIMATE RECORD PERIOD 1893 TO 2015


WEATHER ITEM   OBSERVED TIME   RECORD YEAR NORMAL DEPARTURE LAST
                VALUE   (LST)  VALUE       VALUE  FROM      YEAR
                                                  NORMAL
..................................................................
TEMPERATURE (F)
 YESTERDAY
  MAXIMUM        100R   352 PM  97    1969  81     19       81
  MINIMUM         64    602 AM  37    1945  54     10       54
  AVERAGE         82                        68     14       68

PRECIPITATION (IN)
  YESTERDAY        0.00          0.36 1979   0.01  -0.01     0.00
  MONTH TO DATE    0.83                      0.60   0.23     0.28
  SINCE OCT 1      2.09                      4.48  -2.39     0.88
  SINCE JAN 1      1.22                      2.63  -1.41     0.70

SNOWFALL (IN)
  YESTERDAY        0.0
  MONTH TO DATE    0.0
  SINCE MAR 1      0.0
  SINCE JUL 1      0.0
  SNOW DEPTH       0

DEGREE DAYS
 HEATING
  YESTERDAY        0                         1     -1        0
  MONTH TO DATE   29                        69    -40       12
  SINCE MAR 1     29                        69    -40       12
  SINCE JUL 1    400                       847   -447      423

 COOLING
  YESTERDAY       17                         4     13        3
  MONTH TO DATE  262                        79    183      150
  SINCE MAR 1    262                        79    183      150
  SINCE JAN 1    382                       106    276      258
..................................................................


WIND (MPH)
  RESULTANT WIND SPEED   3   RESULTANT WIND DIRECTION  NW (320)
  HIGHEST WIND SPEED    17   HIGHEST WIND DIRECTION    NW (310)
  HIGHEST GUST SPEED    29   HIGHEST GUST DIRECTION    NW (300)
  AVERAGE WIND SPEED     4.8


SKY COVER
  POSSIBLE SUNSHINE  MM
  AVERAGE SKY COVER 0.0


WEATHER CONDITIONS
 THE FOLLOWING WEATHER WAS RECORDED YESTERDAY.
  NO SIGNIFICANT WEATHER WAS OBSERVED.


RELATIVE HUMIDITY (PERCENT)
 HIGHEST    43           600 AM
 LOWEST      5           300 PM
 AVERAGE    24

..........................................................


THE PALM SPRINGS INTL AIRPORT CA CLIMATE NORMALS FOR TODAY
                         NORMAL    RECORD    YEAR
 MAXIMUM TEMPERATURE (F)   81        98      1971
                                             1969
                                             1968
 MINIMUM TEMPERATURE (F)   54        36      1944


SUNRISE AND SUNSET
MARCH 29 2015.........SUNRISE   638 AM PDT   SUNSET   704 PM PDT
MARCH 30 2015.........SUNRISE   636 AM PDT   SUNSET   705 PM PDT


-  INDICATES NEGATIVE NUMBERS.
R  INDICATES RECORD WAS SET OR TIED.
MM INDICATES DATA IS MISSING.
T  INDICATES TRACE AMOUNT.




$$
