000
CDUS46 KSGX 281133
CLIPSP


CLIMATE REPORT
NATIONAL WEATHER SERVICE SAN DIEGO, CA
433 AM PDT WED JUN 28 2017


...................................

...THE PALM SPRINGS INTL AIRPORT CA CLIMATE SUMMARY FOR JUNE 27 2017...

CLIMATE NORMAL PERIOD 1981 TO 2010
CLIMATE RECORD PERIOD 1893 TO 2017


WEATHER ITEM   OBSERVED TIME   RECORD YEAR NORMAL DEPARTURE LAST
                VALUE   (LST)  VALUE       VALUE  FROM      YEAR
                                                  NORMAL
..................................................................
TEMPERATURE (F)
 YESTERDAY
  MAXIMUM        115    234 PM 120    1979 105     10      109
  MINIMUM         78    328 AM  51    1941  74      4       84
  AVERAGE         97                        90      7       97

PRECIPITATION (IN)
  YESTERDAY        0.00          0.00 2016   0.00   0.00     0.00
                                      2015
                                      2014
  MONTH TO DATE    0.00                      0.05  -0.05     0.00
  SINCE OCT 1      6.97                      4.78   2.19     2.63
  SINCE JAN 1      5.18                      2.93   2.25     2.44

DEGREE DAYS
 HEATING
  YESTERDAY        0                         0      0        0
  MONTH TO DATE    0                         0      0        0
  SINCE JUN 1      0                         0      0        0
  SINCE JUL 1    684                       874   -190      738

 COOLING
  YESTERDAY       32                        25      7       32
  MONTH TO DATE  737                       572    165      703
  SINCE JUN 1    737                       572    165      703
  SINCE JAN 1   1860                      1331    529     1700
..................................................................


WIND (MPH)
  RESULTANT WIND SPEED   6   RESULTANT WIND DIRECTION  NW (310)
  HIGHEST WIND SPEED    28   HIGHEST WIND DIRECTION    NW (320)
  HIGHEST GUST SPEED    36   HIGHEST GUST DIRECTION    NW (320)
  AVERAGE WIND SPEED    10.0


SKY COVER
  POSSIBLE SUNSHINE  MM
  AVERAGE SKY COVER 0.0


WEATHER CONDITIONS
 THE FOLLOWING WEATHER WAS RECORDED YESTERDAY.
  NO SIGNIFICANT WEATHER WAS OBSERVED.


RELATIVE HUMIDITY (PERCENT)
 HIGHEST    19           600 AM
 LOWEST      3           100 PM
 AVERAGE    11

..........................................................


THE PALM SPRINGS INTL AIRPORT CA CLIMATE NORMALS FOR TODAY
                         NORMAL    RECORD    YEAR
 MAXIMUM TEMPERATURE (F)  105       118      2013
                                             1979
                                             1976
 MINIMUM TEMPERATURE (F)   74        58      1955
                                             1953
                                             1952


SUNRISE AND SUNSET
JUNE 28 2017..........SUNRISE   538 AM PDT   SUNSET   801 PM PDT
JUNE 29 2017..........SUNRISE   538 AM PDT   SUNSET   801 PM PDT


-  INDICATES NEGATIVE NUMBERS.
R  INDICATES RECORD WAS SET OR TIED.
MM INDICATES DATA IS MISSING.
T  INDICATES TRACE AMOUNT.




$$
