400
CDUS46 KSGX 221417
CLIPSP


CLIMATE REPORT
NATIONAL WEATHER SERVICE SAN DIEGO, CA
717 AM PDT FRI MAY 22 2015


...................................

...THE PALM SPRINGS INTL AIRPORT CA CLIMATE SUMMARY FOR MAY 21 2015...

CLIMATE NORMAL PERIOD 1981 TO 2010
CLIMATE RECORD PERIOD 1893 TO 2015


WEATHER ITEM   OBSERVED TIME   RECORD YEAR NORMAL DEPARTURE LAST
                VALUE   (LST)  VALUE       VALUE  FROM      YEAR
                                                  NORMAL
..................................................................
TEMPERATURE (F)
 YESTERDAY
  MAXIMUM         81    300 PM 111    1967  95    -14       86
  MINIMUM         64    532 AM  48    1975  66     -2       61
  AVERAGE         73                        80     -7       74

PRECIPITATION (IN)
  YESTERDAY        0.00          0.04 1933   0.00   0.00     0.00
  MONTH TO DATE    0.12                      0.11   0.01     0.00
  SINCE OCT 1      2.21                      4.71  -2.50     0.93
  SINCE JAN 1      1.34                      2.86  -1.52     0.75

SNOWFALL (IN)
  YESTERDAY        0.0
  MONTH TO DATE    0.0
  SINCE MAR 1      0.0
  SINCE JUL 1      0.0
  SNOW DEPTH       0

DEGREE DAYS
 HEATING
  YESTERDAY        0                         0      0        0
  MONTH TO DATE    6                         0      6        0
  SINCE MAR 1     36                        94    -58       20
  SINCE JUL 1    407                       872   -465      431

 COOLING
  YESTERDAY        8                        15     -7        9
  MONTH TO DATE  203                       271    -68      325
  SINCE MAR 1    794                       564    230      790
  SINCE JAN 1    914                       591    323      898
..................................................................


WIND (MPH)
  RESULTANT WIND SPEED  16   RESULTANT WIND DIRECTION  NW (320)
  HIGHEST WIND SPEED    31   HIGHEST WIND DIRECTION    NW (330)
  HIGHEST GUST SPEED    40   HIGHEST GUST DIRECTION    NW (320)
  AVERAGE WIND SPEED    16.4


SKY COVER
  POSSIBLE SUNSHINE  MM
  AVERAGE SKY COVER 0.1


WEATHER CONDITIONS
 THE FOLLOWING WEATHER WAS RECORDED YESTERDAY.
  NO SIGNIFICANT WEATHER WAS OBSERVED.


RELATIVE HUMIDITY (PERCENT)
 HIGHEST    44           400 AM
 LOWEST     23           200 PM
 AVERAGE    34

..........................................................


THE PALM SPRINGS INTL AIRPORT CA CLIMATE NORMALS FOR TODAY
                         NORMAL    RECORD    YEAR
 MAXIMUM TEMPERATURE (F)   95       112      2005
 MINIMUM TEMPERATURE (F)   66        44      1933


SUNRISE AND SUNSET
MAY 22 2015...........SUNRISE   541 AM PDT   SUNSET   745 PM PDT
MAY 23 2015...........SUNRISE   540 AM PDT   SUNSET   746 PM PDT


-  INDICATES NEGATIVE NUMBERS.
R  INDICATES RECORD WAS SET OR TIED.
MM INDICATES DATA IS MISSING.
T  INDICATES TRACE AMOUNT.




$$
