000
CDUS46 KSGX 061521
CLIPSP


CLIMATE REPORT
NATIONAL WEATHER SERVICE SAN DIEGO, CA
721 AM PST SAT FEB 6 2016


...................................

...THE PALM SPRINGS INTL AIRPORT CA CLIMATE SUMMARY FOR FEBRUARY 5 2016...

CLIMATE NORMAL PERIOD 1981 TO 2010
CLIMATE RECORD PERIOD 1893 TO 2016


WEATHER ITEM   OBSERVED TIME   RECORD YEAR NORMAL DEPARTURE LAST
                VALUE   (LST)  VALUE       VALUE  FROM      YEAR
                                                  NORMAL
..................................................................
TEMPERATURE (F)
 YESTERDAY
  MAXIMUM         75    333 PM  92    1963  71      4       83
  MINIMUM         53    646 AM  29    1989  47      6       52
  AVERAGE         64                        59      5       68

PRECIPITATION (IN)
  YESTERDAY        0.00          1.12 1948   0.02  -0.02     0.00
  MONTH TO DATE    0.00                      0.09  -0.09     0.00
  SINCE OCT 1      2.45                      2.94  -0.49     1.09
  SINCE JAN 1      2.26                      1.09   1.17     0.22

DEGREE DAYS
 HEATING
  YESTERDAY        1                         7     -6        0
  MONTH TO DATE   53                        35     18        0
  SINCE DEC 1    600                       566     34      329
  SINCE JUL 1    707                       662     45      362

 COOLING
  YESTERDAY        0                         1     -1        3
  MONTH TO DATE    0                         4     -4        8
  SINCE DEC 1      0                        16    -16       50
  SINCE JAN 1      0                        12    -12       26
..................................................................


WIND (MPH)
  RESULTANT WIND SPEED   3   RESULTANT WIND DIRECTION  NW (310)
  HIGHEST WIND SPEED    14   HIGHEST WIND DIRECTION     N (10)
  HIGHEST GUST SPEED    17   HIGHEST GUST DIRECTION     N (360)
  AVERAGE WIND SPEED     6.3


SKY COVER
  POSSIBLE SUNSHINE  MM
  AVERAGE SKY COVER 0.0


WEATHER CONDITIONS
 THE FOLLOWING WEATHER WAS RECORDED YESTERDAY.
  NO SIGNIFICANT WEATHER WAS OBSERVED.


RELATIVE HUMIDITY (PERCENT)
 HIGHEST    32           500 AM
 LOWEST     13           200 PM
 AVERAGE    23

..........................................................


THE PALM SPRINGS INTL AIRPORT CA CLIMATE NORMALS FOR TODAY
                         NORMAL    RECORD    YEAR
 MAXIMUM TEMPERATURE (F)   71        98      1963
 MINIMUM TEMPERATURE (F)   47        32      1985
                                             1939


SUNRISE AND SUNSET
FEBRUARY  6 2016......SUNRISE   639 AM PST   SUNSET   521 PM PST
FEBRUARY  7 2016......SUNRISE   638 AM PST   SUNSET   522 PM PST


-  INDICATES NEGATIVE NUMBERS.
R  INDICATES RECORD WAS SET OR TIED.
MM INDICATES DATA IS MISSING.
T  INDICATES TRACE AMOUNT.




$$
