000
CDUS46 KSGX 240017
CLIPSP


CLIMATE REPORT
NATIONAL WEATHER SERVICE SAN DIEGO, CA
517 PM PDT WED APR 23 2014


...................................

...THE PALM SPRINGS INTL AIRPORT CA CLIMATE SUMMARY FOR APRIL 23 2014...
VALID TODAY AS OF 0500 PM LOCAL TIME.

CLIMATE NORMAL PERIOD 1981 TO 2010
CLIMATE RECORD PERIOD 1893 TO 2014


WEATHER ITEM   OBSERVED TIME   RECORD YEAR NORMAL DEPARTURE LAST
                VALUE   (LST)  VALUE       VALUE  FROM      YEAR
                                                  NORMAL
..................................................................
TEMPERATURE (F)
 TODAY
  MAXIMUM         87    249 PM 105    1949  87      0       92
  MINIMUM         61    437 AM  41    1967  59      2       63
  AVERAGE         74                        73      1       78

PRECIPITATION (IN)
  TODAY            0.00          0.00 2011   0.00   0.00     0.00
                                      2001
                                      1999
  MONTH TO DATE    T                         0.09  -0.09     0.00
  SINCE JUL 1      1.96                      5.53  -3.57     2.19
  SINCE JAN 1      0.70                      2.73  -2.03     0.97

SNOWFALL (IN)
  TODAY            0.0
  MONTH TO DATE    0.0
  SINCE JAN 1      0.0
  SINCE JUL 1      0.0
  SNOW DEPTH       0

DEGREE DAYS
 HEATING
  TODAY            0                         0      0        0
  MONTH TO DATE    8                        17     -9        0
  SINCE MAR 1     20                        90    -70       22
  SINCE JUL 1    431                       868   -437      760

 COOLING
  TODAY            9                         8      1       13
  MONTH TO DATE  233                       137     96      191
  SINCE MAR 1    400                       230    170      411
  SINCE JAN 1    508                       257    251      423
..................................................................


WIND (MPH)
  RESULTANT WIND SPEED   7   RESULTANT WIND DIRECTION  NW (320)
  HIGHEST WIND SPEED    22   HIGHEST WIND DIRECTION    NW (310)
  HIGHEST GUST SPEED    33   HIGHEST GUST DIRECTION    NW (320)
  AVERAGE WIND SPEED     7.6


SKY COVER
  POSSIBLE SUNSHINE  MM
  AVERAGE SKY COVER 0.1


WEATHER CONDITIONS
 THE FOLLOWING WEATHER WAS RECORDED TODAY.
  HAZE


RELATIVE HUMIDITY (PERCENT)
 HIGHEST    52           500 AM
 LOWEST      6           200 PM
 AVERAGE    29

..........................................................


THE PALM SPRINGS INTL AIRPORT CA CLIMATE NORMALS FOR TOMORROW
                         NORMAL    RECORD    YEAR
 MAXIMUM TEMPERATURE (F)   87       102      1996
                                             1949
                                             1946
 MINIMUM TEMPERATURE (F)   59        43      1960


SUNRISE AND SUNSET
APRIL 23 2014.........SUNRISE   606 AM PDT   SUNSET   723 PM PDT
APRIL 24 2014.........SUNRISE   605 AM PDT   SUNSET   724 PM PDT


-  INDICATES NEGATIVE NUMBERS.
R  INDICATES RECORD WAS SET OR TIED.
MM INDICATES DATA IS MISSING.
T  INDICATES TRACE AMOUNT.




$$
