000
CDUS45 KPUB 020026
CLIPUB


CLIMATE REPORT
NATIONAL WEATHER SERVICE PUEBLO
526 PM MST SUN FEB 1 2015


...................................

...THE PUEBLO CO CLIMATE SUMMARY FOR FEBRUARY 1 2015...
VALID TODAY AS OF 0500 PM LOCAL TIME.

CLIMATE NORMAL PERIOD 1981 TO 2010
CLIMATE RECORD PERIOD 1888 TO 2015


WEATHER ITEM   OBSERVED TIME   RECORD YEAR NORMAL DEPARTURE LAST
                VALUE   (LST)  VALUE       VALUE  FROM      YEAR
                                                  NORMAL
..................................................................
TEMPERATURE (F)
 TODAY
  MAXIMUM         37    145 PM  76    1934  48    -11       28
  MINIMUM         24    751 AM -31    1951  15      9       15
  AVERAGE         31                        31      0       22

PRECIPITATION (IN)
  TODAY            0.00          0.13 1905   0.01  -0.01     0.11
  MONTH TO DATE    0.00                      0.01  -0.01     0.11
  SINCE DEC 1      0.49                      0.74  -0.25     0.59
  SINCE JAN 1      0.25                      0.36  -0.11     0.56

SNOWFALL (IN)
  TODAY            0.0           2.6  1959   0.2   -0.2      1.3
  MONTH TO DATE    0.0                       0.2   -0.2      1.3
  SINCE DEC 1      7.7                      12.2   -4.5     11.3
  SINCE JUL 1     17.6                      18.2   -0.6     15.0
  SNOW DEPTH       0

DEGREE DAYS
 HEATING
  TODAY           34                        34      0       43
  MONTH TO DATE   34                        34      0       43
  SINCE DEC 1   2070                      2185   -115     2145
  SINCE JUL 1   3232                      3466   -234     3328

 COOLING
  TODAY            0                         0      0        0
  MONTH TO DATE    0                         0      0        0
  SINCE DEC 1      0                         0      0        0
  SINCE JAN 1      0                         0      0        0
..................................................................


WIND (MPH)
  HIGHEST WIND SPEED    21   HIGHEST WIND DIRECTION    NE (30)
  HIGHEST GUST SPEED    25   HIGHEST GUST DIRECTION    NE (30)
  AVERAGE WIND SPEED     6.0


SKY COVER
  POSSIBLE SUNSHINE  MM
  AVERAGE SKY COVER 0.6


WEATHER CONDITIONS
 THE FOLLOWING WEATHER WAS RECORDED TODAY.
  FOG


RELATIVE HUMIDITY (PERCENT)
 HIGHEST   100          1200 AM
 LOWEST     56           200 PM
 AVERAGE    78

..........................................................


THE PUEBLO CO CLIMATE NORMALS FOR TOMORROW
                         NORMAL    RECORD    YEAR
 MAXIMUM TEMPERATURE (F)   48        75      1934
 MINIMUM TEMPERATURE (F)   15       -19      1996


SUNRISE AND SUNSET
FEBRUARY  1 2015......SUNRISE   703 AM MST   SUNSET   520 PM MST
FEBRUARY  2 2015......SUNRISE   702 AM MST   SUNSET   522 PM MST


-  INDICATES NEGATIVE NUMBERS.
R  INDICATES RECORD WAS SET OR TIED.
MM INDICATES DATA IS MISSING.
T  INDICATES TRACE AMOUNT.




$$
