000
CDUS45 KPUB 201047
CLIPUB


CLIMATE REPORT
NATIONAL WEATHER SERVICE PUEBLO
447 AM MDT WED AUG 20 2014


...................................

...THE PUEBLO CO CLIMATE SUMMARY FOR AUGUST 19 2014...

CLIMATE NORMAL PERIOD 1981 TO 2010
CLIMATE RECORD PERIOD 1888 TO 2014


WEATHER ITEM   OBSERVED TIME   RECORD YEAR NORMAL DEPARTURE LAST
                VALUE   (LST)  VALUE       VALUE  FROM      YEAR
                                                  NORMAL
..................................................................
TEMPERATURE (F)
 YESTERDAY
  MAXIMUM         94    139 PM 100    1973  89      5       93
  MINIMUM         64    529 AM  50    2001  57      7       61
                                      1960
  AVERAGE         79                        73      6       77

PRECIPITATION (IN)
  YESTERDAY        T             0.97 1995   0.08  -0.08     0.00
  MONTH TO DATE    1.24                      1.56  -0.32     3.26
  SINCE JUN 1      5.38                      4.98   0.40     5.21
  SINCE JAN 1      9.58                      9.47   0.11     7.14

SNOWFALL (IN)
  YESTERDAY        0.0           0.0  2002   0.0    0.0      0.0
  MONTH TO DATE    0.0                       0.0    0.0      0.0
  SINCE JUN 1      T                         0.0    0.0       T
  SINCE JUL 1      0.0                       0.0    0.0       T
  SNOW DEPTH       0

DEGREE DAYS
 HEATING
  YESTERDAY        0                         0      0        0
  MONTH TO DATE    0                         0      0        0
  SINCE JUN 1      4                        26    -22       17
  SINCE JUL 1      1                         1      0        0

 COOLING
  YESTERDAY       14                         8      6       12
  MONTH TO DATE  179                       178      1      167
  SINCE JUN 1    740                       689     51      833
  SINCE JAN 1    792                       723     69      906
..................................................................


WIND (MPH)
  HIGHEST WIND SPEED    29   HIGHEST WIND DIRECTION     S (200)
  HIGHEST GUST SPEED    37   HIGHEST GUST DIRECTION     S (200)
  AVERAGE WIND SPEED     8.0


SKY COVER
  POSSIBLE SUNSHINE  MM
  AVERAGE SKY COVER 0.0


WEATHER CONDITIONS
 THE FOLLOWING WEATHER WAS RECORDED YESTERDAY.
  LIGHT RAIN


RELATIVE HUMIDITY (PERCENT)
 HIGHEST    60           400 AM
 LOWEST     16           100 PM
 AVERAGE    38

..........................................................


THE PUEBLO CO CLIMATE NORMALS FOR TODAY
                         NORMAL    RECORD    YEAR
 MAXIMUM TEMPERATURE (F)   89       102      1987
 MINIMUM TEMPERATURE (F)   57        50      1979
                                             1897


SUNRISE AND SUNSET
AUGUST 20 2014........SUNRISE   617 AM MDT   SUNSET   745 PM MDT
AUGUST 21 2014........SUNRISE   618 AM MDT   SUNSET   744 PM MDT


-  INDICATES NEGATIVE NUMBERS.
R  INDICATES RECORD WAS SET OR TIED.
MM INDICATES DATA IS MISSING.
T  INDICATES TRACE AMOUNT.




$$
