000
CDUS45 KPUB 291046
CLIPUB


CLIMATE REPORT
NATIONAL WEATHER SERVICE PUEBLO
446 AM MDT FRI APR 29 2016


...................................

...THE PUEBLO CO CLIMATE SUMMARY FOR APRIL 28 2016...

CLIMATE NORMAL PERIOD 1981 TO 2010
CLIMATE RECORD PERIOD 1888 TO 2016


WEATHER ITEM   OBSERVED TIME   RECORD YEAR NORMAL DEPARTURE LAST
                VALUE   (LST)  VALUE       VALUE  FROM      YEAR
                                                  NORMAL
..................................................................
TEMPERATURE (F)
 YESTERDAY
  MAXIMUM         50    413 PM  88    1910  71    -21       61
  MINIMUM         39    657 AM  20    1932  38      1       37
  AVERAGE         45                        55    -10       49

PRECIPITATION (IN)
  YESTERDAY        0.17          1.00 1946   0.06   0.11     0.00
  MONTH TO DATE    1.88                      1.29   0.59     1.42
  SINCE MAR 1      2.46                      2.22   0.24     1.99
  SINCE JAN 1      3.32                      2.87   0.45     3.37

SNOWFALL (IN)
  YESTERDAY        0.0           0.6  1917   0.1   -0.1      0.0
  MONTH TO DATE    0.2                       3.6   -3.4       T
  SINCE MAR 1      4.1                       9.3   -5.2      1.7
  SINCE JUL 1     28.3                      31.1   -2.8     42.8
  SNOW DEPTH       0

DEGREE DAYS
 HEATING
  YESTERDAY       20                        11      9       16
  MONTH TO DATE  316                       416   -100      369
  SINCE MAR 1    914                      1118   -204      977
  SINCE JUL 1   4423                      5421   -998     4999

 COOLING
  YESTERDAY        0                         0      0        0
  MONTH TO DATE    0                         0      0        0
  SINCE MAR 1      0                         0      0        0
  SINCE JAN 1      0                         0      0        0
..................................................................


WIND (MPH)
  HIGHEST WIND SPEED    17   HIGHEST WIND DIRECTION     E (80)
  HIGHEST GUST SPEED    21   HIGHEST GUST DIRECTION     E (100)
  AVERAGE WIND SPEED     8.0


SKY COVER
  POSSIBLE SUNSHINE  MM
  AVERAGE SKY COVER 1.0


WEATHER CONDITIONS
 THE FOLLOWING WEATHER WAS RECORDED YESTERDAY.
  RAIN
  LIGHT RAIN
  FOG


RELATIVE HUMIDITY (PERCENT)
 HIGHEST    82           700 PM
 LOWEST     42          1200 AM
 AVERAGE    62

..........................................................


THE PUEBLO CO CLIMATE NORMALS FOR TODAY
                         NORMAL    RECORD    YEAR
 MAXIMUM TEMPERATURE (F)   72        89      1986
 MINIMUM TEMPERATURE (F)   38        22      1996


SUNRISE AND SUNSET
APRIL 29 2016.........SUNRISE   603 AM MDT   SUNSET   748 PM MDT
APRIL 30 2016.........SUNRISE   602 AM MDT   SUNSET   749 PM MDT


-  INDICATES NEGATIVE NUMBERS.
R  INDICATES RECORD WAS SET OR TIED.
MM INDICATES DATA IS MISSING.
T  INDICATES TRACE AMOUNT.




$$
