000
CDUS45 KPUB 291636 CCA
CLIPUB

CLIMATE REPORT...COR WEATHER CONDITIONS
NATIONAL WEATHER SERVICE PUEBLO
450 AM MDT FRI JUL 29 2016


...................................

...THE PUEBLO CO CLIMATE SUMMARY FOR JULY 28 2016...

CLIMATE NORMAL PERIOD 1981 TO 2010
CLIMATE RECORD PERIOD 1888 TO 2016


WEATHER ITEM   OBSERVED TIME   RECORD YEAR NORMAL DEPARTURE LAST
                VALUE   (LST)  VALUE       VALUE  FROM      YEAR
                                                  NORMAL
..................................................................
TEMPERATURE (F)
 YESTERDAY
  MAXIMUM        103R   330 PM 103    1978  92     11       93
  MINIMUM         65    529 AM  51    1913  59      6       64
  AVERAGE         84                        76      8       79

PRECIPITATION (IN)
  YESTERDAY        0.04          1.13 1984   0.08  -0.04     0.00
  MONTH TO DATE    1.05                      1.83  -0.78     0.64
  SINCE JUN 1      1.83                      3.19  -1.36     1.86
  SINCE JAN 1      9.00                      7.68   1.32    10.78

SNOWFALL (IN)
  YESTERDAY        0.0           0.0  2002   0.0    0.0      0.0
                                      2001
  MONTH TO DATE    T                         0.0    0.0      0.0
  SINCE JUN 1      T                         0.0    0.0      0.0
  SINCE JUL 1      T                         0.0    0.0      0.0
  SNOW DEPTH       0

DEGREE DAYS
 HEATING
  YESTERDAY        0                         0      0        0
  MONTH TO DATE    0                         0      0        0
  SINCE JUN 1      1                        25    -24        0
  SINCE JUL 1      0                         0      0        0

 COOLING
  YESTERDAY       19                        11      8       14
  MONTH TO DATE  442                       303    139      362
  SINCE JUN 1    781                       478    303      605
  SINCE JAN 1    811                       512    299      609
..................................................................


WIND (MPH)
  HIGHEST WIND SPEED    30   HIGHEST WIND DIRECTION     N (20)
  HIGHEST GUST SPEED    37   HIGHEST GUST DIRECTION     N (20)
  AVERAGE WIND SPEED    10.2


SKY COVER
  POSSIBLE SUNSHINE  MM
  AVERAGE SKY COVER 0.1


WEATHER CONDITIONS
 THE FOLLOWING WEATHER WAS RECORDED YESTERDAY.
  THUNDERSTORM
  RAIN
  LIGHT RAIN


RELATIVE HUMIDITY (PERCENT)
 HIGHEST    73           500 AM
 LOWEST     11           200 PM
 AVERAGE    42

..........................................................


THE PUEBLO CO CLIMATE NORMALS FOR TODAY
                         NORMAL    RECORD    YEAR
 MAXIMUM TEMPERATURE (F)   92       106      1980
 MINIMUM TEMPERATURE (F)   59        52      1990


SUNRISE AND SUNSET
JULY 29 2016..........SUNRISE   558 AM MDT   SUNSET   810 PM MDT
JULY 30 2016..........SUNRISE   559 AM MDT   SUNSET   809 PM MDT


-  INDICATES NEGATIVE NUMBERS.
R  INDICATES RECORD WAS SET OR TIED.
MM INDICATES DATA IS MISSING.
T  INDICATES TRACE AMOUNT.




$$
