967
CDUS46 KOTX 080824
CLIPUW


CLIMATE REPORT
NATIONAL WEATHER SERVICE SPOKANE, WA
1223 AM PST MON FEB 8 2016


...................................

...THE PULLMAN-MOSCOW  AIRPORT CLIMATE SUMMARY FOR FEBRUARY 7 2016...

CLIMATE NORMAL PERIOD 1981 TO 2010
CLIMATE RECORD PERIOD 9999 TO 9999


WEATHER ITEM   OBSERVED TIME   RECORD YEAR NORMAL DEPARTURE LAST
                VALUE   (LST)  VALUE       VALUE  FROM      YEAR
                                                  NORMAL
..................................................................
TEMPERATURE (F)
 YESTERDAY
  MAXIMUM         46    352 PM  58    2015  40      6       58
  MINIMUM         31    729 AM   1    1989  28      3       46
  AVERAGE         39                        34      5       52

PRECIPITATION (IN)
  YESTERDAY        0.00          0.69 1945   0.07  -0.07     0.36
  MONTH TO DATE    0.18                      0.47  -0.29     0.67
  SINCE OCT 1     10.79                      7.49   3.30     9.13
  SINCE JAN 1      2.80                      2.29   0.51     2.28

SNOWFALL (IN)
  YESTERDAY       MM

DEGREE DAYS
 HEATING
  YESTERDAY       26                        31     -5       13
  MONTH TO DATE  206                       222    -16      153
  SINCE DEC 1   2164                      2337   -173     1988
  SINCE JUL 1   3621                      4081   -460     3325

 COOLING
  YESTERDAY        0                         0      0        0
  MONTH TO DATE    0                         0      0        0
  SINCE DEC 1      0                         0      0        0
  SINCE JAN 1      0                         0      0        0
..................................................................


WIND (MPH)
  HIGHEST WIND SPEED    13   HIGHEST WIND DIRECTION     E (100)
  HIGHEST GUST SPEED    14   HIGHEST GUST DIRECTION     E (90)
  AVERAGE WIND SPEED     6.0


SKY COVER
  POSSIBLE SUNSHINE  MM
  AVERAGE SKY COVER 0.2


WEATHER CONDITIONS
 THE FOLLOWING WEATHER WAS RECORDED YESTERDAY.
  NO SIGNIFICANT WEATHER WAS OBSERVED.


RELATIVE HUMIDITY (PERCENT)
 HIGHEST    85           100 AM
 LOWEST     58           200 PM
 AVERAGE    72

..........................................................


THE PULLMAN-MOSCOW  AIRPORT CLIMATE NORMALS FOR TODAY
                         NORMAL    RECORD    YEAR
 MAXIMUM TEMPERATURE (F)   40        55      1963
 MINIMUM TEMPERATURE (F)   28         3      1989


SUNRISE AND SUNSET
FEBRUARY  8 2016......SUNRISE   704 AM PST   SUNSET   502 PM PST
FEBRUARY  9 2016......SUNRISE   702 AM PST   SUNSET   504 PM PST


-  INDICATES NEGATIVE NUMBERS.
R  INDICATES RECORD WAS SET OR TIED.
MM INDICATES DATA IS MISSING.
T  INDICATES TRACE AMOUNT.




$$
