000
CDUS46 KOTX 100835
CLIPUW


CLIMATE REPORT
NATIONAL WEATHER SERVICE SPOKANE, WA
1235 AM PST SUN DEC 10 2017


...................................

...THE PULLMAN-MOSCOW  AIRPORT CLIMATE SUMMARY FOR DECEMBER 9 2017...

CLIMATE NORMAL PERIOD 1981 TO 2010
CLIMATE RECORD PERIOD 9999 TO 9999


WEATHER ITEM   OBSERVED TIME   RECORD YEAR NORMAL DEPARTURE LAST
                VALUE   (LST)  VALUE       VALUE  FROM      YEAR
                                                  NORMAL
..................................................................
TEMPERATURE (F)
 YESTERDAY
  MAXIMUM         28    302 PM  56    1939  36     -8       29
  MINIMUM         22    641 PM -10    1972  25     -3       21
  AVERAGE         25                        30     -5       25

PRECIPITATION (IN)
  YESTERDAY        0.00                      0.05  -0.05     0.09
  MONTH TO DATE    0.05                      0.53  -0.48     0.45
  SINCE OCT 1      5.55                      4.16   1.39     7.31
  SINCE JAN 1     21.16                     15.85   5.31    19.63

SNOWFALL (IN)
  YESTERDAY       MM

DEGREE DAYS
 HEATING
  YESTERDAY       40                        35      5       40
  MONTH TO DATE  304                       304      0      333
  SINCE DEC 1    304                       304      0      333
  SINCE JUL 1   1787                      2048   -261     1681

 COOLING
  YESTERDAY        0                         0      0        0
  MONTH TO DATE    0                         0      0        0
  SINCE DEC 1      0                         0      0        0
  SINCE JAN 1    517                       213    304      203
..................................................................


WIND (MPH)
  HIGHEST WIND SPEED    10   HIGHEST WIND DIRECTION     S (170)
  HIGHEST GUST SPEED    13   HIGHEST GUST DIRECTION     S (170)
  AVERAGE WIND SPEED     4.5


SKY COVER
  POSSIBLE SUNSHINE  MM
  AVERAGE SKY COVER 0.8


WEATHER CONDITIONS
 THE FOLLOWING WEATHER WAS RECORDED YESTERDAY.
  FOG
  HAZE


RELATIVE HUMIDITY (PERCENT)
 HIGHEST    92          1200 PM
 LOWEST     84          1200 AM
 AVERAGE    88

..........................................................


THE PULLMAN-MOSCOW  AIRPORT CLIMATE NORMALS FOR TODAY
                         NORMAL    RECORD    YEAR
 MAXIMUM TEMPERATURE (F)   36        57      1939
 MINIMUM TEMPERATURE (F)   25        -9      1961


SUNRISE AND SUNSET
DECEMBER 10 2017......SUNRISE   722 AM PST   SUNSET   400 PM PST
DECEMBER 11 2017......SUNRISE   723 AM PST   SUNSET   400 PM PST


-  INDICATES NEGATIVE NUMBERS.
R  INDICATES RECORD WAS SET OR TIED.
MM INDICATES DATA IS MISSING.
T  INDICATES TRACE AMOUNT.




$$
