000
CDUS46 KOTX 060840
CLIPUW


CLIMATE REPORT
NATIONAL WEATHER SERVICE SPOKANE, WA
137 AM PDT MON JUL 6 2015


...................................

...THE PULLMAN-MOSCOW  AIRPORT CLIMATE SUMMARY FOR JULY 5 2015...

CLIMATE NORMAL PERIOD 1981 TO 2010
CLIMATE RECORD PERIOD 9999 TO 9999


WEATHER ITEM   OBSERVED TIME   RECORD YEAR NORMAL DEPARTURE LAST
                VALUE   (LST)  VALUE       VALUE  FROM      YEAR
                                                  NORMAL
..................................................................
TEMPERATURE (F)
 YESTERDAY
  MAXIMUM         91    303 PM 100    2007  79     12       84
  MINIMUM         55    255 AM  35    1977  48      7       50
  AVERAGE         73                        63     10       67

PRECIPITATION (IN)
  YESTERDAY        0.00          0.26 1987   0.03  -0.03     0.00
  MONTH TO DATE    0.00                      0.16  -0.16      T
  SINCE OCT 1     16.09                     14.95   1.14    13.95
  SINCE JAN 1      9.24                      9.75  -0.51    10.61

SNOWFALL (IN)
  YESTERDAY       MM

DEGREE DAYS
 HEATING
  YESTERDAY        0                         3     -3        0
  MONTH TO DATE    0                        19    -19        0
  SINCE JUN 1     79                       225   -146      204
  SINCE JUL 1      0                        19    -19        0

 COOLING
  YESTERDAY        8                         2      6        2
  MONTH TO DATE   45                         8     37       14
  SINCE JUN 1    138                        21    117       15
  SINCE JAN 1    150                        26    124       16
..................................................................


WIND (MPH)
  HIGHEST WIND SPEED    18   HIGHEST WIND DIRECTION     N (10)
  HIGHEST GUST SPEED    25   HIGHEST GUST DIRECTION     N (10)
  AVERAGE WIND SPEED     7.7


SKY COVER
  POSSIBLE SUNSHINE  MM
  AVERAGE SKY COVER 0.1


WEATHER CONDITIONS
 THE FOLLOWING WEATHER WAS RECORDED YESTERDAY.
  HAZE


RELATIVE HUMIDITY (PERCENT)
 HIGHEST    72           300 AM
 LOWEST     23           200 PM
 AVERAGE    48

..........................................................


THE PULLMAN-MOSCOW  AIRPORT CLIMATE NORMALS FOR TODAY
                         NORMAL    RECORD    YEAR
 MAXIMUM TEMPERATURE (F)   79        97      1968
 MINIMUM TEMPERATURE (F)   48        34      1952


SUNRISE AND SUNSET
JULY  6 2015..........SUNRISE   502 AM PDT   SUNSET   844 PM PDT
JULY  7 2015..........SUNRISE   502 AM PDT   SUNSET   844 PM PDT


-  INDICATES NEGATIVE NUMBERS.
R  INDICATES RECORD WAS SET OR TIED.
MM INDICATES DATA IS MISSING.
T  INDICATES TRACE AMOUNT.




$$
