000
CDUS46 KOTX 270831
CLIPUW


CLIMATE REPORT
NATIONAL WEATHER SERVICE SPOKANE, WA
131 AM PDT MON MAR 27 2017


...................................

...THE PULLMAN-MOSCOW  AIRPORT CLIMATE SUMMARY FOR MARCH 26 2017...

CLIMATE NORMAL PERIOD 1981 TO 2010
CLIMATE RECORD PERIOD 9999 TO 9999


WEATHER ITEM   OBSERVED TIME   RECORD YEAR NORMAL DEPARTURE LAST
                VALUE   (LST)  VALUE       VALUE  FROM      YEAR
                                                  NORMAL
..................................................................
TEMPERATURE (F)
 YESTERDAY
  MAXIMUM         50   1251 PM  65    1946  51     -1       50
  MINIMUM         36   1245 AM  18    1955  34      2       33
  AVERAGE         43                        42      1       42

PRECIPITATION (IN)
  YESTERDAY        0.08                      0.06   0.02     0.00
  MONTH TO DATE    4.59                      1.72   2.87     3.35
  SINCE OCT 1     17.68                     10.26   7.42    15.36
  SINCE JAN 1      9.27                      5.06   4.21     7.37

SNOWFALL (IN)
  YESTERDAY       MM

DEGREE DAYS
 HEATING
  YESTERDAY       22                        23     -1       23
  MONTH TO DATE  597                       646    -49      580
  SINCE MAR 1    597                       646    -49      580
  SINCE JUL 1   5374                      5349     25     4678

 COOLING
  YESTERDAY        0                         0      0        0
  MONTH TO DATE    0                         0      0        0
  SINCE MAR 1      0                         0      0        0
  SINCE JAN 1      0                         0      0        0
..................................................................


WIND (MPH)
  HIGHEST WIND SPEED    21   HIGHEST WIND DIRECTION     E (90)
  HIGHEST GUST SPEED    25   HIGHEST GUST DIRECTION     E (90)
  AVERAGE WIND SPEED     9.1


SKY COVER
  POSSIBLE SUNSHINE  MM
  AVERAGE SKY COVER 0.8


WEATHER CONDITIONS
 THE FOLLOWING WEATHER WAS RECORDED YESTERDAY.
  LIGHT RAIN
  FOG


RELATIVE HUMIDITY (PERCENT)
 HIGHEST    89           800 PM
 LOWEST     66          1100 AM
 AVERAGE    78

..........................................................


THE PULLMAN-MOSCOW  AIRPORT CLIMATE NORMALS FOR TODAY
                         NORMAL    RECORD    YEAR
 MAXIMUM TEMPERATURE (F)   52        72      2015
 MINIMUM TEMPERATURE (F)   34         9      1944


SUNRISE AND SUNSET
MARCH 27 2017.........SUNRISE   637 AM PDT   SUNSET   711 PM PDT
MARCH 28 2017.........SUNRISE   635 AM PDT   SUNSET   713 PM PDT


-  INDICATES NEGATIVE NUMBERS.
R  INDICATES RECORD WAS SET OR TIED.
MM INDICATES DATA IS MISSING.
T  INDICATES TRACE AMOUNT.




$$
