000
CDUS46 KOTX 260848
CLIPUW


CLIMATE REPORT
NATIONAL WEATHER SERVICE SPOKANE, WA
148 AM PDT WED APR 26 2017


...................................

...THE PULLMAN-MOSCOW  AIRPORT CLIMATE SUMMARY FOR APRIL 25 2017...

CLIMATE NORMAL PERIOD 1981 TO 2010
CLIMATE RECORD PERIOD 9999 TO 9999


WEATHER ITEM   OBSERVED TIME   RECORD YEAR NORMAL DEPARTURE LAST
                VALUE   (LST)  VALUE       VALUE  FROM      YEAR
                                                  NORMAL
..................................................................
TEMPERATURE (F)
 YESTERDAY
  MAXIMUM         54    231 PM  87    1977  59     -5       58
  MINIMUM         41    613 AM   0    2003  37      4       35
  AVERAGE         48                        48      0       47

PRECIPITATION (IN)
  YESTERDAY        0.17                      0.05   0.12     0.00
  MONTH TO DATE    1.48                      1.32   0.16     1.15
  SINCE OCT 1     19.82                     11.91   7.91    16.62
  SINCE JAN 1     11.41                      6.71   4.70     8.63

SNOWFALL (IN)
  YESTERDAY       MM

DEGREE DAYS
 HEATING
  YESTERDAY       17                        17      0       18
  MONTH TO DATE  464                       488    -24      298
  SINCE MAR 1   1169                      1244    -75      987
  SINCE JUL 1   5946                      5947     -1     5085

 COOLING
  YESTERDAY        0                         0      0        0
  MONTH TO DATE    0                         0      0        0
  SINCE MAR 1      0                         0      0        0
  SINCE JAN 1      0                         0      0        0
..................................................................


WIND (MPH)
  HIGHEST WIND SPEED    17   HIGHEST WIND DIRECTION     W (250)
  HIGHEST GUST SPEED    24   HIGHEST GUST DIRECTION     W (260)
  AVERAGE WIND SPEED     8.2


SKY COVER
  POSSIBLE SUNSHINE  MM
  AVERAGE SKY COVER 0.8


WEATHER CONDITIONS
 THE FOLLOWING WEATHER WAS RECORDED YESTERDAY.
  RAIN
  LIGHT RAIN
  FOG


RELATIVE HUMIDITY (PERCENT)
 HIGHEST    93           300 AM
 LOWEST     54           600 PM
 AVERAGE    74

..........................................................


THE PULLMAN-MOSCOW  AIRPORT CLIMATE NORMALS FOR TODAY
                         NORMAL    RECORD    YEAR
 MAXIMUM TEMPERATURE (F)   60        82      1977
 MINIMUM TEMPERATURE (F)   37        26      2015
                                             1970


SUNRISE AND SUNSET
APRIL 26 2017.........SUNRISE   541 AM PDT   SUNSET   752 PM PDT
APRIL 27 2017.........SUNRISE   539 AM PDT   SUNSET   753 PM PDT


-  INDICATES NEGATIVE NUMBERS.
R  INDICATES RECORD WAS SET OR TIED.
MM INDICATES DATA IS MISSING.
T  INDICATES TRACE AMOUNT.




$$
