473
CDUS46 KOTX 280825
CLIPUW


CLIMATE REPORT
NATIONAL WEATHER SERVICE SPOKANE, WA
125 AM PDT WED JUN 28 2017


...................................

...THE PULLMAN-MOSCOW  AIRPORT CLIMATE SUMMARY FOR JUNE 27 2017...

CLIMATE NORMAL PERIOD 1981 TO 2010
CLIMATE RECORD PERIOD 9999 TO 9999


WEATHER ITEM   OBSERVED TIME   RECORD YEAR NORMAL DEPARTURE LAST
                VALUE   (LST)  VALUE       VALUE  FROM      YEAR
                                                  NORMAL
..................................................................
TEMPERATURE (F)
 YESTERDAY
  MAXIMUM         77    324 PM  99    2015  75      2       89
  MINIMUM         55   1133 PM  34    1997  47      8       45
  AVERAGE         66                        61      5       67

PRECIPITATION (IN)
  YESTERDAY        T                         0.03  -0.03     0.00
  MONTH TO DATE    0.96                      0.98  -0.02     0.94
  SINCE OCT 1     23.21                     14.69   8.52    18.96
  SINCE JAN 1     14.80                      9.49   5.31    10.97

SNOWFALL (IN)
  YESTERDAY       MM

DEGREE DAYS
 HEATING
  YESTERDAY        0                         5     -5        0
  MONTH TO DATE  129                       192    -63      168
  SINCE JUN 1    129                       192    -63      168
  SINCE JUL 1   6496                      6592    -96     5612

 COOLING
  YESTERDAY        1                         1      0        2
  MONTH TO DATE   50                         6     44       30
  SINCE JUN 1     50                         6     44       30
  SINCE JAN 1     70                        11     59       31
..................................................................


WIND (MPH)
  HIGHEST WIND SPEED    20   HIGHEST WIND DIRECTION     W (250)
  HIGHEST GUST SPEED    24   HIGHEST GUST DIRECTION    SW (240)
  AVERAGE WIND SPEED     7.6


SKY COVER
  POSSIBLE SUNSHINE  MM
  AVERAGE SKY COVER 0.0


WEATHER CONDITIONS
 THE FOLLOWING WEATHER WAS RECORDED YESTERDAY.
  LIGHT RAIN


RELATIVE HUMIDITY (PERCENT)
 HIGHEST    72           400 AM
 LOWEST     29           500 PM
 AVERAGE    51

..........................................................


THE PULLMAN-MOSCOW  AIRPORT CLIMATE NORMALS FOR TODAY
                         NORMAL    RECORD    YEAR
 MAXIMUM TEMPERATURE (F)   76       105      2015
 MINIMUM TEMPERATURE (F)   47        34      1964


SUNRISE AND SUNSET
JUNE 28 2017..........SUNRISE   457 AM PDT   SUNSET   846 PM PDT
JUNE 29 2017..........SUNRISE   458 AM PDT   SUNSET   846 PM PDT


-  INDICATES NEGATIVE NUMBERS.
R  INDICATES RECORD WAS SET OR TIED.
MM INDICATES DATA IS MISSING.
T  INDICATES TRACE AMOUNT.




$$
