000
CDUS46 KOTX 281245
CLIPUW


CLIMATE REPORT
NATIONAL WEATHER SERVICE SPOKANE, WA
545 AM PDT SUN AUG 28 2016


...................................

...THE PULLMAN-MOSCOW  AIRPORT CLIMATE SUMMARY FOR AUGUST 27 2016...

CLIMATE NORMAL PERIOD 1981 TO 2010
CLIMATE RECORD PERIOD 9999 TO 9999


WEATHER ITEM   OBSERVED TIME   RECORD YEAR NORMAL DEPARTURE LAST
                VALUE   (LST)  VALUE       VALUE  FROM      YEAR
                                                  NORMAL
..................................................................
TEMPERATURE (F)
 YESTERDAY
  MAXIMUM         86    116 PM  99    1996  80      6       87
  MINIMUM         55   1230 AM  35    1942  48      7       51
  AVERAGE         71                        64      7       69

PRECIPITATION (IN)
  YESTERDAY        0.00                      0.02  -0.02     0.00
  MONTH TO DATE    0.24                      0.55  -0.31      T
  SINCE OCT 1     19.95                     16.03   3.92    16.63
  SINCE JAN 1     11.96                     10.83   1.13     9.78

SNOWFALL (IN)
  YESTERDAY       MM

DEGREE DAYS
 HEATING
  YESTERDAY        0                         3     -3        0
  MONTH TO DATE   34                        51    -17       26
  SINCE JUN 1    267                       321    -54      124
  SINCE JUL 1     99                       115    -16       45

 COOLING
  YESTERDAY        6                         2      4        4
  MONTH TO DATE   80                        83     -3      126
  SINCE JUN 1    181                       178      3      388
  SINCE JAN 1    182                       183     -1      400
..................................................................


WIND (MPH)
  HIGHEST WIND SPEED    29   HIGHEST WIND DIRECTION     W (250)
  HIGHEST GUST SPEED    38   HIGHEST GUST DIRECTION     W (250)
  AVERAGE WIND SPEED    12.7


SKY COVER
  POSSIBLE SUNSHINE  MM
  AVERAGE SKY COVER 0.0


WEATHER CONDITIONS
 THE FOLLOWING WEATHER WAS RECORDED YESTERDAY.
  HAZE


RELATIVE HUMIDITY (PERCENT)
 HIGHEST    52          1100 PM
 LOWEST     20           100 PM
 AVERAGE    36

..........................................................


THE PULLMAN-MOSCOW  AIRPORT CLIMATE NORMALS FOR TODAY
                         NORMAL    RECORD    YEAR
 MAXIMUM TEMPERATURE (F)   80       100      2009
 MINIMUM TEMPERATURE (F)   47        36      2007


SUNRISE AND SUNSET
AUGUST 28 2016........SUNRISE   604 AM PDT   SUNSET   734 PM PDT
AUGUST 29 2016........SUNRISE   605 AM PDT   SUNSET   732 PM PDT


-  INDICATES NEGATIVE NUMBERS.
R  INDICATES RECORD WAS SET OR TIED.
MM INDICATES DATA IS MISSING.
T  INDICATES TRACE AMOUNT.




$$
