000
CDUS46 KOTX 180829
CLIPUW


CLIMATE REPORT
NATIONAL WEATHER SERVICE SPOKANE, WA
1228 AM PST THU DEC 18 2014


...................................

...THE PULLMAN-MOSCOW  AIRPORT CLIMATE SUMMARY FOR DECEMBER 17 2014...

CLIMATE NORMAL PERIOD 1981 TO 2010
CLIMATE RECORD PERIOD 9999 TO 9999


WEATHER ITEM   OBSERVED TIME   RECORD YEAR NORMAL DEPARTURE LAST
                VALUE   (LST)  VALUE       VALUE  FROM      YEAR
                                                  NORMAL
..................................................................
TEMPERATURE (F)
 YESTERDAY
  MAXIMUM         42    213 PM  51    1976  35      7       44
  MINIMUM         33    806 AM -15    1964  24      9       33
  AVERAGE         38                        30      8       39

PRECIPITATION (IN)
  YESTERDAY        T             0.68 1973   0.05  -0.05     0.00
  MONTH TO DATE    1.25                      0.93   0.32     0.80
  SINCE OCT 1      5.05                      4.56   0.49     2.73
  SINCE JAN 1     16.93                     16.25   0.68    14.27

SNOWFALL (IN)
  YESTERDAY       MM

DEGREE DAYS
 HEATING
  YESTERDAY       27                        35     -8       26
  MONTH TO DATE  464                       584   -120      706
  SINCE DEC 1    464                       584   -120      706
  SINCE JUL 1   1801                      2328   -527     2395

 COOLING
  YESTERDAY        0                         0      0        0
  MONTH TO DATE    0                         0      0        0
  SINCE DEC 1      0                         0      0        0
  SINCE JAN 1    346                       213    133      334
..................................................................


WIND (MPH)
  HIGHEST WIND SPEED    17   HIGHEST WIND DIRECTION     E (90)
  HIGHEST GUST SPEED    21   HIGHEST GUST DIRECTION     E (90)
  AVERAGE WIND SPEED     9.3


SKY COVER
  POSSIBLE SUNSHINE  MM
  AVERAGE SKY COVER 0.7


WEATHER CONDITIONS
 THE FOLLOWING WEATHER WAS RECORDED YESTERDAY.
  LIGHT RAIN


RELATIVE HUMIDITY (PERCENT)
 HIGHEST    89           300 AM
 LOWEST     73          1200 PM
 AVERAGE    81

..........................................................


THE PULLMAN-MOSCOW  AIRPORT CLIMATE NORMALS FOR TODAY
                         NORMAL    RECORD    YEAR
 MAXIMUM TEMPERATURE (F)   35        48      1980
 MINIMUM TEMPERATURE (F)   24        -5      1964


SUNRISE AND SUNSET
DECEMBER 18 2014......SUNRISE   729 AM PST   SUNSET   402 PM PST
DECEMBER 19 2014......SUNRISE   729 AM PST   SUNSET   402 PM PST


-  INDICATES NEGATIVE NUMBERS.
R  INDICATES RECORD WAS SET OR TIED.
MM INDICATES DATA IS MISSING.
T  INDICATES TRACE AMOUNT.




$$
