000
CDUS46 KOTX 220821
CLIPUW


CLIMATE REPORT
NATIONAL WEATHER SERVICE SPOKANE, WA
121 AM PDT MON SEP 22 2014


...................................

...THE PULLMAN-MOSCOW  AIRPORT CLIMATE SUMMARY FOR SEPTEMBER 21 2014...

CLIMATE NORMAL PERIOD 1981 TO 2010
CLIMATE RECORD PERIOD 9999 TO 9999


WEATHER ITEM   OBSERVED TIME   RECORD YEAR NORMAL DEPARTURE LAST
                VALUE   (LST)  VALUE       VALUE  FROM      YEAR
                                                  NORMAL
..................................................................
TEMPERATURE (F)
 YESTERDAY
  MAXIMUM         88    334 PM  93    1967  71     17       66
  MINIMUM         50   1222 AM  27    2002  42      8       43
                                      1960
  AVERAGE         69                        56     13       55

PRECIPITATION (IN)
  YESTERDAY        0.00          0.53 1968   0.03  -0.03      T
  MONTH TO DATE    0.03                      0.51  -0.48     0.79
  SINCE OCT 1     14.81                     16.62  -1.81    17.21
  SINCE JAN 1     11.47                     11.42   0.05     9.67

SNOWFALL (IN)
  YESTERDAY       MM            MM      MM  MM     MM       MM
  MONTH TO DATE   MM                        MM     MM       MM
  SINCE SEP 1     MM                        MM     MM       MM
  SINCE JUL 1     MM                        MM     MM       MM
  SNOW DEPTH      MM

DEGREE DAYS
 HEATING
  YESTERDAY        0                         9     -9       10
  MONTH TO DATE   83                       132    -49       53
  SINCE SEP 1     83                       132    -49       53
  SINCE JUL 1    108                       265   -157       93

 COOLING
  YESTERDAY        4                         0      4        0
  MONTH TO DATE   13                        21     -8       72
  SINCE SEP 1     13                        21     -8       72
  SINCE JAN 1    340                       211    129      334
..................................................................


WIND (MPH)
  HIGHEST WIND SPEED    14   HIGHEST WIND DIRECTION     E (100)
  HIGHEST GUST SPEED    16   HIGHEST GUST DIRECTION     E (90)
  AVERAGE WIND SPEED     3.2


SKY COVER
  POSSIBLE SUNSHINE  MM
  AVERAGE SKY COVER 0.0


WEATHER CONDITIONS
 THE FOLLOWING WEATHER WAS RECORDED YESTERDAY.
  HAZE


RELATIVE HUMIDITY (PERCENT)
 HIGHEST    50          1200 AM
 LOWEST     17           200 PM
 AVERAGE    34

..........................................................


THE PULLMAN-MOSCOW  AIRPORT CLIMATE NORMALS FOR TODAY
                         NORMAL    RECORD    YEAR
 MAXIMUM TEMPERATURE (F)   71        94      1966
 MINIMUM TEMPERATURE (F)   41        27      1993


SUNRISE AND SUNSET
SEPTEMBER 22 2014.....SUNRISE   635 AM PDT   SUNSET   646 PM PDT
SEPTEMBER 23 2014.....SUNRISE   637 AM PDT   SUNSET   644 PM PDT


-  INDICATES NEGATIVE NUMBERS.
R  INDICATES RECORD WAS SET OR TIED.
MM INDICATES DATA IS MISSING.
T  INDICATES TRACE AMOUNT.




$$
