000
CDUS41 KBOX 262140
CLIPVD


CLIMATE REPORT
NATIONAL WEATHER SERVICE TAUNTON MA
540 PM EDT FRI AUG 26 2016


...................................

...THE PROVIDENCE RI CLIMATE SUMMARY FOR AUGUST 26 2016...
VALID TODAY AS OF 0500 PM LOCAL TIME.

CLIMATE NORMAL PERIOD 1981 TO 2010
CLIMATE RECORD PERIOD 1904 TO 2016


WEATHER ITEM   OBSERVED TIME   RECORD YEAR NORMAL DEPARTURE LAST
                VALUE   (LST)  VALUE       VALUE  FROM      YEAR
                                                  NORMAL
..................................................................
TEMPERATURE (F)
 TODAY
  MAXIMUM         93    247 PM 100    1948  80     13       84
  MINIMUM         74    544 AM  41    1981  62     12       67
  AVERAGE         84                        71     13       76

PRECIPITATION (IN)
  TODAY            0.00          2.80 1924   0.11  -0.11     0.00
  MONTH TO DATE    2.71                      3.06  -0.35     2.78
  SINCE JUN 1      7.71                      9.99  -2.28    10.47
  SINCE JAN 1     25.83                     30.06  -4.23    27.42

SNOWFALL (IN)
  TODAY            0.0           0.0  2002   0.0    0.0      0.0
                                      2001
                                      2000
  MONTH TO DATE    0.0                       0.0    0.0      0.0
  SINCE JUN 1      0.0                       0.0    0.0      0.0
  SINCE JUL 1      0.0                       0.0    0.0      0.0
  SNOW DEPTH       0

DEGREE DAYS
 HEATING
  TODAY            0                         0      0        0
  MONTH TO DATE    0                         0      0        0
  SINCE JUN 1     12                        46    -34       72
  SINCE JUL 1      0                         3     -3        0

 COOLING
  TODAY           19                         6     13       11
  MONTH TO DATE  295                       203     92      270
  SINCE JUN 1    778                       601    177      692
  SINCE JAN 1    829                       627    202      756
..................................................................


WIND (MPH)
  HIGHEST WIND SPEED    17   HIGHEST WIND DIRECTION     N (340)
  HIGHEST GUST SPEED    22   HIGHEST GUST DIRECTION     N (350)
  AVERAGE WIND SPEED     8.6


SKY COVER
  POSSIBLE SUNSHINE  MM
  AVERAGE SKY COVER 0.8


WEATHER CONDITIONS
 THE FOLLOWING WEATHER WAS RECORDED TODAY.
  NO SIGNIFICANT WEATHER WAS OBSERVED.


RELATIVE HUMIDITY (PERCENT)
 HIGHEST    87           300 AM
 LOWEST     49           300 PM
 AVERAGE    68

..........................................................


THE PROVIDENCE RI CLIMATE NORMALS FOR TOMORROW
                         NORMAL    RECORD    YEAR
 MAXIMUM TEMPERATURE (F)   80        98      1948
 MINIMUM TEMPERATURE (F)   62        49      1954
                                             1921


SUNRISE AND SUNSET
AUGUST 26 2016........SUNRISE   606 AM EDT   SUNSET   728 PM EDT
AUGUST 27 2016........SUNRISE   607 AM EDT   SUNSET   726 PM EDT


-  INDICATES NEGATIVE NUMBERS.
R  INDICATES RECORD WAS SET OR TIED.
MM INDICATES DATA IS MISSING.
T  INDICATES TRACE AMOUNT.




$$
