000
CDUS41 KBOX 280600
CLIPVD


CLIMATE REPORT
NATIONAL WEATHER SERVICE TAUNTON MA
157 AM EDT SAT MAR 28 2015


...................................

...THE PROVIDENCE RI CLIMATE SUMMARY FOR MARCH 27 2015...

CLIMATE NORMAL PERIOD 1981 TO 2010
CLIMATE RECORD PERIOD 1904 TO 2015


WEATHER ITEM   OBSERVED TIME   RECORD YEAR NORMAL DEPARTURE LAST
                VALUE   (LST)  VALUE       VALUE  FROM      YEAR
                                                  NORMAL
..................................................................
TEMPERATURE (F)
 YESTERDAY
  MAXIMUM         45    113 AM  81    1998  51     -6       46
  MINIMUM         38   1014 PM  16    1975  33      5       20
  AVERAGE         42                        42      0       33

PRECIPITATION (IN)
  YESTERDAY        0.18          1.25 1978   0.18   0.00     0.00
  MONTH TO DATE    4.11                      4.33  -0.22     1.33
  SINCE MAR 1      4.11                      4.33  -0.22     1.33
  SINCE JAN 1     10.46                     11.48  -1.02     9.73

SNOWFALL (IN)
  YESTERDAY        0.0           3.3  1959   0.2   -0.2      0.0
  MONTH TO DATE   15.2                       5.2   10.0      1.2
  SINCE MAR 1     15.2                       5.2   10.0      1.2
  SINCE JUL 1     75.1                      32.9   42.2     43.3
  SNOW DEPTH       0

DEGREE DAYS
 HEATING
  YESTERDAY       23                        23      0       32
  MONTH TO DATE  880                       722    158      864
  SINCE MAR 1    880                       722    158      864
  SINCE JUL 1   5242                      4784    458     5136

 COOLING
  YESTERDAY        0                         0      0        0
  MONTH TO DATE    0                         0      0        0
  SINCE MAR 1      0                         0      0        0
  SINCE JAN 1      0                         0      0        0
..................................................................


WIND (MPH)
  RESULTANT WIND SPEED   6   RESULTANT WIND DIRECTION   N (360)
  HIGHEST WIND SPEED    14   HIGHEST WIND DIRECTION     N (360)
  HIGHEST GUST SPEED    17   HIGHEST GUST DIRECTION     N (10)
  AVERAGE WIND SPEED     6.6


SKY COVER
  POSSIBLE SUNSHINE  MM
  AVERAGE SKY COVER 0.9


WEATHER CONDITIONS
 THE FOLLOWING WEATHER WAS RECORDED YESTERDAY.
  LIGHT RAIN
  FOG


RELATIVE HUMIDITY (PERCENT)
 HIGHEST    96           400 AM
 LOWEST     76           500 PM
 AVERAGE    86

..........................................................


THE PROVIDENCE RI CLIMATE NORMALS FOR TODAY
                         NORMAL    RECORD    YEAR
 MAXIMUM TEMPERATURE (F)   52        83      1998
 MINIMUM TEMPERATURE (F)   34         9      1923


SUNRISE AND SUNSET
MARCH 28 2015.........SUNRISE   636 AM EDT   SUNSET   706 PM EDT
MARCH 29 2015.........SUNRISE   634 AM EDT   SUNSET   708 PM EDT


-  INDICATES NEGATIVE NUMBERS.
R  INDICATES RECORD WAS SET OR TIED.
MM INDICATES DATA IS MISSING.
T  INDICATES TRACE AMOUNT.




$$
