000
CDUS41 KBOX 300550
CLIPVD


CLIMATE REPORT
NATIONAL WEATHER SERVICE TAUNTON MA
138 AM EDT SAT JUL 30 2016


...................................

...THE PROVIDENCE RI CLIMATE SUMMARY FOR JULY 29 2016...

CLIMATE NORMAL PERIOD 1981 TO 2010
CLIMATE RECORD PERIOD 1904 TO 2016


WEATHER ITEM   OBSERVED TIME   RECORD YEAR NORMAL DEPARTURE LAST
                VALUE   (LST)  VALUE       VALUE  FROM      YEAR
                                                  NORMAL
..................................................................
TEMPERATURE (F)
 YESTERDAY
  MAXIMUM         84    406 PM  95    2002  83      1       93
                                      1949
  MINIMUM         71   1133 PM  53    1916  65      6       69
  AVERAGE         78                        74      4       81

PRECIPITATION (IN)
  YESTERDAY        0.17          1.47 1980   0.12   0.05     0.00
  MONTH TO DATE    3.95                      3.04   0.91     2.26
  SINCE JUN 1      5.00                      6.68  -1.68     7.61
  SINCE JAN 1     23.12                     26.75  -3.63    24.56

SNOWFALL (IN)
  YESTERDAY        0.0           0.0  2002   0.0    0.0      0.0
                                      2001
                                      2000
  MONTH TO DATE    0.0                       0.0    0.0      0.0
  SINCE JUN 1      0.0                       0.0    0.0      0.0
  SINCE JUL 1      0.0                       0.0    0.0      0.0
  SNOW DEPTH       0

DEGREE DAYS
 HEATING
  YESTERDAY        0                         0      0        0
  MONTH TO DATE    0                         0      0        0
  SINCE JUN 1     12                        43    -31       72
  SINCE JUL 1      0                         0      0        0

 COOLING
  YESTERDAY       13                         9      4       16
  MONTH TO DATE  324                       249     75      275
  SINCE JUN 1    459                       381     78      393
  SINCE JAN 1    510                       407    103      457
..................................................................


WIND (MPH)
  RESULTANT WIND SPEED   4   RESULTANT WIND DIRECTION  NE (30)
  HIGHEST WIND SPEED    14   HIGHEST WIND DIRECTION     E (90)
  HIGHEST GUST SPEED    20   HIGHEST GUST DIRECTION    NE (40)
  AVERAGE WIND SPEED     6.5


SKY COVER
  POSSIBLE SUNSHINE  MM
  AVERAGE SKY COVER 0.7


WEATHER CONDITIONS
 THE FOLLOWING WEATHER WAS RECORDED YESTERDAY.
  LIGHT RAIN
  FOG
  HAZE


RELATIVE HUMIDITY (PERCENT)
 HIGHEST    94          1200 AM
 LOWEST     55           400 PM
 AVERAGE    75

..........................................................


THE PROVIDENCE RI CLIMATE NORMALS FOR TODAY
                         NORMAL    RECORD    YEAR
 MAXIMUM TEMPERATURE (F)   83        97      1949
                                             1933
                                             1917
 MINIMUM TEMPERATURE (F)   65        53      1968


SUNRISE AND SUNSET
JULY 30 2016..........SUNRISE   538 AM EDT   SUNSET   805 PM EDT
JULY 31 2016..........SUNRISE   539 AM EDT   SUNSET   804 PM EDT


-  INDICATES NEGATIVE NUMBERS.
R  INDICATES RECORD WAS SET OR TIED.
MM INDICATES DATA IS MISSING.
T  INDICATES TRACE AMOUNT.




$$
