000
CDUS41 KBOX 210553
CLIPVD


CLIMATE REPORT
NATIONAL WEATHER SERVICE TAUNTON MA
1252 AM EST WED FEB 21 2018


...................................

...THE PROVIDENCE RI CLIMATE SUMMARY FOR FEBRUARY 20 2018...

CLIMATE NORMAL PERIOD 1981 TO 2010
CLIMATE RECORD PERIOD 1904 TO 2018


WEATHER ITEM   OBSERVED TIME   RECORD YEAR NORMAL DEPARTURE LAST
                VALUE   (LST)  VALUE       VALUE  FROM      YEAR
                                                  NORMAL
..................................................................
TEMPERATURE (F)
 YESTERDAY
  MAXIMUM         66    302 PM  69    1930  41     25       48
  MINIMUM         48    842 PM  -1    1950  24     24       32
  AVERAGE         57                        33     24       40

PRECIPITATION (IN)
  YESTERDAY        T             2.39 1924   0.11  -0.11     0.00
  MONTH TO DATE    4.17                      2.26   1.91     2.07
  SINCE DEC 1     13.23                     10.34   2.89    10.17
  SINCE JAN 1     10.66                      6.12   4.54     7.03

SNOWFALL (IN)
  YESTERDAY        0.0          13.7  1921   0.4   -0.4      0.0
  MONTH TO DATE    5.7                       6.3   -0.6     16.8
  SINCE DEC 1     33.9                      24.0    9.9     38.2
  SINCE JUL 1     33.9                      25.5    8.4     38.2
  SNOW DEPTH       0

DEGREE DAYS
 HEATING
  YESTERDAY        8                        32    -24       25
  MONTH TO DATE  560                       675   -115      659
  SINCE DEC 1   2705                      2737    -32     2516
  SINCE JUL 1   3519                      3812   -293     3403

 COOLING
  YESTERDAY        0                         0      0        0
  MONTH TO DATE    0                         0      0        0
  SINCE DEC 1      0                         0      0        0
  SINCE JAN 1      0                         0      0        0
..................................................................


WIND (MPH)
  RESULTANT WIND SPEED  11   RESULTANT WIND DIRECTION  SW (230)
  HIGHEST WIND SPEED    20   HIGHEST WIND DIRECTION    SW (240)
  HIGHEST GUST SPEED    28   HIGHEST GUST DIRECTION     W (260)
  AVERAGE WIND SPEED    11.7


SKY COVER
  POSSIBLE SUNSHINE  MM
  AVERAGE SKY COVER 0.7


WEATHER CONDITIONS
 THE FOLLOWING WEATHER WAS RECORDED YESTERDAY.
  LIGHT RAIN
  FOG


RELATIVE HUMIDITY (PERCENT)
 HIGHEST   100           300 AM
 LOWEST     67           300 PM
 AVERAGE    84

..........................................................


THE PROVIDENCE RI CLIMATE NORMALS FOR TODAY
                         NORMAL    RECORD    YEAR
 MAXIMUM TEMPERATURE (F)   42        63      1930
 MINIMUM TEMPERATURE (F)   25        -5      2015


SUNRISE AND SUNSET
FEBRUARY 21 2018......SUNRISE   633 AM EST   SUNSET   526 PM EST
FEBRUARY 22 2018......SUNRISE   631 AM EST   SUNSET   528 PM EST


-  INDICATES NEGATIVE NUMBERS.
R  INDICATES RECORD WAS SET OR TIED.
MM INDICATES DATA IS MISSING.
T  INDICATES TRACE AMOUNT.




$$
