000
CDUS41 KBOX 200539
CLIPVD


CLIMATE REPORT
NATIONAL WEATHER SERVICE TAUNTON MA
136 AM EDT WED SEP 20 2017


...................................

...THE PROVIDENCE RI CLIMATE SUMMARY FOR SEPTEMBER 19 2017...

CLIMATE NORMAL PERIOD 1981 TO 2010
CLIMATE RECORD PERIOD 1904 TO 2017


WEATHER ITEM   OBSERVED TIME   RECORD YEAR NORMAL DEPARTURE LAST
                VALUE   (LST)  VALUE       VALUE  FROM      YEAR
                                                  NORMAL
..................................................................
TEMPERATURE (F)
 YESTERDAY
  MAXIMUM         69    250 PM  92    1906  73     -4       74
  MINIMUM         65    728 AM  37    1956  54     11       68
  AVERAGE         67                        64      3       71

PRECIPITATION (IN)
  YESTERDAY        0.07          2.86 1972   0.14  -0.07     0.83
  MONTH TO DATE    1.74                      2.44  -0.70     1.58
  SINCE SEP 1      1.74                      2.44  -0.70     1.58
  SINCE JAN 1     35.94                     33.04   2.90    27.41

SNOWFALL (IN)
  YESTERDAY        0.0           0.0  2002   0.0    0.0      0.0
                                      2001
                                      2000
  MONTH TO DATE    0.0                       0.0    0.0      0.0
  SINCE SEP 1      0.0                       0.0    0.0      0.0
  SINCE JUL 1      0.0                       0.0    0.0      0.0
  SNOW DEPTH       0

DEGREE DAYS
 HEATING
  YESTERDAY        0                         3     -3        0
  MONTH TO DATE   15                        33    -18        6
  SINCE SEP 1     15                        33    -18        6
  SINCE JUL 1     23                        42    -19        6

 COOLING
  YESTERDAY        2                         2      0        6
  MONTH TO DATE   76                        66     10      123
  SINCE SEP 1     76                        66     10      123
  SINCE JAN 1    780                       722     58     1006
..................................................................


WIND (MPH)
  RESULTANT WIND SPEED  14   RESULTANT WIND DIRECTION  NE (30)
  HIGHEST WIND SPEED    25   HIGHEST WIND DIRECTION     N (20)
  HIGHEST GUST SPEED    32   HIGHEST GUST DIRECTION     N (20)
  AVERAGE WIND SPEED    15.6


SKY COVER
  POSSIBLE SUNSHINE  MM
  AVERAGE SKY COVER 1.0


WEATHER CONDITIONS
 THE FOLLOWING WEATHER WAS RECORDED YESTERDAY.
  LIGHT RAIN
  FOG


RELATIVE HUMIDITY (PERCENT)
 HIGHEST   100           100 AM
 LOWEST     87           300 PM
 AVERAGE    94

..........................................................


THE PROVIDENCE RI CLIMATE NORMALS FOR TODAY
                         NORMAL    RECORD    YEAR
 MAXIMUM TEMPERATURE (F)   73        93      1983
 MINIMUM TEMPERATURE (F)   54        38      1979


SUNRISE AND SUNSET
SEPTEMBER 20 2017.....SUNRISE   631 AM EDT   SUNSET   646 PM EDT
SEPTEMBER 21 2017.....SUNRISE   632 AM EDT   SUNSET   644 PM EDT


-  INDICATES NEGATIVE NUMBERS.
R  INDICATES RECORD WAS SET OR TIED.
MM INDICATES DATA IS MISSING.
T  INDICATES TRACE AMOUNT.




$$
