000
CDUS43 KLOT 240639
CLIPWK


CLIMATE REPORT
NATIONAL WEATHER SERVICE CHICAGO IL
136 AM CDT SAT JUN 24 2017


...................................

...THE CHICAGO EXECUTIVE CLIMATE SUMMARY FOR JUNE 23 2017...

CLIMATE NORMAL PERIOD 1981 TO 2010
CLIMATE RECORD PERIOD 1996 TO 2017


WEATHER ITEM   OBSERVED TIME   RECORD YEAR NORMAL DEPARTURE LAST
                VALUE   (LST)  VALUE       VALUE  FROM      YEAR
                                                  NORMAL
..................................................................
TEMPERATURE (F)
 YESTERDAY
  MAXIMUM         81    507 PM  95    2005  81      0       75
                                      2002
  MINIMUM         65   1159 PM  51    2001  60      5       MM
  AVERAGE         73                        71      2       MM

PRECIPITATION (IN)
  YESTERDAY        1.06R         0.21 2010   0.11   0.95     0.00
  MONTH TO DATE    3.68                      3.12   0.56     4.18
  SINCE JUN 1      3.68                      3.12   0.56     4.18
  SINCE JAN 1     20.26                     14.61   5.65    16.54

DEGREE DAYS
 HEATING
  YESTERDAY        0                         1     -1       MM
  MONTH TO DATE    8                        50    -42       16
  SINCE JUN 1      8                        50    -42       16
  SINCE JUL 1   5523                      6408   -885     5564

 COOLING
  YESTERDAY        8                         6      2       MM
  MONTH TO DATE  164                       104     60      139
  SINCE JUN 1    164                       104     60      139
  SINCE JAN 1    188                       146     42      208
..................................................................


WIND (MPH)
  RESULTANT WIND SPEED   8   RESULTANT WIND DIRECTION  NW (300)
  HIGHEST WIND SPEED    25   HIGHEST WIND DIRECTION     N (350)
  HIGHEST GUST SPEED    33   HIGHEST GUST DIRECTION     N (350)
  AVERAGE WIND SPEED     9.9



WEATHER CONDITIONS
 THE FOLLOWING WEATHER WAS RECORDED YESTERDAY.
  THUNDERSTORM
  HEAVY RAIN
  RAIN
  LIGHT RAIN
  FOG


..........................................................


THE CHICAGO EXECUTIVE CLIMATE NORMALS FOR TODAY
                         NORMAL    RECORD    YEAR
 MAXIMUM TEMPERATURE (F)   82        98      2005
 MINIMUM TEMPERATURE (F)   61        52      2006
                                             2001


SUNRISE AND SUNSET
JUNE 24 2017..........SUNRISE   517 AM CDT   SUNSET   832 PM CDT
JUNE 25 2017..........SUNRISE   517 AM CDT   SUNSET   832 PM CDT


-  INDICATES NEGATIVE NUMBERS.
R  INDICATES RECORD WAS SET OR TIED.
MM INDICATES DATA IS MISSING.
T  INDICATES TRACE AMOUNT.




$$
