000
CDUS43 KLOT 240636
CLIPWK


CLIMATE REPORT
NATIONAL WEATHER SERVICE CHICAGO IL
136 AM CDT WED MAY 24 2017


...................................

...THE CHICAGO EXECUTIVE CLIMATE SUMMARY FOR MAY 23 2017...

CLIMATE NORMAL PERIOD 1981 TO 2010
CLIMATE RECORD PERIOD 1996 TO 2017


WEATHER ITEM   OBSERVED TIME   RECORD YEAR NORMAL DEPARTURE LAST
                VALUE   (LST)  VALUE       VALUE  FROM      YEAR
                                                  NORMAL
..................................................................
TEMPERATURE (F)
 YESTERDAY
  MAXIMUM         62    126 PM  89    2010  72    -10       80
                                      2007
  MINIMUM         53   1159 PM  39    2006  50      3       47
  AVERAGE         58                        61     -3       64

PRECIPITATION (IN)
  YESTERDAY        0.25R         0.16 1999   0.13   0.12     0.00
  MONTH TO DATE    2.62                      2.84  -0.22     3.43
  SINCE MAR 1     12.40                      8.06   4.34     9.06
  SINCE JAN 1     15.85                     10.64   5.21    10.72

DEGREE DAYS
 HEATING
  YESTERDAY        7                         6      1        1
  MONTH TO DATE  260                       206     54      250
  SINCE MAR 1   1497                      1581    -84     1485
  SINCE JUL 1   5486                      6319   -833     5548

 COOLING
  YESTERDAY        0                         2     -2        0
  MONTH TO DATE   16                        21     -5        0
  SINCE MAR 1     24                        25     -1        2
  SINCE JAN 1     24                        25     -1        2
..................................................................


WIND (MPH)
  RESULTANT WIND SPEED   6   RESULTANT WIND DIRECTION  SW (210)
  HIGHEST WIND SPEED    15   HIGHEST WIND DIRECTION    SW (240)
  HIGHEST GUST SPEED    20   HIGHEST GUST DIRECTION    SW (230)
  AVERAGE WIND SPEED     5.5



WEATHER CONDITIONS
 THE FOLLOWING WEATHER WAS RECORDED YESTERDAY.
  LIGHT RAIN
  FOG


..........................................................


THE CHICAGO EXECUTIVE CLIMATE NORMALS FOR TODAY
                         NORMAL    RECORD    YEAR
 MAXIMUM TEMPERATURE (F)   72        90      2012
                                             2010
 MINIMUM TEMPERATURE (F)   50        40      2013


SUNRISE AND SUNSET
MAY 24 2017...........SUNRISE   523 AM CDT   SUNSET   815 PM CDT
MAY 25 2017...........SUNRISE   522 AM CDT   SUNSET   815 PM CDT


-  INDICATES NEGATIVE NUMBERS.
R  INDICATES RECORD WAS SET OR TIED.
MM INDICATES DATA IS MISSING.
T  INDICATES TRACE AMOUNT.




$$
