000
CDUS43 KLOT 090637
CLIPWK


CLIMATE REPORT
NATIONAL WEATHER SERVICE CHICAGO IL
1236 AM CST TUE FEB 9 2016


...................................

...THE CHICAGO EXECUTIVE CLIMATE SUMMARY FOR FEBRUARY 8 2016...

CLIMATE NORMAL PERIOD 1981 TO 2010
CLIMATE RECORD PERIOD 1996 TO 2016


WEATHER ITEM   OBSERVED TIME   RECORD YEAR NORMAL DEPARTURE LAST
                VALUE   (LST)  VALUE       VALUE  FROM      YEAR
                                                  NORMAL
..................................................................
TEMPERATURE (F)
 YESTERDAY
  MAXIMUM         33   1206 AM  53    2001  33      0       37
  MINIMUM         20   1159 PM  -4    2007  19      1       26
  AVERAGE         27                        26      1       32

PRECIPITATION (IN)
  YESTERDAY        T             0.38 2001   0.03  -0.03      T
  MONTH TO DATE    1.19                      0.25   0.94      T
  SINCE DEC 1      4.38                      3.71   0.67     1.40
  SINCE JAN 1      1.57                      1.88  -0.31     0.69

DEGREE DAYS
 HEATING
  YESTERDAY       38                        39     -1       33
  MONTH TO DATE  264                       319    -55      359
  SINCE DEC 1   2307                      2746   -439     2691
  SINCE JUL 1   3319                      4016   -697     4094

 COOLING
  YESTERDAY        0                         0      0        0
  MONTH TO DATE    0                         0      0        0
  SINCE DEC 1      0                         0      0        0
  SINCE JAN 1      0                         0      0        0
..................................................................


WIND (MPH)
  RESULTANT WIND SPEED   8   RESULTANT WIND DIRECTION   W (290)
  HIGHEST WIND SPEED    18   HIGHEST WIND DIRECTION    NW (320)
  HIGHEST GUST SPEED    26   HIGHEST GUST DIRECTION    NW (300)
  AVERAGE WIND SPEED    10.3



WEATHER CONDITIONS
 THE FOLLOWING WEATHER WAS RECORDED YESTERDAY.
  LIGHT SNOW
  FOG
  HAZE


..........................................................


THE CHICAGO EXECUTIVE CLIMATE NORMALS FOR TODAY
                         NORMAL    RECORD    YEAR
 MAXIMUM TEMPERATURE (F)   33        54      2001
                                             1999
 MINIMUM TEMPERATURE (F)   19         0      2011


SUNRISE AND SUNSET
FEBRUARY  9 2016......SUNRISE   656 AM CST   SUNSET   516 PM CST
FEBRUARY 10 2016......SUNRISE   655 AM CST   SUNSET   517 PM CST


-  INDICATES NEGATIVE NUMBERS.
R  INDICATES RECORD WAS SET OR TIED.
MM INDICATES DATA IS MISSING.
T  INDICATES TRACE AMOUNT.




$$
