000
CDUS43 KLOT 280645
CLIPWK


CLIMATE REPORT
NATIONAL WEATHER SERVICE CHICAGO IL
144 AM CDT SAT MAR 28 2015


...................................

...THE CHICAGO EXECUTIVE CLIMATE SUMMARY FOR MARCH 27 2015...

CLIMATE NORMAL PERIOD 1981 TO 2010
CLIMATE RECORD PERIOD 1996 TO 2015


WEATHER ITEM   OBSERVED TIME   RECORD YEAR NORMAL DEPARTURE LAST
                VALUE   (LST)  VALUE       VALUE  FROM      YEAR
                                                  NORMAL
..................................................................
TEMPERATURE (F)
 YESTERDAY
  MAXIMUM         31   1222 AM  76    1998  50    -19       55
  MINIMUM         20R  1156 PM  22    2011  32    -12       35
                                      2002
  AVERAGE         26                        41    -15       45

PRECIPITATION (IN)
  YESTERDAY        T             0.27 2008   0.09  -0.09     0.19
  MONTH TO DATE    0.29                      1.91  -1.62     0.48
  SINCE MAR 1      0.29                      1.91  -1.62     0.48
  SINCE JAN 1      0.98                      4.49  -3.51     2.61

DEGREE DAYS
 HEATING
  YESTERDAY       39                        24     15       20
  MONTH TO DATE  822                       759     63      962
  SINCE MAR 1    822                       759     63      962
  SINCE JUL 1   5950                      5497    453     6321

 COOLING
  YESTERDAY        0                         0      0        0
  MONTH TO DATE    0                         0      0        0
  SINCE MAR 1      0                         0      0        0
  SINCE JAN 1      0                         0      0        0
..................................................................


WIND (MPH)
  RESULTANT WIND SPEED   9   RESULTANT WIND DIRECTION   N (20)
  HIGHEST WIND SPEED    20   HIGHEST WIND DIRECTION    NE (40)
  HIGHEST GUST SPEED    26   HIGHEST GUST DIRECTION     N (350)
  AVERAGE WIND SPEED    10.4



WEATHER CONDITIONS
 THE FOLLOWING WEATHER WAS RECORDED YESTERDAY.
  LIGHT SNOW
  FOG


..........................................................


THE CHICAGO EXECUTIVE CLIMATE NORMALS FOR TODAY
                         NORMAL    RECORD    YEAR
 MAXIMUM TEMPERATURE (F)   51        75      2004
 MINIMUM TEMPERATURE (F)   32        20      2011


SUNRISE AND SUNSET
MARCH 28 2015.........SUNRISE   642 AM CDT   SUNSET   713 PM CDT
MARCH 29 2015.........SUNRISE   640 AM CDT   SUNSET   714 PM CDT


-  INDICATES NEGATIVE NUMBERS.
R  INDICATES RECORD WAS SET OR TIED.
MM INDICATES DATA IS MISSING.
T  INDICATES TRACE AMOUNT.




$$
