000
CDUS41 KGYX 242148
CLIPWM


CLIMATE REPORT
NATIONAL WEATHER SERVICE GRAY ME
448 PM EST TUE JAN 24 2017


...................................

...THE PORTLAND ME CLIMATE SUMMARY FOR JANUARY 24 2017...
VALID TODAY AS OF 0400 PM LOCAL TIME.

CLIMATE NORMAL PERIOD 1981 TO 2010
CLIMATE RECORD PERIOD 1941 TO 2017


WEATHER ITEM   OBSERVED TIME   RECORD YEAR NORMAL DEPARTURE LAST
                VALUE   (LST)  VALUE       VALUE  FROM      YEAR
                                                  NORMAL
..................................................................
TEMPERATURE (F)
 TODAY
  MAXIMUM         32    259 PM  52    1999  31      1       35
  MINIMUM         29    917 AM -21    1948  13     16       15
  AVERAGE         31                        22      9       25

PRECIPITATION (IN)
  TODAY            0.95          2.25 1935   0.12   0.83     0.00
  MONTH TO DATE    3.23                      2.65   0.58     3.36
  SINCE DEC 1      8.54                      6.67   1.87     8.70
  SINCE JAN 1      3.23                      2.65   0.58     3.36

SNOWFALL (IN)
  TODAY            0.8          20.4  1935   0.7    0.1      0.0
  MONTH TO DATE    7.0                      15.2   -8.2     13.2
  SINCE DEC 1     25.9                      28.4   -2.5     20.5
  SINCE JUL 1     26.4                      30.3   -3.9     20.5
  SNOW DEPTH       1

DEGREE DAYS
 HEATING
  TODAY           34                        43     -9       40
  MONTH TO DATE  856                      1022   -166      949
  SINCE DEC 1   1991                      2143   -152     1780
  SINCE JUL 1   3243                      3634   -391     3026

 COOLING
  TODAY            0                         0      0        0
  MONTH TO DATE    0                         0      0        0
  SINCE DEC 1      0                         0      0        0
  SINCE JAN 1      0                         0      0        0
..................................................................


WIND (MPH)
  HIGHEST WIND SPEED    26   HIGHEST WIND DIRECTION    NE (30)
  HIGHEST GUST SPEED    35   HIGHEST GUST DIRECTION    NE (40)
  AVERAGE WIND SPEED    16.8


SKY COVER
  POSSIBLE SUNSHINE  MM
  AVERAGE SKY COVER 1.0


WEATHER CONDITIONS
 THE FOLLOWING WEATHER WAS RECORDED TODAY.
  LIGHT RAIN
  FREEZING RAIN
  LT FREEZING RAIN
  SNOW
  LIGHT SNOW
  SLEET
  FOG


RELATIVE HUMIDITY (PERCENT)
 HIGHEST    92           600 AM
 LOWEST     69          1200 AM
 AVERAGE    81

..........................................................


THE PORTLAND ME CLIMATE NORMALS FOR TOMORROW
                         NORMAL    RECORD    YEAR
 MAXIMUM TEMPERATURE (F)   31        51      1947
 MINIMUM TEMPERATURE (F)   13       -14      1945


SUNRISE AND SUNSET
JANUARY 24 2017.......SUNRISE   705 AM EST   SUNSET   442 PM EST
JANUARY 25 2017.......SUNRISE   704 AM EST   SUNSET   443 PM EST


-  INDICATES NEGATIVE NUMBERS.
R  INDICATES RECORD WAS SET OR TIED.
MM INDICATES DATA IS MISSING.
T  INDICATES TRACE AMOUNT.




$$
