000
CDUS41 KGYX 272147
CLIPWM


CLIMATE REPORT
NATIONAL WEATHER SERVICE GRAY ME
447 PM EST THU NOV 27 2014


...................................

...THE PORTLAND ME CLIMATE SUMMARY FOR NOVEMBER 27 2014...
VALID TODAY AS OF 0400 PM LOCAL TIME.

CLIMATE NORMAL PERIOD 1981 TO 2010
CLIMATE RECORD PERIOD 1941 TO 2014


WEATHER ITEM   OBSERVED TIME   RECORD YEAR NORMAL DEPARTURE LAST
                VALUE   (LST)  VALUE       VALUE  FROM      YEAR
                                                  NORMAL
..................................................................
TEMPERATURE (F)
 TODAY
  MAXIMUM         38    140 PM  61    1976  44     -6       58
  MINIMUM         32    819 AM   6    1957  28      4       33
  AVERAGE         35                        36     -1       46

PRECIPITATION (IN)
  TODAY            0.07          2.48 2013   0.15  -0.08     2.48
  MONTH TO DATE    3.96                      4.48  -0.52     3.41
  SINCE SEP 1     11.40                     13.04  -1.64    11.21
  SINCE JAN 1     49.60                     42.78   6.82    39.43

SNOWFALL (IN)
  TODAY            1.0          11.2  1898   0.1    0.9      0.0
  MONTH TO DATE   10.1                       1.5    8.6      0.5
  SINCE SEP 1     10.1                       1.5    8.6      0.5
  SINCE JUL 1     10.1                       1.5    8.6      0.5
  SNOW DEPTH       7

DEGREE DAYS
 HEATING
  TODAY           30                        29      1       19
  MONTH TO DATE  665                       677    -12      696
  SINCE SEP 1   1175                      1356   -181     1310
  SINCE JUL 1   1199                      1401   -202     1328

 COOLING
  TODAY            0                         0      0        0
  MONTH TO DATE    0                         0      0        0
  SINCE SEP 1     53                        31     22       37
  SINCE JAN 1    351                       359     -8      454
..................................................................


WIND (MPH)
  HIGHEST WIND SPEED    25   HIGHEST WIND DIRECTION     N (340)
  HIGHEST GUST SPEED    36   HIGHEST GUST DIRECTION     N (360)
  AVERAGE WIND SPEED    13.7


SKY COVER
  POSSIBLE SUNSHINE  MM
  AVERAGE SKY COVER 0.8


WEATHER CONDITIONS
 THE FOLLOWING WEATHER WAS RECORDED TODAY.
  LIGHT SNOW
  FOG
  HAZE


RELATIVE HUMIDITY (PERCENT)
 HIGHEST    89          1200 AM
 LOWEST     64           200 PM
 AVERAGE    77

..........................................................


THE PORTLAND ME CLIMATE NORMALS FOR TOMORROW
                         NORMAL    RECORD    YEAR
 MAXIMUM TEMPERATURE (F)   44        64      1990
 MINIMUM TEMPERATURE (F)   27         6      1940


SUNRISE AND SUNSET
NOVEMBER 27 2014......SUNRISE   650 AM EST   SUNSET   407 PM EST
NOVEMBER 28 2014......SUNRISE   651 AM EST   SUNSET   407 PM EST


-  INDICATES NEGATIVE NUMBERS.
R  INDICATES RECORD WAS SET OR TIED.
MM INDICATES DATA IS MISSING.
T  INDICATES TRACE AMOUNT.




$$
