000
CDUS41 KGYX 280906
CLIPWM


CLIMATE REPORT
NATIONAL WEATHER SERVICE GRAY ME
406 AM EST WED JAN 28 2015


...................................

...THE PORTLAND ME CLIMATE SUMMARY FOR JANUARY 27 2015...

CLIMATE NORMAL PERIOD 1981 TO 2010
CLIMATE RECORD PERIOD 1941 TO 2015


WEATHER ITEM   OBSERVED TIME   RECORD YEAR NORMAL DEPARTURE LAST
                VALUE   (LST)  VALUE       VALUE  FROM      YEAR
                                                  NORMAL
..................................................................
TEMPERATURE (F)
 YESTERDAY
  MAXIMUM         17   1159 PM  57    1974  31    -14       40
  MINIMUM         11    736 AM -18    1994  13     -2       14
  AVERAGE         14                        22     -8       27

PRECIPITATION (IN)
  YESTERDAY        2.37R         1.77 1880   0.10   2.27     0.03
  MONTH TO DATE    4.17                      2.96   1.21     4.05
  SINCE DEC 1     10.44                      6.98   3.46     8.49
  SINCE JAN 1      4.17                      2.96   1.21     4.05

SNOWFALL (IN)
  YESTERDAY       22.2 R         8.3  1963   0.5   21.7      0.0
  MONTH TO DATE   33.3                      16.9   16.4     17.6
  SINCE DEC 1     36.9                      30.1    6.8     43.8
  SINCE JUL 1     47.2                      32.0   15.2     44.3
  SNOW DEPTH       8

DEGREE DAYS
 HEATING
  YESTERDAY       51                        43      8       38
  MONTH TO DATE 1168                      1151     17     1161
  SINCE DEC 1   2129                      2272   -143     2412
  SINCE JUL 1   3440                      3763   -323     3863

 COOLING
  YESTERDAY        0                         0      0        0
  MONTH TO DATE    0                         0      0        0
  SINCE DEC 1      0                         0      0        0
  SINCE JAN 1      0                         0      0        0
..................................................................


WIND (MPH)
  RESULTANT WIND SPEED  24   RESULTANT WIND DIRECTION   N (10)
  HIGHEST WIND SPEED    35   HIGHEST WIND DIRECTION     N (350)
  HIGHEST GUST SPEED    48   HIGHEST GUST DIRECTION     N (340)
  AVERAGE WIND SPEED    25.1


SKY COVER
  AVERAGE SKY COVER 1.0


WEATHER CONDITIONS
 THE FOLLOWING WEATHER WAS RECORDED YESTERDAY.
  HEAVY SNOW
  SNOW
  LIGHT SNOW
  FOG
  FOG W/VISIBILITY <= 1/4 MILE
  HAZE
  BLOWING SNOW


RELATIVE HUMIDITY (PERCENT)
 HIGHEST    84          1000 AM
 LOWEST     46          1200 AM
 AVERAGE    65

..........................................................


THE PORTLAND ME CLIMATE NORMALS FOR TODAY
                         NORMAL    RECORD    YEAR
 MAXIMUM TEMPERATURE (F)   31        52      2006
 MINIMUM TEMPERATURE (F)   13       -12      2003


SUNRISE AND SUNSET
JANUARY 28 2015.......SUNRISE   702 AM EST   SUNSET   447 PM EST
JANUARY 29 2015.......SUNRISE   701 AM EST   SUNSET   448 PM EST


-  INDICATES NEGATIVE NUMBERS.
R  INDICATES RECORD WAS SET OR TIED.
MM INDICATES DATA IS MISSING.
T  INDICATES TRACE AMOUNT.




$$
