000
CDUS41 KGYX 170802
CLIPWM


CLIMATE REPORT
NATIONAL WEATHER SERVICE GRAY ME
402 AM EDT WED SEP 17 2014


...................................

...THE PORTLAND ME CLIMATE SUMMARY FOR SEPTEMBER 16 2014...

CLIMATE NORMAL PERIOD 1981 TO 2010
CLIMATE RECORD PERIOD 1941 TO 2014


WEATHER ITEM   OBSERVED TIME   RECORD YEAR NORMAL DEPARTURE LAST
                VALUE   (LST)  VALUE       VALUE  FROM      YEAR
                                                  NORMAL
..................................................................
TEMPERATURE (F)
 YESTERDAY
  MAXIMUM         61    116 PM  90    1941  70     -9       68
  MINIMUM         46   1150 PM  28    1964  50     -4       44
  AVERAGE         54                        60     -6       56

PRECIPITATION (IN)
  YESTERDAY        0.09          4.44 1999   0.13  -0.04     0.01
  MONTH TO DATE    0.53                      1.80  -1.27     6.38
  SINCE SEP 1      0.53                      1.80  -1.27     6.38
  SINCE JAN 1     38.73                     31.54   7.19    34.60

SNOWFALL (IN)
  YESTERDAY       MM             0.0  2002   0.0   MM        0.0
                                      2001
                                      2000
  MONTH TO DATE    0.0                       0.0    0.0      0.0
  SINCE SEP 1      0.0                       0.0    0.0      0.0
  SINCE JUL 1      0.0                       0.0    0.0      0.0
  SNOW DEPTH       0

DEGREE DAYS
 HEATING
  YESTERDAY       11                         6      5        9
  MONTH TO DATE   73                        59     14       61
  SINCE SEP 1     73                        59     14       61
  SINCE JUL 1     97                       104     -7       79

 COOLING
  YESTERDAY        0                         1     -1        0
  MONTH TO DATE   42                        23     19       37
  SINCE SEP 1     42                        23     19       37
  SINCE JAN 1    340                       351    -11      454
..................................................................


WIND (MPH)
  RESULTANT WIND SPEED   3   RESULTANT WIND DIRECTION  SW (220)
  HIGHEST WIND SPEED     8   HIGHEST WIND DIRECTION     S (160)
  HIGHEST GUST SPEED    12   HIGHEST GUST DIRECTION    MM
  AVERAGE WIND SPEED     3.4


SKY COVER
  AVERAGE SKY COVER 0.7


WEATHER CONDITIONS
 THE FOLLOWING WEATHER WAS RECORDED YESTERDAY.
  LIGHT RAIN
  FOG
  FOG W/VISIBILITY <= 1/4 MILE


RELATIVE HUMIDITY (PERCENT)
 HIGHEST   100           800 PM
 LOWEST     78           100 PM
 AVERAGE    89

..........................................................


THE PORTLAND ME CLIMATE NORMALS FOR TODAY
                         NORMAL    RECORD    YEAR
 MAXIMUM TEMPERATURE (F)   70        88      1941
 MINIMUM TEMPERATURE (F)   50        30      1948


SUNRISE AND SUNSET
SEPTEMBER 17 2014.....SUNRISE   623 AM EDT   SUNSET   648 PM EDT
SEPTEMBER 18 2014.....SUNRISE   624 AM EDT   SUNSET   646 PM EDT


-  INDICATES NEGATIVE NUMBERS.
R  INDICATES RECORD WAS SET OR TIED.
MM INDICATES DATA IS MISSING.
T  INDICATES TRACE AMOUNT.




$$
