000
CDUS41 KGYX 220806
CLIPWM


CLIMATE REPORT
NATIONAL WEATHER SERVICE GRAY ME
406 AM EDT SAT JUL 22 2017


...................................

...THE PORTLAND ME CLIMATE SUMMARY FOR JULY 21 2017...

CLIMATE NORMAL PERIOD 1981 TO 2010
CLIMATE RECORD PERIOD 1941 TO 2017


WEATHER ITEM   OBSERVED TIME   RECORD YEAR NORMAL DEPARTURE LAST
                VALUE   (LST)  VALUE       VALUE  FROM      YEAR
                                                  NORMAL
..................................................................
TEMPERATURE (F)
 YESTERDAY
  MAXIMUM         87    447 PM  99    1977  79      8       84
  MINIMUM         65    441 AM  43    1950  60      5       55
  AVERAGE         76                        70      6       70

PRECIPITATION (IN)
  YESTERDAY        0.00          1.53 1988   0.12  -0.12     0.00
  MONTH TO DATE    0.81                      2.45  -1.64     1.28
  SINCE JUN 1      3.43                      6.24  -2.81     5.70
  SINCE JAN 1     27.47                     25.44   2.03    21.21

SNOWFALL (IN)
  YESTERDAY        0.0           0.0  2002   0.0    0.0      0.0
                                      2001
                                      2000
  MONTH TO DATE    0.0                       0.0    0.0      0.0
  SINCE JUN 1      0.0                       0.0    0.0      0.0
  SINCE JUL 1      0.0                       0.0    0.0      0.0
  SNOW DEPTH       0

DEGREE DAYS
 HEATING
  YESTERDAY        0                         0      0        0
  MONTH TO DATE    5                        12     -7       13
  SINCE JUN 1     90                       118    -28       79
  SINCE JUL 1      5                        12     -7       13

 COOLING
  YESTERDAY       11                         5      6        5
  MONTH TO DATE  116                        95     21      115
  SINCE JUN 1    208                       152     56      147
  SINCE JAN 1    225                       159     66      163
..................................................................


WIND (MPH)
  RESULTANT WIND SPEED   3   RESULTANT WIND DIRECTION   W (250)
  HIGHEST WIND SPEED    16   HIGHEST WIND DIRECTION     W (260)
  HIGHEST GUST SPEED    25   HIGHEST GUST DIRECTION     S (170)
  AVERAGE WIND SPEED     7.3


SKY COVER
  AVERAGE SKY COVER 0.3


WEATHER CONDITIONS
 THE FOLLOWING WEATHER WAS RECORDED YESTERDAY.
  NO SIGNIFICANT WEATHER WAS OBSERVED.


RELATIVE HUMIDITY (PERCENT)
 HIGHEST    93           100 AM
 LOWEST     35          1200 PM
 AVERAGE    64

..........................................................


THE PORTLAND ME CLIMATE NORMALS FOR TODAY
                         NORMAL    RECORD    YEAR
 MAXIMUM TEMPERATURE (F)   79       100      2011
 MINIMUM TEMPERATURE (F)   60        46      1950


SUNRISE AND SUNSET
JULY 22 2017..........SUNRISE   520 AM EDT   SUNSET   815 PM EDT
JULY 23 2017..........SUNRISE   521 AM EDT   SUNSET   814 PM EDT


-  INDICATES NEGATIVE NUMBERS.
R  INDICATES RECORD WAS SET OR TIED.
MM INDICATES DATA IS MISSING.
T  INDICATES TRACE AMOUNT.




$$
