000
CDUS46 KSGX 020018
CLIRAL


CLIMATE REPORT
NATIONAL WEATHER SERVICE SAN DIEGO, CA
418 PM PST SUN FEB 1 2015


...................................

...THE RIVERSIDE MUNI AIRPORT CA CLIMATE SUMMARY FOR FEBRUARY 1 2015...
VALID TODAY AS OF 0400 PM LOCAL TIME.

CLIMATE NORMAL PERIOD 1981 TO 2010
CLIMATE RECORD PERIOD 1893 TO 2015


WEATHER ITEM   OBSERVED TIME   RECORD YEAR NORMAL DEPARTURE LAST
                VALUE   (LST)  VALUE       VALUE  FROM      YEAR
                                                  NORMAL
..................................................................
TEMPERATURE (F)
 TODAY
  MAXIMUM         75    305 PM  88    1995  66      9       63
  MINIMUM         46    613 AM  25    1949  44      2       42
  AVERAGE         61                        55      6       53

PRECIPITATION (IN)
  TODAY            0.00          1.07 1940   0.05  -0.05     0.00
  MONTH TO DATE    0.00                      0.05  -0.05     0.00
  SINCE OCT 1      3.81                      5.80  -1.99     0.99
  SINCE JAN 1      0.58                      2.99  -2.41      T

SNOWFALL (IN)
  TODAY            0.0
  MONTH TO DATE    0.0
  SINCE JAN 1      0.0
  SINCE JUL 1      0.0
  SNOW DEPTH       0

DEGREE DAYS
 HEATING
  TODAY            4                        10     -6       12
  MONTH TO DATE    4                        10     -6       12
  SINCE DEC 1    457                       655   -198      388
  SINCE JUL 1    521                       855   -334      531

 COOLING
  TODAY            0                         0      0        0
  MONTH TO DATE    0                         0      0        0
  SINCE DEC 1     12                         8      4       29
  SINCE JAN 1      7                         6      1       19
..................................................................


WIND (MPH)
  RESULTANT WIND SPEED   0   RESULTANT WIND DIRECTION   N (20)
  HIGHEST WIND SPEED    10   HIGHEST WIND DIRECTION     W (250)
  HIGHEST GUST SPEED    14   HIGHEST GUST DIRECTION     W (250)
  AVERAGE WIND SPEED     3.3


SKY COVER
  POSSIBLE SUNSHINE  MM
  AVERAGE SKY COVER 0.0


WEATHER CONDITIONS
 THE FOLLOWING WEATHER WAS RECORDED TODAY.
  NO SIGNIFICANT WEATHER WAS OBSERVED.


RELATIVE HUMIDITY (PERCENT)
 HIGHEST    80           500 AM
 LOWEST     27           200 PM
 AVERAGE    54

..........................................................


THE RIVERSIDE MUNI AIRPORT CA CLIMATE NORMALS FOR TOMORROW
                         NORMAL    RECORD    YEAR
 MAXIMUM TEMPERATURE (F)   66        87      1995
 MINIMUM TEMPERATURE (F)   44        27      1946


SUNRISE AND SUNSET
FEBRUARY  1 2015......SUNRISE   647 AM PST   SUNSET   520 PM PST
FEBRUARY  2 2015......SUNRISE   646 AM PST   SUNSET   521 PM PST


-  INDICATES NEGATIVE NUMBERS.
R  INDICATES RECORD WAS SET OR TIED.
MM INDICATES DATA IS MISSING.
T  INDICATES TRACE AMOUNT.




$$
