626
CDUS46 KSGX 260026
CLIRAL


CLIMATE REPORT
NATIONAL WEATHER SERVICE SAN DIEGO, CA
526 PM PDT MON JUL 25 2016


...................................

...THE RIVERSIDE MUNI AIRPORT CA CLIMATE SUMMARY FOR JULY 25 2016...
VALID TODAY AS OF 0500 PM LOCAL TIME.

CLIMATE NORMAL PERIOD 1981 TO 2010
CLIMATE RECORD PERIOD 1893 TO 2016


WEATHER ITEM   OBSERVED TIME   RECORD YEAR NORMAL DEPARTURE LAST
                VALUE   (LST)  VALUE       VALUE  FROM      YEAR
                                                  NORMAL
..................................................................
TEMPERATURE (F)
 TODAY
  MAXIMUM        103    157 PM 107    1943  94      9       96
                                      1911
  MINIMUM         71    444 AM  48    1903  65      6       67
  AVERAGE         87                        80      7       82

PRECIPITATION (IN)
  TODAY            0.00          1.26 1956   0.00   0.00     0.00
  MONTH TO DATE    0.00                      0.05  -0.05     1.94
  SINCE OCT 1      5.45                     12.05  -6.60     7.69
  SINCE JAN 1      4.28                      9.24  -4.96     4.46

DEGREE DAYS
 HEATING
  TODAY            0                         0      0        0
  MONTH TO DATE    0                         0      0        0
  SINCE JUN 1      0                         2     -2        0
  SINCE JUL 1      0                         0      0        0

 COOLING
  TODAY           22                        15      7       17
  MONTH TO DATE  387                       326     61      309
  SINCE JUN 1    772                       546    226      680
  SINCE JAN 1   1053                       723    330      989
..................................................................


WIND (MPH)
  RESULTANT WIND SPEED   2   RESULTANT WIND DIRECTION   W (260)
  HIGHEST WIND SPEED    18   HIGHEST WIND DIRECTION     W (250)
  HIGHEST GUST SPEED    24   HIGHEST GUST DIRECTION     W (260)
  AVERAGE WIND SPEED     4.1


SKY COVER
  POSSIBLE SUNSHINE  MM
  AVERAGE SKY COVER 0.1


WEATHER CONDITIONS
 THE FOLLOWING WEATHER WAS RECORDED TODAY.
  NO SIGNIFICANT WEATHER WAS OBSERVED.


RELATIVE HUMIDITY (PERCENT)
 HIGHEST    73           300 AM
 LOWEST     15           100 PM
 AVERAGE    44

..........................................................


THE RIVERSIDE MUNI AIRPORT CA CLIMATE NORMALS FOR TOMORROW
                         NORMAL    RECORD    YEAR
 MAXIMUM TEMPERATURE (F)   95       110      1943
 MINIMUM TEMPERATURE (F)   65        48      2000


SUNRISE AND SUNSET
JULY 25 2016..........SUNRISE   557 AM PDT   SUNSET   755 PM PDT
JULY 26 2016..........SUNRISE   558 AM PDT   SUNSET   755 PM PDT


-  INDICATES NEGATIVE NUMBERS.
R  INDICATES RECORD WAS SET OR TIED.
MM INDICATES DATA IS MISSING.
T  INDICATES TRACE AMOUNT.




$$
