000
CDUS46 KSGX 101522
CLIRAL


CLIMATE REPORT
NATIONAL WEATHER SERVICE SAN DIEGO, CA
722 AM PST SAT DEC 10 2016


...................................

...THE RIVERSIDE MUNI AIRPORT CA CLIMATE SUMMARY FOR DECEMBER 9 2016...

CLIMATE NORMAL PERIOD 1981 TO 2010
CLIMATE RECORD PERIOD 1893 TO 2016


WEATHER ITEM   OBSERVED TIME   RECORD YEAR NORMAL DEPARTURE LAST
                VALUE   (LST)  VALUE       VALUE  FROM      YEAR
                                                  NORMAL
..................................................................
TEMPERATURE (F)
 YESTERDAY
  MAXIMUM         65    341 PM  91    1938  67     -2       78
  MINIMUM         44    637 AM  26    1951  43      1       49
                                      1916
  AVERAGE         55                        55      0       64

PRECIPITATION (IN)
  YESTERDAY        0.00          1.47 1909   0.03  -0.03     0.00
  MONTH TO DATE    0.00                      0.33  -0.33     0.00
  SINCE OCT 1      1.92                      1.61   0.31     0.51
  SINCE JAN 1      6.20                     11.20  -5.00     6.85

DEGREE DAYS
 HEATING
  YESTERDAY       10                        10      0        1
  MONTH TO DATE   75                        86    -11       36
  SINCE DEC 1     75                        86    -11       36
  SINCE JUL 1    179                       286   -107      198

 COOLING
  YESTERDAY        0                         0      0        0
  MONTH TO DATE    0                         0      0        2
  SINCE DEC 1      0                         0      0        2
  SINCE JAN 1   2298                      1754    544     2424
..................................................................


WIND (MPH)
  RESULTANT WIND SPEED   0   RESULTANT WIND DIRECTION  NE (30)
  HIGHEST WIND SPEED     7   HIGHEST WIND DIRECTION     W (270)
  HIGHEST GUST SPEED    10   HIGHEST GUST DIRECTION    NW (300)
  AVERAGE WIND SPEED     2.0


SKY COVER
  POSSIBLE SUNSHINE  MM
  AVERAGE SKY COVER 0.3


WEATHER CONDITIONS
 THE FOLLOWING WEATHER WAS RECORDED YESTERDAY.
  FOG
  HAZE


RELATIVE HUMIDITY (PERCENT)
 HIGHEST    93           400 AM
 LOWEST     52           200 PM
 AVERAGE    73

..........................................................


THE RIVERSIDE MUNI AIRPORT CA CLIMATE NORMALS FOR TODAY
                         NORMAL    RECORD    YEAR
 MAXIMUM TEMPERATURE (F)   67        87      1958
 MINIMUM TEMPERATURE (F)   43        27      1956
                                             1919


SUNRISE AND SUNSET
DECEMBER 10 2016......SUNRISE   645 AM PST   SUNSET   441 PM PST
DECEMBER 11 2016......SUNRISE   645 AM PST   SUNSET   441 PM PST


-  INDICATES NEGATIVE NUMBERS.
R  INDICATES RECORD WAS SET OR TIED.
MM INDICATES DATA IS MISSING.
T  INDICATES TRACE AMOUNT.




$$
