000
CDUS46 KSGX 190019
CLIRAL


CLIMATE REPORT
NATIONAL WEATHER SERVICE SAN DIEGO, CA
519 PM PDT FRI AUG 18 2017


...................................

...THE RIVERSIDE MUNI AIRPORT CA CLIMATE SUMMARY FOR AUGUST 18 2017...
VALID TODAY AS OF 0500 PM LOCAL TIME.

CLIMATE NORMAL PERIOD 1981 TO 2010
CLIMATE RECORD PERIOD 1893 TO 2017


WEATHER ITEM   OBSERVED TIME   RECORD YEAR NORMAL DEPARTURE LAST
                VALUE   (LST)  VALUE       VALUE  FROM      YEAR
                                                  NORMAL
..................................................................
TEMPERATURE (F)
 TODAY
  MAXIMUM         89    225 PM 108    1950  94     -5      101
  MINIMUM         64    535 AM  47    1924  65     -1       66
                                      1918
                                      1917
  AVERAGE         77                        79     -2       84

PRECIPITATION (IN)
  TODAY            0.00          0.62 1945   0.00   0.00     0.00
  MONTH TO DATE    0.04                      0.08  -0.04     0.00
  SINCE OCT 1     13.26                     12.15   1.11     5.45
  SINCE JAN 1      8.00                      9.34  -1.34     4.28

DEGREE DAYS
 HEATING
  TODAY            0                         0      0        0
  MONTH TO DATE    0                         0      0        0
  SINCE JUN 1      0                         2     -2        0
  SINCE JUL 1      0                         0      0        0

 COOLING
  TODAY           12                        14     -2       19
  MONTH TO DATE  284                       267     17      295
  SINCE JUN 1   1145                       902    243     1195
  SINCE JAN 1   1423                      1079    344     1476
..................................................................


WIND (MPH)
  RESULTANT WIND SPEED   4   RESULTANT WIND DIRECTION   W (270)
  HIGHEST WIND SPEED    18   HIGHEST WIND DIRECTION     W (270)
  HIGHEST GUST SPEED    25   HIGHEST GUST DIRECTION     W (290)
  AVERAGE WIND SPEED     5.5


SKY COVER
  POSSIBLE SUNSHINE  MM
  AVERAGE SKY COVER 0.0


WEATHER CONDITIONS
 THE FOLLOWING WEATHER WAS RECORDED TODAY.
  NO SIGNIFICANT WEATHER WAS OBSERVED.


RELATIVE HUMIDITY (PERCENT)
 HIGHEST    87           300 AM
 LOWEST     36           100 PM
 AVERAGE    62

..........................................................


THE RIVERSIDE MUNI AIRPORT CA CLIMATE NORMALS FOR TOMORROW
                         NORMAL    RECORD    YEAR
 MAXIMUM TEMPERATURE (F)   94       108      1915
 MINIMUM TEMPERATURE (F)   65        44      1916


SUNRISE AND SUNSET
AUGUST 18 2017........SUNRISE   614 AM PDT   SUNSET   733 PM PDT
AUGUST 19 2017........SUNRISE   615 AM PDT   SUNSET   731 PM PDT


-  INDICATES NEGATIVE NUMBERS.
R  INDICATES RECORD WAS SET OR TIED.
MM INDICATES DATA IS MISSING.
T  INDICATES TRACE AMOUNT.




$$
