000
CDUS46 KSGX 070119
CLIRAL


CLIMATE REPORT
NATIONAL WEATHER SERVICE SAN DIEGO, CA
519 PM PST SAT FEB 6 2016


...................................

...THE RIVERSIDE MUNI AIRPORT CA CLIMATE SUMMARY FOR FEBRUARY 6 2016...
VALID TODAY AS OF 0500 PM LOCAL TIME.

CLIMATE NORMAL PERIOD 1981 TO 2010
CLIMATE RECORD PERIOD 1893 TO 2016


WEATHER ITEM   OBSERVED TIME   RECORD YEAR NORMAL DEPARTURE LAST
                VALUE   (LST)  VALUE       VALUE  FROM      YEAR
                                                  NORMAL
..................................................................
TEMPERATURE (F)
 TODAY
  MAXIMUM         78    256 PM  89    1963  66     12       80
  MINIMUM         46    715 AM  22    2003  44      2       50
  AVERAGE         62                        55      7       65

PRECIPITATION (IN)
  TODAY            0.00          1.25 1950   0.08  -0.08     0.00
  MONTH TO DATE    0.00                      0.37  -0.37     0.00
  SINCE OCT 1      3.76                      6.12  -2.36     3.81
  SINCE JAN 1      2.59                      3.31  -0.72     0.58

DEGREE DAYS
 HEATING
  TODAY            3                        10     -7        0
  MONTH TO DATE   64                        60      4       11
  SINCE DEC 1    696                       705     -9      464
  SINCE JUL 1    858                       905    -47      528

 COOLING
  TODAY            0                         0      0        0
  MONTH TO DATE    0                         0      0        1
  SINCE DEC 1      2                         8     -6       13
  SINCE JAN 1      0                         6     -6        8
..................................................................


WIND (MPH)
  RESULTANT WIND SPEED   6   RESULTANT WIND DIRECTION  NE (50)
  HIGHEST WIND SPEED    15   HIGHEST WIND DIRECTION     N (10)
  HIGHEST GUST SPEED    25   HIGHEST GUST DIRECTION    NE (30)
  AVERAGE WIND SPEED     7.3


SKY COVER
  POSSIBLE SUNSHINE  MM
  AVERAGE SKY COVER 0.0


WEATHER CONDITIONS
 THE FOLLOWING WEATHER WAS RECORDED TODAY.
  NO SIGNIFICANT WEATHER WAS OBSERVED.


RELATIVE HUMIDITY (PERCENT)
 HIGHEST    42           700 AM
 LOWEST     10           200 PM
 AVERAGE    26

..........................................................


THE RIVERSIDE MUNI AIRPORT CA CLIMATE NORMALS FOR TOMORROW
                         NORMAL    RECORD    YEAR
 MAXIMUM TEMPERATURE (F)   67        87      1996
 MINIMUM TEMPERATURE (F)   44        27      1903


SUNRISE AND SUNSET
FEBRUARY  6 2016......SUNRISE   643 AM PST   SUNSET   525 PM PST
FEBRUARY  7 2016......SUNRISE   642 AM PST   SUNSET   526 PM PST


-  INDICATES NEGATIVE NUMBERS.
R  INDICATES RECORD WAS SET OR TIED.
MM INDICATES DATA IS MISSING.
T  INDICATES TRACE AMOUNT.




$$
