000
CDUS46 KSGX 290017
CLIRAL


CLIMATE REPORT
NATIONAL WEATHER SERVICE SAN DIEGO, CA
416 PM PST SUN DEC 28 2014


...................................

...THE RIVERSIDE MUNI AIRPORT CA CLIMATE SUMMARY FOR DECEMBER 28 2014...
VALID TODAY AS OF 0400 PM LOCAL TIME.

CLIMATE NORMAL PERIOD 1981 TO 2010
CLIMATE RECORD PERIOD 1893 TO 2014


WEATHER ITEM   OBSERVED TIME   RECORD YEAR NORMAL DEPARTURE LAST
                VALUE   (LST)  VALUE       VALUE  FROM      YEAR
                                                  NORMAL
..................................................................
TEMPERATURE (F)
 TODAY
  MAXIMUM         61    157 PM  86    1917  66     -5       76
  MINIMUM         36    622 AM  27    1962  42     -6       45
                                      1912
  AVERAGE         49                        54     -5       61

PRECIPITATION (IN)
  TODAY            0.00          2.00 1936   0.09  -0.09     0.00
  MONTH TO DATE    2.89                      1.26   1.63     0.16
  SINCE JUL 1      3.54                      2.94   0.60     1.15
  SINCE JAN 1      5.26                     12.13  -6.87     3.36

SNOWFALL (IN)
  TODAY            0.0
  MONTH TO DATE    0.0
  SINCE JAN 1      0.0
  SINCE JUL 1      0.0
  SNOW DEPTH       0

DEGREE DAYS
 HEATING
  TODAY           16                        11      5        4
  MONTH TO DATE  200                       294    -94      220
  SINCE DEC 1    200                       294    -94      220
  SINCE JUL 1    264                       494   -230      363

 COOLING
  TODAY            0                         0      0        0
  MONTH TO DATE    5                         0      5       10
  SINCE DEC 1      5                         0      5       10
  SINCE JAN 1   2348                      1754    594     1996
..................................................................


WIND (MPH)
  RESULTANT WIND SPEED   2   RESULTANT WIND DIRECTION  NE (60)
  HIGHEST WIND SPEED     8   HIGHEST WIND DIRECTION    NE (40)
  HIGHEST GUST SPEED    10   HIGHEST GUST DIRECTION    NE (30)
  AVERAGE WIND SPEED     3.1


SKY COVER
  POSSIBLE SUNSHINE  MM
  AVERAGE SKY COVER 0.3


WEATHER CONDITIONS
 THE FOLLOWING WEATHER WAS RECORDED TODAY.
  NO SIGNIFICANT WEATHER WAS OBSERVED.


RELATIVE HUMIDITY (PERCENT)
 HIGHEST    59           300 AM
 LOWEST     17           200 PM
 AVERAGE    38

..........................................................


THE RIVERSIDE MUNI AIRPORT CA CLIMATE NORMALS FOR TOMORROW
                         NORMAL    RECORD    YEAR
 MAXIMUM TEMPERATURE (F)   66        90      1917
 MINIMUM TEMPERATURE (F)   43        24      1954


SUNRISE AND SUNSET
DECEMBER 28 2014......SUNRISE   654 AM PST   SUNSET   449 PM PST
DECEMBER 29 2014......SUNRISE   654 AM PST   SUNSET   450 PM PST


-  INDICATES NEGATIVE NUMBERS.
R  INDICATES RECORD WAS SET OR TIED.
MM INDICATES DATA IS MISSING.
T  INDICATES TRACE AMOUNT.




$$
