000
CDUS46 KSGX 010016
CLIRAL


CLIMATE REPORT
NATIONAL WEATHER SERVICE SAN DIEGO, CA
516 PM PDT FRI SEP 30 2016


...................................

...THE RIVERSIDE MUNI AIRPORT CA CLIMATE SUMMARY FOR SEPTEMBER 30 2016...
VALID TODAY AS OF 0500 PM LOCAL TIME.

CLIMATE NORMAL PERIOD 1981 TO 2010
CLIMATE RECORD PERIOD 1893 TO 2016


WEATHER ITEM   OBSERVED TIME   RECORD YEAR NORMAL DEPARTURE LAST
                VALUE   (LST)  VALUE       VALUE  FROM      YEAR
                                                  NORMAL
..................................................................
TEMPERATURE (F)
 TODAY
  MAXIMUM         95    124 PM 108    2001  86      9       95
                                      1980
  MINIMUM         67    531 AM  42    1948  59      8       61
                                      1915
  AVERAGE         81                        73      8       78

PRECIPITATION (IN)
  TODAY            0.00          1.72 1921   0.01  -0.01     0.00
  MONTH TO DATE    T                         0.25  -0.25     1.87
  SINCE OCT 1      5.45                     12.40  -6.95     9.57
  SINCE JAN 1      4.28                      9.59  -5.31     6.34

DEGREE DAYS
 HEATING
  TODAY            0                         0      0        0
  MONTH TO DATE    0                         0      0        0
  SINCE SEP 1      0                         2     -2        0
  SINCE JUL 1      0                         2     -2        0

 COOLING
  TODAY           16                         8      8       13
  MONTH TO DATE  350                       334     16      475
  SINCE SEP 1    350                       334     16      475
  SINCE JAN 1   2019                      1592    427     2078
..................................................................


WIND (MPH)
  RESULTANT WIND SPEED   3   RESULTANT WIND DIRECTION   W (270)
  HIGHEST WIND SPEED    21   HIGHEST WIND DIRECTION     W (270)
  HIGHEST GUST SPEED    25   HIGHEST GUST DIRECTION     W (260)
  AVERAGE WIND SPEED     4.8


SKY COVER
  POSSIBLE SUNSHINE  MM
  AVERAGE SKY COVER 0.1


WEATHER CONDITIONS
 THE FOLLOWING WEATHER WAS RECORDED TODAY.
  NO SIGNIFICANT WEATHER WAS OBSERVED.


RELATIVE HUMIDITY (PERCENT)
 HIGHEST    68           400 AM
 LOWEST     21          1200 PM
 AVERAGE    45

..........................................................


THE RIVERSIDE MUNI AIRPORT CA CLIMATE NORMALS FOR TOMORROW
                         NORMAL    RECORD    YEAR
 MAXIMUM TEMPERATURE (F)   86       109      1980
 MINIMUM TEMPERATURE (F)   59        39      1930


SUNRISE AND SUNSET
SEPTEMBER 30 2016.....SUNRISE   644 AM PDT   SUNSET   635 PM PDT
OCTOBER  1 2016.......SUNRISE   645 AM PDT   SUNSET   633 PM PDT


-  INDICATES NEGATIVE NUMBERS.
R  INDICATES RECORD WAS SET OR TIED.
MM INDICATES DATA IS MISSING.
T  INDICATES TRACE AMOUNT.




$$
