000
CDUS43 KUNR 190039
CLIRAP


CLIMATE REPORT
NATIONAL WEATHER SERVICE RAPID CITY SD
639 PM MDT FRI APR 18 2014


...................................

...THE RAPID CITY AIRPORT SD CLIMATE SUMMARY FOR APRIL 18 2014...
VALID TODAY AS OF 0500 PM LOCAL TIME.

CLIMATE NORMAL PERIOD 1981 TO 2010
CLIMATE RECORD PERIOD 1942 TO 2014


WEATHER ITEM   OBSERVED TIME   RECORD YEAR NORMAL DEPARTURE LAST
                VALUE   (LST)  VALUE       VALUE  FROM      YEAR
                                                  NORMAL
..................................................................
TEMPERATURE (F)
 TODAY
  MAXIMUM         77    211 PM  90    1987  59     18       34
  MINIMUM         31    350 AM  16    1953  33     -2       19
  AVERAGE         54                        46      8       27

PRECIPITATION (IN)
  TODAY            0.00          1.67 1970   0.07  -0.07      T
  MONTH TO DATE    0.54                      0.88  -0.34     2.14
  SINCE MAR 1      1.63                      1.81  -0.18     2.96
  SINCE JAN 1      2.12                      2.55  -0.43     3.57

SNOWFALL (IN)
  TODAY            0.0                       0.3   -0.3      0.5
  MONTH TO DATE    6.0                       5.4    0.6     36.1
  SINCE MAR 1     20.4                      14.1    6.3     49.0
  SINCE JUL 1     63.4                      37.5   25.9     69.4
  SNOW DEPTH       0

DEGREE DAYS
 HEATING
  TODAY           11                        19     -8       38
  MONTH TO DATE  446                       396     50      576
  SINCE MAR 1   1463                      1314    149     1544
  SINCE JUL 1   7096                      6524    572     6533

 COOLING
  TODAY            0                         0      0        0
  MONTH TO DATE    0                         0      0        0
  SINCE MAR 1      0                         0      0        0
  SINCE JAN 1      0                         0      0        0
..................................................................


WIND (MPH)
  HIGHEST WIND SPEED    28   HIGHEST WIND DIRECTION     S (170)
  HIGHEST GUST SPEED    33   HIGHEST GUST DIRECTION     S (180)
  AVERAGE WIND SPEED    11.7


SKY COVER
  AVERAGE SKY COVER 0.0


WEATHER CONDITIONS
 THE FOLLOWING WEATHER WAS RECORDED TODAY.
  NO SIGNIFICANT WEATHER WAS OBSERVED.


RELATIVE HUMIDITY (PERCENT)
 HIGHEST    92           400 AM
 LOWEST     23          1200 PM
 AVERAGE    58

..........................................................


THE RAPID CITY AIRPORT SD CLIMATE NORMALS FOR TOMORROW
                         NORMAL    RECORD    YEAR
 MAXIMUM TEMPERATURE (F)   60        85      1961
 MINIMUM TEMPERATURE (F)   33         8      1966


SUNRISE AND SUNSET
APRIL 18 2014.........SUNRISE   604 AM MDT   SUNSET   740 PM MDT
APRIL 19 2014.........SUNRISE   602 AM MDT   SUNSET   741 PM MDT


-  INDICATES NEGATIVE NUMBERS.
R  INDICATES RECORD WAS SET OR TIED.
MM INDICATES DATA IS MISSING.
T  INDICATES TRACE AMOUNT.




$$
