861
CDUS43 KUNR 260837
CLIRAP


CLIMATE REPORT
NATIONAL WEATHER SERVICE RAPID CITY SD
233 AM MDT SUN MAR 26 2017


...................................

...THE RAPID CITY AIRPORT SD CLIMATE SUMMARY FOR MARCH 25 2017...

CLIMATE NORMAL PERIOD 1981 TO 2010
CLIMATE RECORD PERIOD 1942 TO 2017


WEATHER ITEM   OBSERVED TIME   RECORD YEAR NORMAL DEPARTURE LAST
                VALUE   (LST)  VALUE       VALUE  FROM      YEAR
                                                  NORMAL
..................................................................
TEMPERATURE (F)
 YESTERDAY
  MAXIMUM         67    114 PM  80    1993  51     16       45
  MINIMUM         34    400 AM -10    1965  26      8       24
  AVERAGE         51                        38     13       35

PRECIPITATION (IN)
  YESTERDAY        0.00          2.01 1945   0.04  -0.04     0.28
  MONTH TO DATE    0.18                      0.72  -0.54     0.68
  SINCE MAR 1      0.18                      0.72  -0.54     0.68
  SINCE JAN 1      0.99                      1.46  -0.47     1.54

SNOWFALL (IN)
  YESTERDAY        0.0           3.0  2016   0.3   -0.3      3.0
  MONTH TO DATE    0.3                       7.0   -6.7      5.2
  SINCE MAR 1      0.3                       7.0   -6.7      5.2
  SINCE JUL 1     30.8                      30.4    0.4     31.3
  SNOW DEPTH       0

DEGREE DAYS
 HEATING
  YESTERDAY       14                        27    -13       30
  MONTH TO DATE  649                       763   -114      599
  SINCE MAR 1    649                       763   -114      599
  SINCE JUL 1   5705                      5973   -268     5294

 COOLING
  YESTERDAY        0                         0      0        0
  MONTH TO DATE    0                         0      0        0
  SINCE MAR 1      0                         0      0        0
  SINCE JAN 1      0                         0      0        0
..................................................................


WIND (MPH)
  HIGHEST WIND SPEED    18   HIGHEST WIND DIRECTION    NW (320)
  HIGHEST GUST SPEED    23   HIGHEST GUST DIRECTION     S (160)
  AVERAGE WIND SPEED    11.7


SKY COVER
  AVERAGE SKY COVER 0.0


WEATHER CONDITIONS
 THE FOLLOWING WEATHER WAS RECORDED YESTERDAY.
  NO SIGNIFICANT WEATHER WAS OBSERVED.


RELATIVE HUMIDITY (PERCENT)
 HIGHEST    75           100 AM
 LOWEST     26           200 PM
 AVERAGE    51

..........................................................


THE RAPID CITY AIRPORT SD CLIMATE NORMALS FOR TODAY
                         NORMAL    RECORD    YEAR
 MAXIMUM TEMPERATURE (F)   51        82      1993
 MINIMUM TEMPERATURE (F)   26        -5      1965


SUNRISE AND SUNSET
MARCH 26 2017.........SUNRISE   644 AM MDT   SUNSET   712 PM MDT
MARCH 27 2017.........SUNRISE   642 AM MDT   SUNSET   714 PM MDT


-  INDICATES NEGATIVE NUMBERS.
R  INDICATES RECORD WAS SET OR TIED.
MM INDICATES DATA IS MISSING.
T  INDICATES TRACE AMOUNT.




$$
