000
CDUS43 KUNR 250832
CLIRAP


CLIMATE REPORT
NATIONAL WEATHER SERVICE RAPID CITY SD
231 AM MDT TUE APR 25 2017


...................................

...THE RAPID CITY AIRPORT SD CLIMATE SUMMARY FOR APRIL 24 2017...

CLIMATE NORMAL PERIOD 1981 TO 2010
CLIMATE RECORD PERIOD 1942 TO 2017


WEATHER ITEM   OBSERVED TIME   RECORD YEAR NORMAL DEPARTURE LAST
                VALUE   (LST)  VALUE       VALUE  FROM      YEAR
                                                  NORMAL
..................................................................
TEMPERATURE (F)
 YESTERDAY
  MAXIMUM         62    209 PM  89    1962  61      1       60
  MINIMUM         37   1159 PM  22    2013  35      2       42
  AVERAGE         50                        48      2       51

PRECIPITATION (IN)
  YESTERDAY        T             0.48 2000   0.07  -0.07     0.00
  MONTH TO DATE    1.44                      1.29   0.15     0.77
  SINCE MAR 1      1.97                      2.22  -0.25     1.86
  SINCE JAN 1      2.78                      2.96  -0.18     2.72

SNOWFALL (IN)
  YESTERDAY        0.0           5.5  2006   0.2   -0.2      0.0
  MONTH TO DATE    2.5                       6.8   -4.3      2.0
  SINCE MAR 1      3.0                      15.5  -12.5      8.0
  SINCE JUL 1     33.5                      38.9   -5.4     34.1
  SNOW DEPTH       0

DEGREE DAYS
 HEATING
  YESTERDAY       15                        17     -2       14
  MONTH TO DATE  412                       505    -93      379
  SINCE MAR 1   1201                      1423   -222     1131
  SINCE JUL 1   6257                      6633   -376     5826

 COOLING
  YESTERDAY        0                         0      0        0
  MONTH TO DATE    0                         0      0        0
  SINCE MAR 1      0                         0      0        0
  SINCE JAN 1      0                         0      0        0
..................................................................


WIND (MPH)
  HIGHEST WIND SPEED    28   HIGHEST WIND DIRECTION     N (350)
  HIGHEST GUST SPEED    37   HIGHEST GUST DIRECTION     N (360)
  AVERAGE WIND SPEED    16.0


SKY COVER
  AVERAGE SKY COVER 0.6


WEATHER CONDITIONS
 THE FOLLOWING WEATHER WAS RECORDED YESTERDAY.
  LIGHT RAIN
  FOG
  FOG W/VISIBILITY <= 1/4 MILE


RELATIVE HUMIDITY (PERCENT)
 HIGHEST   100           400 AM
 LOWEST     46           200 PM
 AVERAGE    73

..........................................................


THE RAPID CITY AIRPORT SD CLIMATE NORMALS FOR TODAY
                         NORMAL    RECORD    YEAR
 MAXIMUM TEMPERATURE (F)   62        86      1962
 MINIMUM TEMPERATURE (F)   35        22      2002


SUNRISE AND SUNSET
APRIL 25 2017.........SUNRISE   552 AM MDT   SUNSET   749 PM MDT
APRIL 26 2017.........SUNRISE   551 AM MDT   SUNSET   750 PM MDT


-  INDICATES NEGATIVE NUMBERS.
R  INDICATES RECORD WAS SET OR TIED.
MM INDICATES DATA IS MISSING.
T  INDICATES TRACE AMOUNT.




$$
