000
CDUS43 KUNR 240833
CLIRAP


CLIMATE REPORT
NATIONAL WEATHER SERVICE RAPID CITY SD
232 AM MDT THU APR 24 2014


...................................

...THE RAPID CITY AIRPORT SD CLIMATE SUMMARY FOR APRIL 23 2014...

CLIMATE NORMAL PERIOD 1981 TO 2010
CLIMATE RECORD PERIOD 1942 TO 2014


WEATHER ITEM   OBSERVED TIME   RECORD YEAR NORMAL DEPARTURE LAST
                VALUE   (LST)  VALUE       VALUE  FROM      YEAR
                                                  NORMAL
..................................................................
TEMPERATURE (F)
 YESTERDAY
  MAXIMUM         67   1039 AM  85    2012  61      6       36
                                      2009
  MINIMUM         37   1158 PM  12    2013  34      3       12
  AVERAGE         52                        48      4       24

PRECIPITATION (IN)
  YESTERDAY        0.00          1.09 2010   0.07  -0.07     0.00
  MONTH TO DATE    0.54                      1.22  -0.68     3.01
  SINCE MAR 1      1.63                      2.15  -0.52     3.83
  SINCE JAN 1      2.12                      2.89  -0.77     4.44

SNOWFALL (IN)
  YESTERDAY        0.0                       0.3   -0.3      0.0
  MONTH TO DATE    6.0                       6.6   -0.6     43.4
  SINCE MAR 1     20.4                      15.3    5.1     56.3
  SINCE JUL 1     63.4                      38.7   24.7     76.7
  SNOW DEPTH       0

DEGREE DAYS
 HEATING
  YESTERDAY       13                        18     -5       41
  MONTH TO DATE  501                       488     13      741
  SINCE MAR 1   1518                      1406    112     1709
  SINCE JUL 1   7151                      6616    535     6698

 COOLING
  YESTERDAY        0                         0      0        0
  MONTH TO DATE    0                         0      0        0
  SINCE MAR 1      0                         0      0        0
  SINCE JAN 1      0                         0      0        0
..................................................................


WIND (MPH)
  HIGHEST WIND SPEED    41   HIGHEST WIND DIRECTION     N (340)
  HIGHEST GUST SPEED    49   HIGHEST GUST DIRECTION     N (340)
  AVERAGE WIND SPEED    15.1


SKY COVER
  AVERAGE SKY COVER 0.2


WEATHER CONDITIONS
 THE FOLLOWING WEATHER WAS RECORDED YESTERDAY.
  NO SIGNIFICANT WEATHER WAS OBSERVED.


RELATIVE HUMIDITY (PERCENT)
 HIGHEST    71           100 AM
 LOWEST     43           900 AM
 AVERAGE    57

..........................................................


THE RAPID CITY AIRPORT SD CLIMATE NORMALS FOR TODAY
                         NORMAL    RECORD    YEAR
 MAXIMUM TEMPERATURE (F)   61        89      1962
 MINIMUM TEMPERATURE (F)   35        22      2013


SUNRISE AND SUNSET
APRIL 24 2014.........SUNRISE   554 AM MDT   SUNSET   747 PM MDT
APRIL 25 2014.........SUNRISE   553 AM MDT   SUNSET   748 PM MDT


-  INDICATES NEGATIVE NUMBERS.
R  INDICATES RECORD WAS SET OR TIED.
MM INDICATES DATA IS MISSING.
T  INDICATES TRACE AMOUNT.




$$
