000
CDUS46 KMFR 230841
CLIRBG


CLIMATE REPORT
NATIONAL WEATHER SERVICE MEDFORD, OR
1241 AM PST FRI FEB 23 2018


...................................

...THE ROSEBURG OR CLIMATE SUMMARY FOR FEBRUARY 22 2018...

CLIMATE NORMAL PERIOD 1981 TO 2010
CLIMATE RECORD PERIOD 1931 TO 2018


WEATHER ITEM   OBSERVED TIME   RECORD YEAR NORMAL DEPARTURE LAST
                VALUE   (LST)  VALUE       VALUE  FROM      YEAR
                                                  NORMAL
..................................................................
TEMPERATURE (F)
 YESTERDAY
  MAXIMUM         42    331 PM  70    2002  55    -13       46
                                      1995
  MINIMUM         32   1025 PM  28    2010  38     -6       34
  AVERAGE         37                        46     -9       40

PRECIPITATION (IN)
  YESTERDAY        0.38          1.49 1949   0.11   0.27     0.67
  MONTH TO DATE    1.25                      3.19  -1.94     7.55
  SINCE OCT 1     12.77                     23.93 -11.16    31.94
  SINCE JAN 1      4.40                      8.28  -3.88    13.02

SNOWFALL (IN)
  YESTERDAY       MM                        MM     MM       MM
  MONTH TO DATE   MM                        MM     MM       MM
  SINCE JUL 1     MM                        MM     MM       MM
  SNOW DEPTH      MM

DEGREE DAYS
 HEATING
  YESTERDAY       28                        19      9       25
  MONTH TO DATE  425                       440    -15      383
  SINCE DEC 1   1746                      1830    -84     1925
  SINCE JUL 1   2605                      2759   -154     2564

 COOLING
  YESTERDAY        0                         0      0        0
  MONTH TO DATE    0                         0      0        0
  SINCE DEC 1      0                         0      0        0
  SINCE JAN 1      0                         0      0        0
..................................................................


WIND (MPH)
  RESULTANT WIND SPEED   0   RESULTANT WIND DIRECTION   E (90)
  HIGHEST WIND SPEED    17   HIGHEST WIND DIRECTION     N (360)
  HIGHEST GUST SPEED    22   HIGHEST GUST DIRECTION     N (360)
  AVERAGE WIND SPEED     4.6


SKY COVER
  POSSIBLE SUNSHINE  MM
  AVERAGE SKY COVER 1.0


WEATHER CONDITIONS
 THE FOLLOWING WEATHER WAS RECORDED YESTERDAY.
  LIGHT RAIN
  HEAVY SNOW
  SNOW
  LIGHT SNOW
  FOG
  FOG W/VISIBILITY <= 1/4 MILE
  HAZE


RELATIVE HUMIDITY (PERCENT)
 HIGHEST    96           400 AM
 LOWEST     75           100 AM
 AVERAGE    86

..........................................................


THE ROSEBURG OR CLIMATE NORMALS FOR TODAY
                         NORMAL    RECORD    YEAR
 MAXIMUM TEMPERATURE (F)   55        69      1946
 MINIMUM TEMPERATURE (F)   38        24      1960


SUNRISE AND SUNSET
FEBRUARY 23 2018......SUNRISE   659 AM PST   SUNSET   555 PM PST
FEBRUARY 24 2018......SUNRISE   657 AM PST   SUNSET   556 PM PST


-  INDICATES NEGATIVE NUMBERS.
R  INDICATES RECORD WAS SET OR TIED.
MM INDICATES DATA IS MISSING.
T  INDICATES TRACE AMOUNT.




$$
