000
CDUS46 KMFR 300035
CLIRBG


CLIMATE REPORT
NATIONAL WEATHER SERVICE MEDFORD, OR
535 PM PDT MON MAY 29 2017


...................................

...THE ROSEBURG OR CLIMATE SUMMARY FOR MAY 29 2017...
VALID TODAY AS OF 0500 PM LOCAL TIME.

CLIMATE NORMAL PERIOD 1981 TO 2010
CLIMATE RECORD PERIOD 1931 TO 2017


WEATHER ITEM   OBSERVED TIME   RECORD YEAR NORMAL DEPARTURE LAST
                VALUE   (LST)  VALUE       VALUE  FROM      YEAR
                                                  NORMAL
..................................................................
TEMPERATURE (F)
 TODAY
  MAXIMUM         77    359 PM  93    1931  72      5       77
  MINIMUM         54    828 AM  37    1959  49      5       48
  AVERAGE         66                        61      5       63

PRECIPITATION (IN)
  TODAY            0.00          0.98 1997   0.06  -0.06
  MONTH TO DATE    1.14                      2.15  -1.01
  SINCE OCT 1     41.55                     33.16   8.39
  SINCE JAN 1     22.63                     17.51   5.12

SNOWFALL (IN)
  TODAY           MM                        MM     MM       MM
  MONTH TO DATE    0.0                      MM     MM       MM
  SINCE JUL 1      0.0                      MM     MM        0.0
  SNOW DEPTH      MM

DEGREE DAYS
 HEATING
  TODAY            0                         5     -5        2
  MONTH TO DATE  152                       208    -56      118
  SINCE MAR 1    965                      1103   -138      736
  SINCE JUL 1   3681                      3972   -291     3089

 COOLING
  TODAY            1                         1      0        0
  MONTH TO DATE   49                        17     32       19
  SINCE MAR 1     49                        18     31       37
  SINCE JAN 1     49                        18     31       37
..................................................................







THE ROSEBURG OR CLIMATE NORMALS FOR TOMORROW
                         NORMAL    RECORD    YEAR
 MAXIMUM TEMPERATURE (F)   73        94      1931
 MINIMUM TEMPERATURE (F)   49        38      1959


SUNRISE AND SUNSET
MAY 29 2017...........SUNRISE   538 AM PDT   SUNSET   845 PM PDT
MAY 30 2017...........SUNRISE   537 AM PDT   SUNSET   845 PM PDT


-  INDICATES NEGATIVE NUMBERS.
R  INDICATES RECORD WAS SET OR TIED.
MM INDICATES DATA IS MISSING.
T  INDICATES TRACE AMOUNT.




$$
