000
CDUS46 KMFR 010838
CLIRBG


CLIMATE REPORT
NATIONAL WEATHER SERVICE MEDFORD, OR
137 AM PDT SAT AUG 1 2015


...................................

...THE ROSEBURG OR CLIMATE SUMMARY FOR JULY 31 2015...

CLIMATE NORMAL PERIOD 1981 TO 2010
CLIMATE RECORD PERIOD 1931 TO 2015


WEATHER ITEM   OBSERVED TIME   RECORD YEAR NORMAL DEPARTURE LAST
                VALUE   (LST)  VALUE       VALUE  FROM      YEAR
                                                  NORMAL
..................................................................
TEMPERATURE (F)
 YESTERDAY
  MAXIMUM        107R   411 PM 103    2003  86     21       93
                                      1974
  MINIMUM         67    606 AM  44    1956  57     10       65
  AVERAGE         87                        72     15       79

PRECIPITATION (IN)
  YESTERDAY        0.00          1.03 1985   0.01  -0.01     0.00
  MONTH TO DATE    0.01                      0.42  -0.41     0.20
  SINCE OCT 1     24.95                     34.83  -9.88    20.32
  SINCE JAN 1     10.67                     19.18  -8.51    16.62

SNOWFALL (IN)
  YESTERDAY       MM                        MM     MM       MM
  MONTH TO DATE    0.0                      MM     MM       MM
  SINCE JUL 1      0.0                      MM     MM       MM
  SNOW DEPTH      MM

DEGREE DAYS
 HEATING
  YESTERDAY        0                         0      0        0
  MONTH TO DATE    0                         8     -8        7
  SINCE JUN 1     12                        94    -82       42
  SINCE JUL 1      0                        11    -11        7

 COOLING
  YESTERDAY       22                         7     15       14
  MONTH TO DATE  350                       173    177      308
  SINCE JUN 1    581                       223    358      379
  SINCE JAN 1    611                       243    368      424
..................................................................


WIND (MPH)
  RESULTANT WIND SPEED   4   RESULTANT WIND DIRECTION   N (10)
  HIGHEST WIND SPEED    18   HIGHEST WIND DIRECTION     N (360)
  HIGHEST GUST SPEED    25   HIGHEST GUST DIRECTION    NE (30)
  AVERAGE WIND SPEED     4.8


SKY COVER
  POSSIBLE SUNSHINE  MM
  AVERAGE SKY COVER 0.0


WEATHER CONDITIONS
 THE FOLLOWING WEATHER WAS RECORDED YESTERDAY.
  HAZE


RELATIVE HUMIDITY (PERCENT)
 HIGHEST    68           600 AM
 LOWEST     11           400 PM
 AVERAGE    40

..........................................................


THE ROSEBURG OR CLIMATE NORMALS FOR TODAY
                         NORMAL    RECORD    YEAR
 MAXIMUM TEMPERATURE (F)   86        98      2003
 MINIMUM TEMPERATURE (F)   57        44      1957


SUNRISE AND SUNSET
AUGUST  1 2015........SUNRISE   604 AM PDT   SUNSET   835 PM PDT
AUGUST  2 2015........SUNRISE   605 AM PDT   SUNSET   834 PM PDT


-  INDICATES NEGATIVE NUMBERS.
R  INDICATES RECORD WAS SET OR TIED.
MM INDICATES DATA IS MISSING.
T  INDICATES TRACE AMOUNT.




$$
