000
CDUS46 KMFR 010841
CLIRBG


CLIMATE REPORT
NATIONAL WEATHER SERVICE MEDFORD, OR
141 AM PDT WED OCT 1 2014


...................................

...THE ROSEBURG OR CLIMATE SUMMARY FOR SEPTEMBER 30 2014...

CLIMATE NORMAL PERIOD 1981 TO 2010
CLIMATE RECORD PERIOD 1931 TO 2014


WEATHER ITEM   OBSERVED TIME   RECORD YEAR NORMAL DEPARTURE LAST
                VALUE   (LST)  VALUE       VALUE  FROM      YEAR
                                                  NORMAL
..................................................................
TEMPERATURE (F)
 YESTERDAY
  MAXIMUM         69    349 PM 101    1991  74     -5       63
  MINIMUM         52   1159 PM  36    1983  48      4       47
  AVERAGE         61                        61      0       55

PRECIPITATION (IN)
  YESTERDAY        T             0.33 2007   0.04  -0.04     0.02
  MONTH TO DATE    1.52                      0.96   0.56     3.84
  SINCE SEP 1      1.52                      0.96   0.56     3.84
  SINCE JAN 1     18.17                     20.61  -2.44    12.38

SNOWFALL (IN)
  YESTERDAY       MM                        MM     MM       MM
  MONTH TO DATE   MM                        MM     MM       MM
  SINCE JUL 1     MM                        MM     MM       MM
  SNOW DEPTH      MM

DEGREE DAYS
 HEATING
  YESTERDAY        4                         5     -1       10
  MONTH TO DATE   13                        67    -54       77
  SINCE SEP 1     13                        68    -55       77
  SINCE JUL 1     20                        89    -69       78

 COOLING
  YESTERDAY        0                         1     -1        0
  MONTH TO DATE  147                        65     82      121
  SINCE SEP 1    147                        65     82      121
  SINCE JAN 1    880                       476    404      823
..................................................................


WIND (MPH)
  RESULTANT WIND SPEED   3   RESULTANT WIND DIRECTION   N (350)
  HIGHEST WIND SPEED    18   HIGHEST WIND DIRECTION     N (360)
  HIGHEST GUST SPEED    22   HIGHEST GUST DIRECTION     N (360)
  AVERAGE WIND SPEED     3.3


SKY COVER
  POSSIBLE SUNSHINE  MM
  AVERAGE SKY COVER 0.6


WEATHER CONDITIONS
 THE FOLLOWING WEATHER WAS RECORDED YESTERDAY.
  FOG
  FOG W/VISIBILITY <= 1/4 MILE


RELATIVE HUMIDITY (PERCENT)
 HIGHEST    93
 LOWEST     42           400 PM
 AVERAGE    68

..........................................................


THE ROSEBURG OR CLIMATE NORMALS FOR TODAY
                         NORMAL    RECORD    YEAR
 MAXIMUM TEMPERATURE (F)   73        95      2001
                                             1987
 MINIMUM TEMPERATURE (F)   48        33      1959


SUNRISE AND SUNSET
OCTOBER  1 2014.......SUNRISE   711 AM PDT   SUNSET   654 PM PDT
OCTOBER  2 2014.......SUNRISE   712 AM PDT   SUNSET   653 PM PDT


-  INDICATES NEGATIVE NUMBERS.
R  INDICATES RECORD WAS SET OR TIED.
MM INDICATES DATA IS MISSING.
T  INDICATES TRACE AMOUNT.




$$
