425
CDUS46 KSTO 030834 RRA
CLIRDD

CLIMATE REPORT
NATIONAL WEATHER SERVICE SACRAMENTO, CA
134 AM PDT TUE MAY 3 2016


...................................

...THE REDDING AIRPORT CA CLIMATE SUMMARY FOR MAY 2 2016...

CLIMATE NORMAL PERIOD 1981 TO 2010
CLIMATE RECORD PERIOD 1986 TO 2016


WEATHER ITEM   OBSERVED RECORD YEAR NORMAL DEPARTURE LAST
                VALUE   VALUE       VALUE  FROM      YEAR
                                           NORMAL
...........................................................
TEMPERATURE (F)
 YESTERDAY
  MAXIMUM         84     93    2004  76      8       89
  MINIMUM         52     42    2012  50      2       56
  AVERAGE         68

PRECIPITATION (IN)
  YESTERDAY        0.00   1.02 2007   0.07  -0.07     0.00
  MONTH TO DATE    0.00               0.13  -0.13     0.00
  SINCE OCT 1     37.06              31.30   5.76    22.13
  SINCE JAN 1     27.20              18.45   8.75     5.88

SNOWFALL (IN)
  YESTERDAY        0.0   MM      MM  MM               0.0
  MONTH TO DATE    0.0               MM               0.0
  SINCE MAR 1      0.0               MM               0.0
  SINCE JUL 1      0.0               MM               0.0

DEGREE DAYS
 HEATING
  YESTERDAY        0

 COOLING
  YESTERDAY        3
...........................................................


WIND (MPH)
  RESULTANT WIND SPEED   1   RESULTANT WIND DIRECTION   S (170)
  HIGHEST WIND SPEED    14   HIGHEST WIND DIRECTION     S (160)
  HIGHEST GUST SPEED    17   HIGHEST GUST DIRECTION    SW (230)


SKY COVER
  POSSIBLE SUNSHINE  MM
  AVERAGE SKY COVER 0.0


WEATHER CONDITIONS
 THE FOLLOWING WEATHER WAS RECORDED YESTERDAY.
  NO SIGNIFICANT WEATHER WAS OBSERVED.


RELATIVE HUMIDITY (PERCENT)
 HIGHEST    80
 LOWEST     21
 AVERAGE    51

..........................................................


THE REDDING AIRPORT CA CLIMATE NORMALS FOR TODAY
                         NORMAL    RECORD    YEAR
 MAXIMUM TEMPERATURE (F)   76        95      2013
                                             1992
 MINIMUM TEMPERATURE (F)   50        40      2007
                                             1996


SUNRISE AND SUNSET
MAY  3 2016...........SUNRISE   605 AM PDT   SUNSET   808 PM PDT
MAY  4 2016...........SUNRISE   604 AM PDT   SUNSET   809 PM PDT


-  INDICATES NEGATIVE NUMBERS.
R  INDICATES RECORD WAS SET OR TIED.
MM INDICATES DATA IS MISSING.
T  INDICATES TRACE AMOUNT.

&&
....................................................................

REDDING CITY CLIMATE DATA FOR MAY 02

CLIMATE RECORD PERIOD 1897-1986

RECORD HIGH..............     93 IN 1968
RECORD LOW...............     34 IN 1908

RECORD RAINFALL..........   0.79 IN 1941

$$
