000
CDUS46 KSTO 240042 RRA
CLIRDD

CLIMATE REPORT
NATIONAL WEATHER SERVICE SACRAMENTO, CA
540 PM PDT SUN APR 23 2017


...................................

...THE REDDING AIRPORT CA CLIMATE SUMMARY FOR APRIL 23 2017...
VALID TODAY AS OF 0500 PM LOCAL TIME.

CLIMATE NORMAL PERIOD 1981 TO 2010
CLIMATE RECORD PERIOD 1986 TO 2017


WEATHER ITEM   OBSERVED RECORD YEAR NORMAL DEPARTURE LAST
                VALUE   VALUE       VALUE  FROM      YEAR
                                           NORMAL
...........................................................
TEMPERATURE (F)
 TODAY
  MAXIMUM         71     86    2002  73     -2       68
  MINIMUM         47     40    2014  47      0       47
                               2008
                               2007
  AVERAGE         59

PRECIPITATION (IN)
  TODAY            0.00   0.97 1989   0.08  -0.08     0.00
  MONTH TO DATE    3.64               1.95   1.69     3.23
  SINCE OCT 1     45.94              30.64  15.30    37.04
  SINCE JAN 1     27.21              17.79   9.42    27.18

SNOWFALL (IN)
  TODAY            0.0   MM      MM  MM               0.0
  MONTH TO DATE    0.0               MM               0.0
  SINCE MAR 1      0.0               MM               0.0
  SINCE JUL 1      3.0               MM               0.0

DEGREE DAYS
 HEATING
  TODAY            6

 COOLING
  TODAY            0
...........................................................


WIND (MPH)
  RESULTANT WIND SPEED   2   RESULTANT WIND DIRECTION   S (190)
  HIGHEST WIND SPEED    15   HIGHEST WIND DIRECTION     S (180)
  HIGHEST GUST SPEED    20   HIGHEST GUST DIRECTION     S (170)


SKY COVER
  POSSIBLE SUNSHINE  MM
  AVERAGE SKY COVER 0.2


WEATHER CONDITIONS
 THE FOLLOWING WEATHER WAS RECORDED TODAY.
  NO SIGNIFICANT WEATHER WAS OBSERVED.


RELATIVE HUMIDITY (PERCENT)
 HIGHEST    86
 LOWEST     33
 AVERAGE    60

..........................................................


THE REDDING AIRPORT CA CLIMATE NORMALS FOR TOMORROW
                         NORMAL    RECORD    YEAR
 MAXIMUM TEMPERATURE (F)   73        87      2013
 MINIMUM TEMPERATURE (F)   48        32      2008


SUNRISE AND SUNSET
APRIL 23 2017.........SUNRISE   618 AM PDT   SUNSET   757 PM PDT
APRIL 24 2017.........SUNRISE   617 AM PDT   SUNSET   758 PM PDT


-  INDICATES NEGATIVE NUMBERS.
R  INDICATES RECORD WAS SET OR TIED.
MM INDICATES DATA IS MISSING.
T  INDICATES TRACE AMOUNT.

&&
....................................................................

REDDING CITY CLIMATE DATA FOR APRIL 23

CLIMATE RECORD PERIOD 1897-1986

RECORD HIGH..............     95 IN 1946
RECORD LOW...............     36 IN 1904

RECORD RAINFALL..........   1.17 IN 1979

$$

NNNN
