694
CDUS46 KSTO 180845
CLIRDD

CLIMATE REPORT
NATIONAL WEATHER SERVICE SACRAMENTO, CA
1243 AM PST THU JAN 18 2018


...................................

...THE REDDING AIRPORT CA CLIMATE SUMMARY FOR JANUARY 17 2018...

CLIMATE NORMAL PERIOD 1981 TO 2010
CLIMATE RECORD PERIOD 1986 TO 2018


WEATHER ITEM   OBSERVED RECORD YEAR NORMAL DEPARTURE LAST
                VALUE   VALUE       VALUE  FROM      YEAR
                                           NORMAL
...........................................................
TEMPERATURE (F)
 YESTERDAY
  MAXIMUM         60     77    1994  55      5       49
  MINIMUM         51     16    2012  37     14       37
  AVERAGE         56

PRECIPITATION (IN)
  YESTERDAY        0.00   1.28 2016   0.19  -0.19     0.03
  MONTH TO DATE    2.38               3.38  -1.00     7.11
  SINCE OCT 1      8.05              16.23  -8.18    25.84
  SINCE JAN 1      2.38               3.38  -1.00     7.11

SNOWFALL (IN)
  YESTERDAY        0.0    0.0  2002  MM              MM
  MONTH TO DATE    0.0               MM               3.0
  SINCE DEC 1      0.0               MM               3.0
  SINCE JUL 1      0.0               MM               3.0

DEGREE DAYS
 HEATING
  YESTERDAY        9

 COOLING
  YESTERDAY        0
...........................................................


WIND (MPH)
  RESULTANT WIND SPEED   1   RESULTANT WIND DIRECTION   S (170)
  HIGHEST WIND SPEED    17   HIGHEST WIND DIRECTION     S (160)
  HIGHEST GUST SPEED    20   HIGHEST GUST DIRECTION     S (160)


SKY COVER
  POSSIBLE SUNSHINE  MM
  AVERAGE SKY COVER 1.0


WEATHER CONDITIONS
 THE FOLLOWING WEATHER WAS RECORDED YESTERDAY.
  FOG


RELATIVE HUMIDITY (PERCENT)
 HIGHEST   100
 LOWEST     75
 AVERAGE    88

..........................................................


THE REDDING AIRPORT CA CLIMATE NORMALS FOR TODAY
                         NORMAL    RECORD    YEAR
 MAXIMUM TEMPERATURE (F)   55        73      2009
                                             1989
 MINIMUM TEMPERATURE (F)   37        25      2013


SUNRISE AND SUNSET
JANUARY 18 2018.......SUNRISE   729 AM PST   SUNSET   511 PM PST
JANUARY 19 2018.......SUNRISE   728 AM PST   SUNSET   512 PM PST


-  INDICATES NEGATIVE NUMBERS.
R  INDICATES RECORD WAS SET OR TIED.
MM INDICATES DATA IS MISSING.
T  INDICATES TRACE AMOUNT.

&&
....................................................................

REDDING CITY CLIMATE DATA FOR JANUARY 17

CLIMATE RECORD PERIOD 1897-1986

RECORD HIGH..............     83 IN 1920
RECORD LOW...............     27 IN 1963

RECORD RAINFALL..........   2.30 IN 1954

$$

NNNN
