070
CDUS46 KSTO 190840 RRA
CLIRDD

CLIMATE REPORT
NATIONAL WEATHER SERVICE SACRAMENTO, CA
140 AM PDT TUE SEP 19 2017


...................................

...THE REDDING AIRPORT CA CLIMATE SUMMARY FOR SEPTEMBER 18 2017...

CLIMATE NORMAL PERIOD 1981 TO 2010
CLIMATE RECORD PERIOD 1986 TO 2017


WEATHER ITEM   OBSERVED RECORD YEAR NORMAL DEPARTURE LAST
                VALUE   VALUE       VALUE  FROM      YEAR
                                           NORMAL
...........................................................
TEMPERATURE (F)
 YESTERDAY
  MAXIMUM         81    104    2000  90     -9       99
  MINIMUM         63     48    1986  57      6       60
  AVERAGE         72

PRECIPITATION (IN)
  YESTERDAY        0.00   0.80 1989   0.02  -0.02     0.00
  MONTH TO DATE    0.61               0.34   0.27     0.00
  SINCE OCT 1     47.74              34.32  13.42    40.49
  SINCE JAN 1     29.01              21.47   7.54    30.63

SNOWFALL (IN)
  YESTERDAY        0.0   MM      MM  MM               0.0
  MONTH TO DATE    0.0               MM               0.0
  SINCE SEP 1      0.0               MM               0.0
  SINCE JUL 1      0.0               MM               0.0

DEGREE DAYS
 HEATING
  YESTERDAY        0

 COOLING
  YESTERDAY        7
...........................................................


WIND (MPH)
  RESULTANT WIND SPEED   5   RESULTANT WIND DIRECTION  SW (220)
  HIGHEST WIND SPEED    21   HIGHEST WIND DIRECTION     S (180)
  HIGHEST GUST SPEED    25   HIGHEST GUST DIRECTION     S (180)


SKY COVER
  POSSIBLE SUNSHINE  MM
  AVERAGE SKY COVER 0.4


WEATHER CONDITIONS
 THE FOLLOWING WEATHER WAS RECORDED YESTERDAY.
  HAZE


RELATIVE HUMIDITY (PERCENT)
 HIGHEST    63
 LOWEST     25
 AVERAGE    44

..........................................................


THE REDDING AIRPORT CA CLIMATE NORMALS FOR TODAY
                         NORMAL    RECORD    YEAR
 MAXIMUM TEMPERATURE (F)   90       106      1994
 MINIMUM TEMPERATURE (F)   57        46      1986


SUNRISE AND SUNSET
SEPTEMBER 19 2017.....SUNRISE   654 AM PDT   SUNSET   711 PM PDT
SEPTEMBER 20 2017.....SUNRISE   655 AM PDT   SUNSET   709 PM PDT


-  INDICATES NEGATIVE NUMBERS.
R  INDICATES RECORD WAS SET OR TIED.
MM INDICATES DATA IS MISSING.
T  INDICATES TRACE AMOUNT.

&&
....................................................................

REDDING CITY CLIMATE DATA FOR SEPTEMBER 18

CLIMATE RECORD PERIOD 1897-1986

RECORD HIGH..............    105 IN 1984
RECORD LOW...............     48 IN 1946
RECORD RAINFALL..........   0.39 IN 1982

$$
