000
CDUS46 KSTO 030835
CLIRDD

CLIMATE REPORT
NATIONAL WEATHER SERVICE SACRAMENTO, CA
135 AM PDT THU SEP 3 2015


...................................

...THE REDDING AIRPORT CA CLIMATE SUMMARY FOR SEPTEMBER 2 2015...

CLIMATE NORMAL PERIOD 1981 TO 2010
CLIMATE RECORD PERIOD 1986 TO 2015


WEATHER ITEM   OBSERVED RECORD YEAR NORMAL DEPARTURE LAST
                VALUE   VALUE       VALUE  FROM      YEAR
                                           NORMAL
...........................................................
TEMPERATURE (F)
 YESTERDAY
  MAXIMUM         90    112    1998  93     -3      100
  MINIMUM         65     50    1999  60      5       62
  AVERAGE         78

PRECIPITATION (IN)
  YESTERDAY        0.00   0.14 2000   0.01  -0.01     0.00
  MONTH TO DATE    0.00               0.02  -0.02     0.00
  SINCE OCT 1     23.08              34.00 -10.92    16.59
  SINCE JAN 1      6.83              21.15 -14.32    14.48

SNOWFALL (IN)
  YESTERDAY        0.0   MM      MM  MM               0.0
  MONTH TO DATE    0.0               MM               0.0
  SINCE SEP 1      0.0               MM               0.0
  SINCE JUL 1      0.0               MM               0.0

DEGREE DAYS
 HEATING
  YESTERDAY        0

 COOLING
  YESTERDAY       13
...........................................................


WIND (MPH)
  RESULTANT WIND SPEED   7   RESULTANT WIND DIRECTION   S (180)
  HIGHEST WIND SPEED    21   HIGHEST WIND DIRECTION     S (170)
  HIGHEST GUST SPEED    25   HIGHEST GUST DIRECTION     S (180)


SKY COVER
  POSSIBLE SUNSHINE  MM
  AVERAGE SKY COVER 0.0


WEATHER CONDITIONS
 THE FOLLOWING WEATHER WAS RECORDED YESTERDAY.
  NO SIGNIFICANT WEATHER WAS OBSERVED.


RELATIVE HUMIDITY (PERCENT)
 HIGHEST    63
 LOWEST     23
 AVERAGE    43

..........................................................


THE REDDING AIRPORT CA CLIMATE NORMALS FOR TODAY
                         NORMAL    RECORD    YEAR
 MAXIMUM TEMPERATURE (F)   93       116      1988
 MINIMUM TEMPERATURE (F)   60        52      1989


SUNRISE AND SUNSET
SEPTEMBER  3 2015.....SUNRISE   638 AM PDT   SUNSET   738 PM PDT
SEPTEMBER  4 2015.....SUNRISE   639 AM PDT   SUNSET   737 PM PDT


-  INDICATES NEGATIVE NUMBERS.
R  INDICATES RECORD WAS SET OR TIED.
MM INDICATES DATA IS MISSING.
T  INDICATES TRACE AMOUNT.




&&
....................................................................

REDDING CITY CLIMATE DATA FOR SEPTEMBER 02

CLIMATE RECORD PERIOD 1897-1986

RECORD HIGH..............    112 IN 1955
RECORD LOW...............     48 IN 1946

RECORD RAINFALL..........   0.09 IN 1916

$$

NNNN
