000
CDUS46 KSTO 280912
CLIRDD

CLIMATE REPORT
NATIONAL WEATHER SERVICE SACRAMENTO, CA
108 AM PST SUN DEC 28 2014


...................................

...THE REDDING AIRPORT CA CLIMATE SUMMARY FOR DECEMBER 27 2014...

CLIMATE NORMAL PERIOD 1981 TO 2010
CLIMATE RECORD PERIOD 1986 TO 2014


WEATHER ITEM   OBSERVED RECORD YEAR NORMAL DEPARTURE LAST
                VALUE   VALUE       VALUE  FROM      YEAR
                                           NORMAL
...........................................................
TEMPERATURE (F)
 YESTERDAY
  MAXIMUM         53     70    1999  54     -1       55
  MINIMUM         30     23    1988  36     -6       28
  AVERAGE         42

PRECIPITATION (IN)
  YESTERDAY        0.00   3.45 2004   0.22  -0.22     0.00
  MONTH TO DATE   10.37               5.41   4.96     0.38
  SINCE JUL 1     19.67              12.90   6.77     3.50
  SINCE JAN 1     33.94              33.76   0.18    12.80

SNOWFALL (IN)
  YESTERDAY        0.0   MM      MM  MM               0.0
  MONTH TO DATE    0.0               MM               5.0
  SINCE DEC 1      0.0               MM               5.0
  SINCE JUL 1      0.0               MM               5.0

DEGREE DAYS
 HEATING
  YESTERDAY       23

 COOLING
  YESTERDAY        0
...........................................................


WIND (MPH)
  RESULTANT WIND SPEED   1   RESULTANT WIND DIRECTION  NE (50)
  HIGHEST WIND SPEED     9   HIGHEST WIND DIRECTION     N (360)
  HIGHEST GUST SPEED    12   HIGHEST GUST DIRECTION     N (350)


SKY COVER
  POSSIBLE SUNSHINE  MM
  AVERAGE SKY COVER 0.0


WEATHER CONDITIONS
 THE FOLLOWING WEATHER WAS RECORDED YESTERDAY.
  NO SIGNIFICANT WEATHER WAS OBSERVED.


RELATIVE HUMIDITY (PERCENT)
 HIGHEST    92
 LOWEST     45
 AVERAGE    69

..........................................................


THE REDDING AIRPORT CA CLIMATE NORMALS FOR TODAY
                         NORMAL    RECORD    YEAR
 MAXIMUM TEMPERATURE (F)   54        70      2000
 MINIMUM TEMPERATURE (F)   36        20      1990
                                             1988


SUNRISE AND SUNSET
DECEMBER 28 2014......SUNRISE   732 AM PST   SUNSET   450 PM PST
DECEMBER 29 2014......SUNRISE   732 AM PST   SUNSET   451 PM PST


-  INDICATES NEGATIVE NUMBERS.
R  INDICATES RECORD WAS SET OR TIED.
MM INDICATES DATA IS MISSING.
T  INDICATES TRACE AMOUNT.






&&
....................................................................

REDDING CITY CLIMATE DATA FOR DECEMBER 27

CLIMATE RECORD PERIOD 1897-1986

RECORD HIGH..............     76 IN 1967
RECORD LOW...............     24 IN 1954

RECORD RAINFALL..........   4.88 IN 1951

$$

JCLAPP
