000
CDUS46 KSTO 090845
CLIRDD

CLIMATE REPORT
NATIONAL WEATHER SERVICE SACRAMENTO, CA
1242 AM PST FRI DEC 9 2016


...................................

...THE REDDING AIRPORT CA CLIMATE SUMMARY FOR DECEMBER 8 2016...

CLIMATE NORMAL PERIOD 1981 TO 2010
CLIMATE RECORD PERIOD 1986 TO 2016


WEATHER ITEM   OBSERVED RECORD YEAR NORMAL DEPARTURE LAST
                VALUE   VALUE       VALUE  FROM      YEAR
                                           NORMAL
...........................................................
TEMPERATURE (F)
 YESTERDAY
  MAXIMUM         43     70    2011  55    -12       59
  MINIMUM         35     18    2009  37     -2       50
  AVERAGE         39

PRECIPITATION (IN)
  YESTERDAY        0.28   2.67 1992   0.18   0.10     0.00
  MONTH TO DATE    0.61               1.47  -0.86     1.65
  SINCE OCT 1     13.31               8.05   5.26     3.30
  SINCE JAN 1     43.94              29.82  14.12    10.68

SNOWFALL (IN)
  YESTERDAY       MM      0.0  2001  MM               0.0
  MONTH TO DATE    0.0               MM               0.0
  SINCE DEC 1      0.0               MM               0.0
  SINCE JUL 1      0.0               MM               0.0

DEGREE DAYS
 HEATING
  YESTERDAY       26

 COOLING
  YESTERDAY        0
...........................................................


WIND (MPH)
  RESULTANT WIND SPEED   1   RESULTANT WIND DIRECTION   N (350)
  HIGHEST WIND SPEED     5   HIGHEST WIND DIRECTION     N (340)
  HIGHEST GUST SPEED     6   HIGHEST GUST DIRECTION     N (20)


SKY COVER
  POSSIBLE SUNSHINE  MM
  AVERAGE SKY COVER 1.0


WEATHER CONDITIONS
 THE FOLLOWING WEATHER WAS RECORDED YESTERDAY.
  LIGHT RAIN
  FOG


RELATIVE HUMIDITY (PERCENT)
 HIGHEST   100
 LOWEST     92
 AVERAGE    96

..........................................................


THE REDDING AIRPORT CA CLIMATE NORMALS FOR TODAY
                         NORMAL    RECORD    YEAR
 MAXIMUM TEMPERATURE (F)   55        73      1988
 MINIMUM TEMPERATURE (F)   37        16      2009


SUNRISE AND SUNSET
DECEMBER  9 2016......SUNRISE   721 AM PST   SUNSET   442 PM PST
DECEMBER 10 2016......SUNRISE   722 AM PST   SUNSET   442 PM PST


-  INDICATES NEGATIVE NUMBERS.
R  INDICATES RECORD WAS SET OR TIED.
MM INDICATES DATA IS MISSING.
T  INDICATES TRACE AMOUNT.




&&
....................................................................

REDDING CITY CLIMATE DATA FOR DECEMBER 08

CLIMATE RECORD PERIOD 1897-1986

RECORD HIGH..............     78 IN 1975
RECORD LOW...............     20 IN 1972

RECORD RAINFALL..........   2.12 IN 1939

$$

NNNN
