000
CDUS46 KSTO 310845
CLIRDD

CLIMATE REPORT
NATIONAL WEATHER SERVICE SACRAMENTO, CA
1237 AM PST SAT JAN 31 2015


...................................

...THE REDDING AIRPORT CA CLIMATE SUMMARY FOR JANUARY 30 2015...

CLIMATE NORMAL PERIOD 1981 TO 2010
CLIMATE RECORD PERIOD 1986 TO 2015


WEATHER ITEM   OBSERVED RECORD YEAR NORMAL DEPARTURE LAST
                VALUE   VALUE       VALUE  FROM      YEAR
                                           NORMAL
...........................................................
TEMPERATURE (F)
 YESTERDAY
  MAXIMUM         73     74    2009  57     16       62
  MINIMUM         45     24    1991  37      8       40
  AVERAGE         59

PRECIPITATION (IN)
  YESTERDAY        0.00   1.38 1995   0.18  -0.18     0.00
  MONTH TO DATE    0.26               5.78  -5.52     0.42
  SINCE OCT 1     16.51              18.63  -2.12     2.53
  SINCE JAN 1      0.26               5.78  -5.52     0.42

SNOWFALL (IN)
  YESTERDAY        0.0    0.0  2002  MM               0.0
  MONTH TO DATE    0.0               MM               0.0
  SINCE DEC 1      0.0               MM               5.0
  SINCE JUL 1      0.0               MM               5.0

DEGREE DAYS
 HEATING
  YESTERDAY        6

 COOLING
  YESTERDAY        0
...........................................................


WIND (MPH)
  RESULTANT WIND SPEED  12   RESULTANT WIND DIRECTION   N (10)
  HIGHEST WIND SPEED    29   HIGHEST WIND DIRECTION     N (20)
  HIGHEST GUST SPEED    39   HIGHEST GUST DIRECTION     N (10)


SKY COVER
  POSSIBLE SUNSHINE  MM
  AVERAGE SKY COVER 0.0


WEATHER CONDITIONS
 THE FOLLOWING WEATHER WAS RECORDED YESTERDAY.
  NO SIGNIFICANT WEATHER WAS OBSERVED.


RELATIVE HUMIDITY (PERCENT)
 HIGHEST    76
 LOWEST     20
 AVERAGE    48

..........................................................


THE REDDING AIRPORT CA CLIMATE NORMALS FOR TODAY
                         NORMAL    RECORD    YEAR
 MAXIMUM TEMPERATURE (F)   57        75      2009
 MINIMUM TEMPERATURE (F)   37        26      2002
                                             1990


SUNRISE AND SUNSET
JANUARY 31 2015.......SUNRISE   720 AM PST   SUNSET   526 PM PST
FEBRUARY  1 2015......SUNRISE   719 AM PST   SUNSET   527 PM PST


-  INDICATES NEGATIVE NUMBERS.
R  INDICATES RECORD WAS SET OR TIED.
MM INDICATES DATA IS MISSING.
T  INDICATES TRACE AMOUNT.






&&
....................................................................

REDDING CITY CLIMATE DATA FOR JANUARY 30

CLIMATE RECORD PERIOD 1897-1986

RECORD HIGH..............     79 IN 1984
RECORD LOW...............     21 IN 1980

RECORD RAINFALL..........   1.95 IN 1926

$$

JCLAPP
