000
CDUS46 KSTO 230839
CLIRDD

CLIMATE REPORT
NATIONAL WEATHER SERVICE SACRAMENTO, CA
1238 AM PST MON JAN 23 2017


...................................

...THE REDDING AIRPORT CA CLIMATE SUMMARY FOR JANUARY 22 2017...

CLIMATE NORMAL PERIOD 1981 TO 2010
CLIMATE RECORD PERIOD 1986 TO 2017


WEATHER ITEM   OBSERVED RECORD YEAR NORMAL DEPARTURE LAST
                VALUE   VALUE       VALUE  FROM      YEAR
                                           NORMAL
...........................................................
TEMPERATURE (F)
 YESTERDAY
  MAXIMUM         51     77    2014  56     -5       57
  MINIMUM         43     25    2002  37      6       52
  AVERAGE         47

PRECIPITATION (IN)
  YESTERDAY        0.61   2.39 1995   0.19   0.42     0.75
  MONTH TO DATE   11.38               4.34   7.04    10.48
  SINCE OCT 1     30.11              17.19  12.92    20.34
  SINCE JAN 1     11.38               4.34   7.04    10.48

SNOWFALL (IN)
  YESTERDAY        0.0    0.0  2002  MM               0.0
  MONTH TO DATE    3.0               MM               0.0
  SINCE DEC 1      3.0               MM               0.0
  SINCE JUL 1      3.0               MM               0.0

DEGREE DAYS
 HEATING
  YESTERDAY       18

 COOLING
  YESTERDAY        0
...........................................................


WIND (MPH)
  RESULTANT WIND SPEED  16   RESULTANT WIND DIRECTION   S (170)
  HIGHEST WIND SPEED    38   HIGHEST WIND DIRECTION     S (170)
  HIGHEST GUST SPEED    51   HIGHEST GUST DIRECTION     S (170)


SKY COVER
  POSSIBLE SUNSHINE  MM
  AVERAGE SKY COVER 1.0


WEATHER CONDITIONS
 THE FOLLOWING WEATHER WAS RECORDED YESTERDAY.
  RAIN
  LIGHT RAIN
  FOG


RELATIVE HUMIDITY (PERCENT)
 HIGHEST    93
 LOWEST     66
 AVERAGE    80

..........................................................


THE REDDING AIRPORT CA CLIMATE NORMALS FOR TODAY
                         NORMAL    RECORD    YEAR
 MAXIMUM TEMPERATURE (F)   56        75      2015
 MINIMUM TEMPERATURE (F)   37        26      2007


SUNRISE AND SUNSET
JANUARY 23 2017.......SUNRISE   726 AM PST   SUNSET   517 PM PST
JANUARY 24 2017.......SUNRISE   725 AM PST   SUNSET   518 PM PST


-  INDICATES NEGATIVE NUMBERS.
R  INDICATES RECORD WAS SET OR TIED.
MM INDICATES DATA IS MISSING.
T  INDICATES TRACE AMOUNT.

&&
....................................................................

REDDING CITY CLIMATE DATA FOR JANUARY 22

CLIMATE RECORD PERIOD 1897-1986

RECORD HIGH..............     78 IN 1968
RECORD LOW...............     24 IN 1962

RECORD RAINFALL..........   2.44 IN 1954

$$
