000
CDUS41 KPHI 240629
CLIRDG


CLIMATE REPORT
NATIONAL WEATHER SERVICE MOUNT HOLLY NJ
128 AM EST MON NOV 24 2014


...................................

...THE READING PA CLIMATE SUMMARY FOR NOVEMBER 23 2014...

CLIMATE NORMAL PERIOD 1981 TO 2010
CLIMATE RECORD PERIOD 1869 TO 2014


WEATHER ITEM   OBSERVED TIME   RECORD YEAR NORMAL DEPARTURE LAST
                VALUE   (LST)  VALUE       VALUE  FROM      YEAR
                                                  NORMAL
..................................................................
TEMPERATURE (F)
 YESTERDAY
  MAXIMUM         61    300 PM  71    1979  50     11       52
                                      1939
                                      1931
  MINIMUM         36    505 AM  16    1972  33      3       27
  AVERAGE         49                        41      8       40

PRECIPITATION (IN)
  YESTERDAY        0.01          2.28 1992   0.12  -0.11      T
  MONTH TO DATE    1.24                      2.51  -1.27     0.68
  SINCE SEP 1      7.48                     10.07  -2.59     6.76
  SINCE JAN 1     37.91                     39.03  -1.12    35.90

SNOWFALL (IN)
  YESTERDAY       MM            MM      MM  MM     MM       MM
  MONTH TO DATE   MM                        MM     MM       MM
  SINCE SEP 1     MM                        MM     MM       MM
  SINCE JUL 1     MM                        MM     MM       MM
  SNOW DEPTH      MM

DEGREE DAYS
 HEATING
  YESTERDAY       16                        24     -8       25
  MONTH TO DATE  536                       453     83      447
  SINCE SEP 1    838                       886    -48      812
  SINCE JUL 1    839                       891    -52      812

 COOLING
  YESTERDAY        0                         0      0        0
  MONTH TO DATE    0                         0      0        0
  SINCE SEP 1    141                        93     48      140
  SINCE JAN 1    962                       896     66     1124
..................................................................


WIND (MPH)
  HIGHEST WIND SPEED    14   HIGHEST WIND DIRECTION    SE (150)
  HIGHEST GUST SPEED    19   HIGHEST GUST DIRECTION    SE (150)
  AVERAGE WIND SPEED     4.3


SKY COVER
  POSSIBLE SUNSHINE  MM
  AVERAGE SKY COVER 0.4


WEATHER CONDITIONS
 THE FOLLOWING WEATHER WAS RECORDED YESTERDAY.
  LIGHT RAIN


RELATIVE HUMIDITY (PERCENT)
 HIGHEST    77          1100 PM
 LOWEST     22           200 PM
 AVERAGE    50

..........................................................


THE READING PA CLIMATE NORMALS FOR TODAY
                         NORMAL    RECORD    YEAR
 MAXIMUM TEMPERATURE (F)   50        69      1979
                                             1931
 MINIMUM TEMPERATURE (F)   32        15      1970


SUNRISE AND SUNSET
NOVEMBER 24 2014......SUNRISE   700 AM EST   SUNSET   441 PM EST
NOVEMBER 25 2014......SUNRISE   701 AM EST   SUNSET   440 PM EST


-  INDICATES NEGATIVE NUMBERS.
R  INDICATES RECORD WAS SET OR TIED.
MM INDICATES DATA IS MISSING.
T  INDICATES TRACE AMOUNT.




$$
