000
CDUS41 KPHI 302128
CLIRDG


CLIMATE REPORT
NATIONAL WEATHER SERVICE MOUNT HOLLY NJ
527 PM EDT TUE JUN 30 2015


...................................

...THE READING PA CLIMATE SUMMARY FOR JUNE 30 2015...
VALID TODAY AS OF 0500 PM LOCAL TIME.

CLIMATE NORMAL PERIOD 1981 TO 2010
CLIMATE RECORD PERIOD 1869 TO 2015


WEATHER ITEM   OBSERVED TIME   RECORD YEAR NORMAL DEPARTURE LAST
                VALUE   (LST)  VALUE       VALUE  FROM      YEAR
                                                  NORMAL
..................................................................
TEMPERATURE (F)
 TODAY
  MAXIMUM         82    315 PM  98    1964  85     -3       87
  MINIMUM         64    432 AM  47    1988  64      0       69
  AVERAGE         73                        74     -1       78

PRECIPITATION (IN)
  TODAY            0.04          2.90 1939   0.13  -0.09     0.00
  MONTH TO DATE    6.16                      3.78   2.38     3.79
  SINCE JUN 1      6.16                      3.78   2.38     3.79
  SINCE JAN 1     18.07                     20.80  -2.73    22.61

SNOWFALL (IN)
  TODAY           MM            MM      MM  MM     MM       MM
  MONTH TO DATE   MM                        MM     MM       MM
  SINCE JUN 1     MM                        MM     MM       MM
  SINCE JUL 1     MM                        MM     MM       MM
  SNOW DEPTH      MM

DEGREE DAYS
 HEATING
  TODAY            0                         0      0        0
  MONTH TO DATE   21                        23     -2        1
  SINCE JUN 1     21                        24     -3        1
  SINCE JUL 1   5683                      5392    291     5745

 COOLING
  TODAY            8                         9     -1       13
  MONTH TO DATE  225                       189     36      228
  SINCE JUN 1    225                       189     36      228
  SINCE JAN 1    384                       249    135      290
..................................................................


WIND (MPH)
  HIGHEST WIND SPEED    22   HIGHEST WIND DIRECTION     S (190)
  HIGHEST GUST SPEED    29   HIGHEST GUST DIRECTION     S (190)
  AVERAGE WIND SPEED     6.0


SKY COVER
  POSSIBLE SUNSHINE  MM
  AVERAGE SKY COVER 0.8


WEATHER CONDITIONS
 THE FOLLOWING WEATHER WAS RECORDED TODAY.
  THUNDERSTORM
  LIGHT RAIN
  FOG


RELATIVE HUMIDITY (PERCENT)
 HIGHEST    87           300 AM
 LOWEST     58           200 PM
 AVERAGE    73

..........................................................


THE READING PA CLIMATE NORMALS FOR TOMORROW
                         NORMAL    RECORD    YEAR
 MAXIMUM TEMPERATURE (F)   85       101      1901
 MINIMUM TEMPERATURE (F)   64        46      1988


SUNRISE AND SUNSET
JUNE 30 2015..........SUNRISE   537 AM EDT   SUNSET   838 PM EDT
JULY  1 2015..........SUNRISE   537 AM EDT   SUNSET   838 PM EDT


-  INDICATES NEGATIVE NUMBERS.
R  INDICATES RECORD WAS SET OR TIED.
MM INDICATES DATA IS MISSING.
T  INDICATES TRACE AMOUNT.




$$
