000
CDUS41 KPHI 270628
CLIRDG


CLIMATE REPORT
NATIONAL WEATHER SERVICE MOUNT HOLLY NJ
226 AM EDT WED JUL 27 2016


...................................

...THE READING PA CLIMATE SUMMARY FOR JULY 26 2016...

CLIMATE NORMAL PERIOD 1981 TO 2010
CLIMATE RECORD PERIOD 1869 TO 2016


WEATHER ITEM   OBSERVED TIME   RECORD YEAR NORMAL DEPARTURE LAST
                VALUE   (LST)  VALUE       VALUE  FROM      YEAR
                                                  NORMAL
..................................................................
TEMPERATURE (F)
 YESTERDAY
  MAXIMUM         93    429 PM  99    1940  85      8       90
  MINIMUM         68    358 AM  52    1976  64      4       68
                                      1977
  AVERAGE         81                        75      6       79

PRECIPITATION (IN)
  YESTERDAY        0.00          1.75 1873   0.16  -0.16     0.53
  MONTH TO DATE    2.05                      3.84  -1.79     2.15
  SINCE JUN 1      3.87                      7.62  -3.75     8.37
  SINCE JAN 1     17.87                     24.64  -6.77    20.28

SNOWFALL (IN)
  YESTERDAY       MM            MM      MM  MM     MM       MM
  MONTH TO DATE   MM                        MM     MM       MM
  SINCE JUN 1     MM                        MM     MM       MM
  SINCE JUL 1     MM                        MM     MM       MM
  SNOW DEPTH      MM

DEGREE DAYS
 HEATING
  YESTERDAY        0                         0      0        0
  MONTH TO DATE    0                         0      0        0
  SINCE JUN 1      9                        24    -15       21
  SINCE JUL 1      0                         0      0        0

 COOLING
  YESTERDAY       16                        10      6       14
  MONTH TO DATE  352                       257     95      259
  SINCE JUN 1    578                       446    132      484
  SINCE JAN 1    672                       506    166      643
..................................................................


WIND (MPH)
  HIGHEST WIND SPEED    17   HIGHEST WIND DIRECTION     W (290)
  HIGHEST GUST SPEED    23   HIGHEST GUST DIRECTION    NW (300)
  AVERAGE WIND SPEED     5.0


SKY COVER
  POSSIBLE SUNSHINE  MM
  AVERAGE SKY COVER 0.2


WEATHER CONDITIONS
 THE FOLLOWING WEATHER WAS RECORDED YESTERDAY.
  FOG
  FOG W/VISIBILITY <= 1/4 MILE
  HAZE


RELATIVE HUMIDITY (PERCENT)
 HIGHEST    97           200 AM
 LOWEST     36           400 PM
 AVERAGE    67

..........................................................


THE READING PA CLIMATE NORMALS FOR TODAY
                         NORMAL    RECORD    YEAR
 MAXIMUM TEMPERATURE (F)   85        98      1955
 MINIMUM TEMPERATURE (F)   64        46      1977


SUNRISE AND SUNSET
JULY 27 2016..........SUNRISE   557 AM EDT   SUNSET   823 PM EDT
JULY 28 2016..........SUNRISE   558 AM EDT   SUNSET   822 PM EDT


-  INDICATES NEGATIVE NUMBERS.
R  INDICATES RECORD WAS SET OR TIED.
MM INDICATES DATA IS MISSING.
T  INDICATES TRACE AMOUNT.




$$
