000
CDUS41 KPHI 070635
CLIRDG


CLIMATE REPORT
NATIONAL WEATHER SERVICE MOUNT HOLLY NJ
133 AM EST WED DEC 7 2016


...................................

...THE READING PA CLIMATE SUMMARY FOR DECEMBER 6 2016...

CLIMATE NORMAL PERIOD 1981 TO 2010
CLIMATE RECORD PERIOD 1869 TO 2016


WEATHER ITEM   OBSERVED TIME   RECORD YEAR NORMAL DEPARTURE LAST
                VALUE   (LST)  VALUE       VALUE  FROM      YEAR
                                                  NORMAL
..................................................................
TEMPERATURE (F)
 YESTERDAY
  MAXIMUM         42    130 PM  70    1998  45     -3       52
  MINIMUM         28    550 AM  10    1901  29     -1       23
  AVERAGE         35                        37     -2       38

PRECIPITATION (IN)
  YESTERDAY        0.49          2.99 1953   0.12   0.37     0.00
  MONTH TO DATE    0.71                      0.71   0.00     0.85
  SINCE DEC 1      0.71                      0.71   0.00     0.85
  SINCE JAN 1     33.40                     40.69  -7.29    34.83

SNOWFALL (IN)
  YESTERDAY       MM            MM      MM  MM     MM       MM
  MONTH TO DATE   MM                        MM     MM       MM
  SINCE DEC 1     MM                        MM     MM       MM
  SINCE JUL 1     MM                        MM     MM       MM
  SNOW DEPTH      MM

DEGREE DAYS
 HEATING
  YESTERDAY       30                        28      2       27
  MONTH TO DATE  137                       165    -28      133
  SINCE DEC 1    137                       165    -28      133
  SINCE JUL 1    991                      1232   -241      952

 COOLING
  YESTERDAY        0                         0      0        0
  MONTH TO DATE    0                         0      0        0
  SINCE DEC 1      0                         0      0        0
  SINCE JAN 1   1356                       896    460     1182
..................................................................


WIND (MPH)
  HIGHEST WIND SPEED    12   HIGHEST WIND DIRECTION    NE (40)
  HIGHEST GUST SPEED    15   HIGHEST GUST DIRECTION    NE (30)
  AVERAGE WIND SPEED     4.6


SKY COVER
  POSSIBLE SUNSHINE  MM
  AVERAGE SKY COVER 0.5


WEATHER CONDITIONS
 THE FOLLOWING WEATHER WAS RECORDED YESTERDAY.
  HEAVY RAIN
  RAIN
  LIGHT RAIN
  FOG


RELATIVE HUMIDITY (PERCENT)
 HIGHEST    92           200 AM
 LOWEST     62           100 PM
 AVERAGE    77

..........................................................


THE READING PA CLIMATE NORMALS FOR TODAY
                         NORMAL    RECORD    YEAR
 MAXIMUM TEMPERATURE (F)   44        74      1998
 MINIMUM TEMPERATURE (F)   28         5      2002


SUNRISE AND SUNSET
DECEMBER  7 2016......SUNRISE   714 AM EST   SUNSET   437 PM EST
DECEMBER  8 2016......SUNRISE   715 AM EST   SUNSET   437 PM EST


-  INDICATES NEGATIVE NUMBERS.
R  INDICATES RECORD WAS SET OR TIED.
MM INDICATES DATA IS MISSING.
T  INDICATES TRACE AMOUNT.




$$
