000
CDUS41 KPHI 060636
CLIRDG


CLIMATE REPORT
NATIONAL WEATHER SERVICE MOUNT HOLLY NJ
131 AM EST FRI MAR 6 2015


...................................

...THE READING PA CLIMATE SUMMARY FOR MARCH 5 2015...

CLIMATE NORMAL PERIOD 1981 TO 2010
CLIMATE RECORD PERIOD 1869 TO 2015


WEATHER ITEM   OBSERVED TIME   RECORD YEAR NORMAL DEPARTURE LAST
                VALUE   (LST)  VALUE       VALUE  FROM      YEAR
                                                  NORMAL
..................................................................
TEMPERATURE (F)
 YESTERDAY
  MAXIMUM         36   1242 AM  74    1976  47    -11       38
                                      1964
                                      1946
  MINIMUM         13   1153 PM   5    1978  28    -15       16
  AVERAGE         25                        37    -12       27

PRECIPITATION (IN)
  YESTERDAY        0.80          1.18 1899   0.10   0.70     0.00
  MONTH TO DATE    2.38                      0.42   1.96     0.03
  SINCE MAR 1      2.38                      0.42   1.96     0.03
  SINCE JAN 1      6.12                      5.95   0.17     6.71

SNOWFALL (IN)
  YESTERDAY       MM            MM      MM  MM     MM       MM
  MONTH TO DATE   MM                        MM     MM       MM
  SINCE MAR 1     MM                        MM     MM       MM
  SINCE JUL 1     MM                        MM     MM       MM
  SNOW DEPTH      MM

DEGREE DAYS
 HEATING
  YESTERDAY       40                        28     12       38
  MONTH TO DATE  191                       142     49      203
  SINCE MAR 1    191                       142     49      203
  SINCE JUL 1   4496                      4184    312     4513

 COOLING
  YESTERDAY        0                         0      0        0
  MONTH TO DATE    0                         0      0        0
  SINCE MAR 1      0                         0      0        0
  SINCE JAN 1      0                         0      0        0
..................................................................


WIND (MPH)
  HIGHEST WIND SPEED    21   HIGHEST WIND DIRECTION     N (350)
  HIGHEST GUST SPEED    25   HIGHEST GUST DIRECTION     N (350)
  AVERAGE WIND SPEED     7.9


SKY COVER
  POSSIBLE SUNSHINE  MM
  AVERAGE SKY COVER 0.9


WEATHER CONDITIONS
 THE FOLLOWING WEATHER WAS RECORDED YESTERDAY.
  RAIN
  LIGHT RAIN
  HEAVY SNOW
  SNOW
  LIGHT SNOW
  FOG
  FOG W/VISIBILITY <= 1/4 MILE


RELATIVE HUMIDITY (PERCENT)
 HIGHEST    96          1000 AM
 LOWEST     56          1000 PM
 AVERAGE    76

..........................................................


THE READING PA CLIMATE NORMALS FOR TODAY
                         NORMAL    RECORD    YEAR
 MAXIMUM TEMPERATURE (F)   47        67      1976
                                             1935
 MINIMUM TEMPERATURE (F)   28         7      1978


SUNRISE AND SUNSET
MARCH  6 2015.........SUNRISE   630 AM EST   SUNSET   601 PM EST
MARCH  7 2015.........SUNRISE   629 AM EST   SUNSET   602 PM EST


-  INDICATES NEGATIVE NUMBERS.
R  INDICATES RECORD WAS SET OR TIED.
MM INDICATES DATA IS MISSING.
T  INDICATES TRACE AMOUNT.




$$
