000
CDUS41 KPHI 020628
CLIRDG


CLIMATE REPORT
NATIONAL WEATHER SERVICE MOUNT HOLLY NJ
227 AM EDT MON MAY 2 2016


...................................

...THE READING PA CLIMATE SUMMARY FOR MAY 1 2016...

CLIMATE NORMAL PERIOD 1981 TO 2010
CLIMATE RECORD PERIOD 1869 TO 2016


WEATHER ITEM   OBSERVED TIME   RECORD YEAR NORMAL DEPARTURE LAST
                VALUE   (LST)  VALUE       VALUE  FROM      YEAR
                                                  NORMAL
..................................................................
TEMPERATURE (F)
 YESTERDAY
  MAXIMUM         51    909 PM  91    1942  68    -17       60
  MINIMUM         43    839 AM  26    1978  45     -2       49
  AVERAGE         47                        57    -10       55

PRECIPITATION (IN)
  YESTERDAY        0.29          1.84 1932   0.11   0.18      T
  MONTH TO DATE    0.29                      0.11   0.18      T
  SINCE MAR 1      3.10                      7.36  -4.26     6.51
  SINCE JAN 1      9.91                     12.89  -2.98    10.25

SNOWFALL (IN)
  YESTERDAY       MM            MM      MM  MM     MM       MM
  MONTH TO DATE   MM                        MM     MM       MM
  SINCE MAR 1     MM                        MM     MM       MM
  SINCE JUL 1     MM                        MM     MM       MM
  SNOW DEPTH      MM

DEGREE DAYS
 HEATING
  YESTERDAY       18                         9      9       10
  MONTH TO DATE   18                         9      9       10
  SINCE MAR 1    973                      1165   -192     1299
  SINCE JUL 1   4320                      5207   -887     5604

 COOLING
  YESTERDAY        0                         1     -1        0
  MONTH TO DATE    0                         1     -1        0
  SINCE MAR 1     13                        10      3        0
  SINCE JAN 1     13                        10      3        0
..................................................................


WIND (MPH)
  HIGHEST WIND SPEED    12   HIGHEST WIND DIRECTION    SE (140)
  HIGHEST GUST SPEED    16   HIGHEST GUST DIRECTION    SE (140)
  AVERAGE WIND SPEED     4.6


SKY COVER
  POSSIBLE SUNSHINE  MM
  AVERAGE SKY COVER 0.9


WEATHER CONDITIONS
 THE FOLLOWING WEATHER WAS RECORDED YESTERDAY.
  RAIN
  LIGHT RAIN
  FOG


RELATIVE HUMIDITY (PERCENT)
 HIGHEST    93          1000 PM
 LOWEST     66           200 AM
 AVERAGE    80

..........................................................


THE READING PA CLIMATE NORMALS FOR TODAY
                         NORMAL    RECORD    YEAR
 MAXIMUM TEMPERATURE (F)   68        89      1899
 MINIMUM TEMPERATURE (F)   46        32      1903


SUNRISE AND SUNSET
MAY  2 2016...........SUNRISE   601 AM EDT   SUNSET   801 PM EDT
MAY  3 2016...........SUNRISE   600 AM EDT   SUNSET   802 PM EDT


-  INDICATES NEGATIVE NUMBERS.
R  INDICATES RECORD WAS SET OR TIED.
MM INDICATES DATA IS MISSING.
T  INDICATES TRACE AMOUNT.




$$
