000
CDUS46 KPDT 270829 RRA
CLIRDM

CLIMATE REPORT
NATIONAL WEATHER SERVICE PENDLETON OR
127 AM PDT THU APR 27 2017


...................................

...THE REDMOND OR CLIMATE SUMMARY FOR APRIL 26 2017...

CLIMATE NORMAL PERIOD 1981 TO 2010
CLIMATE RECORD PERIOD 1949 TO 2017


WEATHER ITEM   OBSERVED TIME   RECORD YEAR NORMAL DEPARTURE LAST
                VALUE   (LST)  VALUE       VALUE  FROM      YEAR
                                                  NORMAL
..................................................................
TEMPERATURE (F)
 YESTERDAY
  MAXIMUM         54    425 PM  84    2004  62     -8       61
  MINIMUM         38   1148 PM  20    1984  31      7       24
  AVERAGE         46                        46      0       43

PRECIPITATION (IN)
  YESTERDAY        0.05          0.38 1970   0.02   0.03     0.00
  MONTH TO DATE    0.89                      0.62   0.27     0.26
  SINCE OCT 1      7.97                      5.66   2.31     5.74
  SINCE JAN 1      4.22                      2.90   1.32     2.17

DEGREE DAYS
 HEATING
  YESTERDAY       19                        19      0       22
  MONTH TO DATE  563                       547     16      365
  SINCE MAR 1   1240                      1325    -85     1095
  SINCE JUL 1   6117                      5998    119     5226

 COOLING
  YESTERDAY        0                         0      0        0
  MONTH TO DATE    0                         0      0        0
  SINCE MAR 1      0                         0      0        0
  SINCE JAN 1      0                         0      0        0
..................................................................


WIND (MPH)
  RESULTANT WIND SPEED   8   RESULTANT WIND DIRECTION  NW (300)
  HIGHEST WIND SPEED    31   HIGHEST WIND DIRECTION     W (280)
  HIGHEST GUST SPEED    38   HIGHEST GUST DIRECTION     W (280)
  AVERAGE WIND SPEED    10.7


SKY COVER
  POSSIBLE SUNSHINE  MM
  AVERAGE SKY COVER 0.6


WEATHER CONDITIONS
 THE FOLLOWING WEATHER WAS RECORDED YESTERDAY.
  LIGHT RAIN


RELATIVE HUMIDITY (PERCENT)
 HIGHEST    83           900 AM
 LOWEST     38           400 PM
 AVERAGE    61

..........................................................


THE REDMOND OR CLIMATE NORMALS FOR TODAY
                         NORMAL    RECORD    YEAR
 MAXIMUM TEMPERATURE (F)   62        88      1987
 MINIMUM TEMPERATURE (F)   31        13      1970


SUNRISE AND SUNSET
APRIL 27 2017.........SUNRISE   601 AM PDT   SUNSET   804 PM PDT
APRIL 28 2017.........SUNRISE   559 AM PDT   SUNSET   805 PM PDT


-  INDICATES NEGATIVE NUMBERS.
R  INDICATES RECORD WAS SET OR TIED.
MM INDICATES DATA IS MISSING.
T  INDICATES TRACE AMOUNT.




$$
