000
CDUS46 KPDT 290840
CLIRDM

CLIMATE REPORT
NATIONAL WEATHER SERVICE PENDLETON OR
128 AM PDT TUE JUL 29 2014


...................................

...THE REDMOND OR CLIMATE SUMMARY FOR JULY 28 2014...

CLIMATE NORMAL PERIOD 1981 TO 2010
CLIMATE RECORD PERIOD 1949 TO 2014


WEATHER ITEM   OBSERVED TIME   RECORD YEAR NORMAL DEPARTURE LAST
                VALUE   (LST)  VALUE       VALUE  FROM      YEAR
                                                  NORMAL
..................................................................
TEMPERATURE (F)
 YESTERDAY
  MAXIMUM         98    305 PM 104    1968  88     10       85
  MINIMUM         46    500 AM  32    1959  47     -1       42
  AVERAGE         72                        68      4       64

PRECIPITATION (IN)
  YESTERDAY        0.00          0.07 1984   0.02  -0.02     0.00
  MONTH TO DATE    0.29                      0.50  -0.21     0.00
  SINCE OCT 1      4.75                      7.94  -3.19     5.83
  SINCE JAN 1      4.04                      5.18  -1.14     1.92

DEGREE DAYS
 HEATING
  YESTERDAY        0                         1     -1        1
  MONTH TO DATE   31                        65    -34       17
  SINCE JUN 1    254                       282    -28      202
  SINCE JUL 1     31                        65    -34       17

 COOLING
  YESTERDAY        7                         4      3        0
  MONTH TO DATE  156                        88     68      160
  SINCE JUN 1    157                       112     45      199
  SINCE JAN 1    157                       117     40      208
..................................................................


WIND (MPH)
  RESULTANT WIND SPEED   3   RESULTANT WIND DIRECTION   N (340)
  HIGHEST WIND SPEED    24   HIGHEST WIND DIRECTION     W (250)
  HIGHEST GUST SPEED    32   HIGHEST GUST DIRECTION    NW (300)
  AVERAGE WIND SPEED     6.6


SKY COVER
  POSSIBLE SUNSHINE  MM
  AVERAGE SKY COVER 0.0


WEATHER CONDITIONS
 THE FOLLOWING WEATHER WAS RECORDED YESTERDAY.
  NO SIGNIFICANT WEATHER WAS OBSERVED.


RELATIVE HUMIDITY (PERCENT)
 HIGHEST    71           500 AM
 LOWEST     13           100 PM
 AVERAGE    42

..........................................................


THE REDMOND OR CLIMATE NORMALS FOR TODAY
                         NORMAL    RECORD    YEAR
 MAXIMUM TEMPERATURE (F)   88       101      1999
 MINIMUM TEMPERATURE (F)   47        34      1950


SUNRISE AND SUNSET
JULY 29 2014..........SUNRISE   549 AM PDT   SUNSET   833 PM PDT
JULY 30 2014..........SUNRISE   550 AM PDT   SUNSET   831 PM PDT


-  INDICATES NEGATIVE NUMBERS.
R  INDICATES RECORD WAS SET OR TIED.
MM INDICATES DATA IS MISSING.
T  INDICATES TRACE AMOUNT.




$$
