000
CDUS46 KPDT 190910 RRA
CLIRDM

CLIMATE REPORT
NATIONAL WEATHER SERVICE PENDLETON OR
201 AM PDT SAT AUG 19 2017


...................................

...THE REDMOND OR CLIMATE SUMMARY FOR AUGUST 18 2017...

CLIMATE NORMAL PERIOD 1981 TO 2010
CLIMATE RECORD PERIOD 1949 TO 2017


WEATHER ITEM   OBSERVED TIME   RECORD YEAR NORMAL DEPARTURE LAST
                VALUE   (LST)  VALUE       VALUE  FROM      YEAR
                                                  NORMAL
..................................................................
TEMPERATURE (F)
 YESTERDAY
  MAXIMUM         89    434 PM 103    1967  85      4       96
  MINIMUM         47    459 AM  31    1973  45      2       48
  AVERAGE         68                        65      3       72

PRECIPITATION (IN)
  YESTERDAY        0.00          0.78 2008   0.02  -0.02     0.00
  MONTH TO DATE    0.29                      0.29   0.00     0.02
  SINCE OCT 1      8.79                      8.28   0.51     9.06
  SINCE JAN 1      5.04                      5.52  -0.48     5.49

DEGREE DAYS
 HEATING
  YESTERDAY        0                         3     -3        0
  MONTH TO DATE   10                        35    -25       25
  SINCE JUN 1    181                       321   -140      251
  SINCE JUL 1     16                       104    -88       74

 COOLING
  YESTERDAY        3                         2      1        7
  MONTH TO DATE  118                        59     59       57
  SINCE JUN 1    326                       180    146      197
  SINCE JAN 1    336                       185    151      200
..................................................................


WIND (MPH)
  RESULTANT WIND SPEED   1   RESULTANT WIND DIRECTION   N (340)
  HIGHEST WIND SPEED    15   HIGHEST WIND DIRECTION    NW (310)
  HIGHEST GUST SPEED    21   HIGHEST GUST DIRECTION    NW (310)
  AVERAGE WIND SPEED     4.7


SKY COVER
  POSSIBLE SUNSHINE  MM
  AVERAGE SKY COVER 0.1


WEATHER CONDITIONS
 THE FOLLOWING WEATHER WAS RECORDED YESTERDAY.
  HAZE


RELATIVE HUMIDITY (PERCENT)
 HIGHEST    50           300 AM
 LOWEST      9           300 PM
 AVERAGE    30

..........................................................


THE REDMOND OR CLIMATE NORMALS FOR TODAY
                         NORMAL    RECORD    YEAR
 MAXIMUM TEMPERATURE (F)   84       105      1967
 MINIMUM TEMPERATURE (F)   45        31      1964


SUNRISE AND SUNSET
AUGUST 19 2017........SUNRISE   613 AM PDT   SUNSET   802 PM PDT
AUGUST 20 2017........SUNRISE   614 AM PDT   SUNSET   801 PM PDT


-  INDICATES NEGATIVE NUMBERS.
R  INDICATES RECORD WAS SET OR TIED.
MM INDICATES DATA IS MISSING.
T  INDICATES TRACE AMOUNT.

$$
