000
CDUS46 KPDT 010848
CLIRDM

CLIMATE REPORT
NATIONAL WEATHER SERVICE PENDLETON OR
148 AM PDT SAT AUG 1 2015


...................................

...THE REDMOND OR CLIMATE SUMMARY FOR JULY 31 2015...

CLIMATE NORMAL PERIOD 1981 TO 2010
CLIMATE RECORD PERIOD 1949 TO 2015


WEATHER ITEM   OBSERVED TIME   RECORD YEAR NORMAL DEPARTURE LAST
                VALUE   (LST)  VALUE       VALUE  FROM      YEAR
                                                  NORMAL
..................................................................
TEMPERATURE (F)
 YESTERDAY
  MAXIMUM        100R   347 PM 100    2009  88     12       98
                                      1971
  MINIMUM         58    511 AM  34    2006  47     11       59
                                      1963
  AVERAGE         79                        68     11       79

PRECIPITATION (IN)
  YESTERDAY        0.00          0.41 1971   0.02  -0.02     0.00
  MONTH TO DATE    0.44                      0.55  -0.11     0.29
  SINCE OCT 1      8.75                      7.99   0.76     4.75
  SINCE JAN 1      4.47                      5.23  -0.76     4.04

DEGREE DAYS
 HEATING
  YESTERDAY        0                         1     -1        0
  MONTH TO DATE   48                        68    -20       31
  SINCE JUN 1    125                       286   -161      254
  SINCE JUL 1     48                        69    -21       31

 COOLING
  YESTERDAY       14                         4     10       14
  MONTH TO DATE  134                        97     37      193
  SINCE JUN 1    241                       121    120      194
  SINCE JAN 1    250                       126    124      194
..................................................................


WIND (MPH)
  RESULTANT WIND SPEED   0   RESULTANT WIND DIRECTION   W (250)
  HIGHEST WIND SPEED    21   HIGHEST WIND DIRECTION     S (160)
  HIGHEST GUST SPEED    27   HIGHEST GUST DIRECTION    SE (150)
  AVERAGE WIND SPEED     3.9


SKY COVER
  POSSIBLE SUNSHINE  MM
  AVERAGE SKY COVER 0.0


WEATHER CONDITIONS
 THE FOLLOWING WEATHER WAS RECORDED YESTERDAY.
  NO SIGNIFICANT WEATHER WAS OBSERVED.


RELATIVE HUMIDITY (PERCENT)
 HIGHEST    43           500 AM
 LOWEST     12           100 PM
 AVERAGE    28

..........................................................


THE REDMOND OR CLIMATE NORMALS FOR TODAY
                         NORMAL    RECORD    YEAR
 MAXIMUM TEMPERATURE (F)   88       103      2009
 MINIMUM TEMPERATURE (F)   47        32      1963


SUNRISE AND SUNSET
AUGUST  1 2015........SUNRISE   552 AM PDT   SUNSET   829 PM PDT
AUGUST  2 2015........SUNRISE   553 AM PDT   SUNSET   828 PM PDT


-  INDICATES NEGATIVE NUMBERS.
R  INDICATES RECORD WAS SET OR TIED.
MM INDICATES DATA IS MISSING.
T  INDICATES TRACE AMOUNT.

$$
