000
CDUS46 KPDT 220030 RRA
CLIRDM

CLIMATE REPORT
NATIONAL WEATHER SERVICE PENDLETON OR
427 PM PST TUE FEB 21 2017


...................................

...THE REDMOND OR CLIMATE SUMMARY FOR FEBRUARY 21 2017...
VALID TODAY AS OF 0400 PM LOCAL TIME.

CLIMATE NORMAL PERIOD 1981 TO 2010
CLIMATE RECORD PERIOD 1949 TO 2017


WEATHER ITEM   OBSERVED TIME   RECORD YEAR NORMAL DEPARTURE LAST
                VALUE   (LST)  VALUE       VALUE  FROM      YEAR
                                                  NORMAL
..................................................................
TEMPERATURE (F)
 TODAY
  MAXIMUM         42    100 PM  68    1988  48     -6       47
  MINIMUM         33    426 AM  10    1952  24      9       22
  AVERAGE         38                        36      2       35

PRECIPITATION (IN)
  TODAY            0.03          0.96 1956   0.03   0.00      T
  MONTH TO DATE    1.09                      0.50   0.59     0.04
  SINCE OCT 1      6.46                      4.23   2.23     4.83
  SINCE JAN 1      2.71                      1.47   1.24     1.26

DEGREE DAYS
 HEATING
  TODAY           27                        29     -2       30
  MONTH TO DATE  590                       634    -44      490
  SINCE DEC 1   3169                      2700    469     2217
  SINCE JUL 1   4633                      4474    159     3935

 COOLING
  TODAY            0                         0      0        0
  MONTH TO DATE    0                         0      0        0
  SINCE DEC 1      0                         0      0        0
  SINCE JAN 1      0                         0      0        0
..................................................................


WIND (MPH)
  RESULTANT WIND SPEED   2   RESULTANT WIND DIRECTION  SW (230)
  HIGHEST WIND SPEED    18   HIGHEST WIND DIRECTION     W (270)
  HIGHEST GUST SPEED    28   HIGHEST GUST DIRECTION     S (190)
  AVERAGE WIND SPEED     5.8


SKY COVER
  POSSIBLE SUNSHINE  MM
  AVERAGE SKY COVER 0.6


WEATHER CONDITIONS
 THE FOLLOWING WEATHER WAS RECORDED TODAY.
  LIGHT RAIN


RELATIVE HUMIDITY (PERCENT)
 HIGHEST    89           300 AM
 LOWEST     65          1200 PM
 AVERAGE    77

..........................................................


THE REDMOND OR CLIMATE NORMALS FOR TOMORROW
                         NORMAL    RECORD    YEAR
 MAXIMUM TEMPERATURE (F)   48        69      1990
 MINIMUM TEMPERATURE (F)   24        12      2010


SUNRISE AND SUNSET
FEBRUARY 21 2017......SUNRISE   654 AM PST   SUNSET   543 PM PST
FEBRUARY 22 2017......SUNRISE   653 AM PST   SUNSET   544 PM PST


-  INDICATES NEGATIVE NUMBERS.
R  INDICATES RECORD WAS SET OR TIED.
MM INDICATES DATA IS MISSING.
T  INDICATES TRACE AMOUNT.




$$
