000
CDUS46 KPDT 250834
CLIRDM

CLIMATE REPORT
NATIONAL WEATHER SERVICE PENDLETON OR
134 AM PDT MON JUL 25 2016


...................................

...THE REDMOND OR CLIMATE SUMMARY FOR JULY 24 2016...

CLIMATE NORMAL PERIOD 1981 TO 2010
CLIMATE RECORD PERIOD 1949 TO 2016


WEATHER ITEM   OBSERVED TIME   RECORD YEAR NORMAL DEPARTURE LAST
                VALUE   (LST)  VALUE       VALUE  FROM      YEAR
                                                  NORMAL
..................................................................
TEMPERATURE (F)
 YESTERDAY
  MAXIMUM         91    442 PM 101    2004  88      3       85
  MINIMUM         46    438 AM  33    2014  47     -1       43
  AVERAGE         69                        67      2       64

PRECIPITATION (IN)
  YESTERDAY        0.00          0.85 1987   0.02  -0.02     0.00
  MONTH TO DATE    0.64                      0.43   0.21     0.44
  SINCE OCT 1      9.04                      7.87   1.17     8.75
  SINCE JAN 1      5.47                      5.11   0.36     4.47

DEGREE DAYS
 HEATING
  YESTERDAY        0                         1     -1        1
  MONTH TO DATE   49                        61    -12       25
  SINCE JUN 1    226                       278    -52      102
  SINCE JUL 1     49                        61    -12       25

 COOLING
  YESTERDAY        4                         4      0        0
  MONTH TO DATE   22                        72    -50      108
  SINCE JUN 1     86                        96    -10      215
  SINCE JAN 1     89                       101    -12      224
..................................................................


WIND (MPH)
  RESULTANT WIND SPEED   4   RESULTANT WIND DIRECTION   N (350)
  HIGHEST WIND SPEED    17   HIGHEST WIND DIRECTION    NW (330)
  HIGHEST GUST SPEED    22   HIGHEST GUST DIRECTION    NW (310)
  AVERAGE WIND SPEED     7.0


SKY COVER
  POSSIBLE SUNSHINE  MM
  AVERAGE SKY COVER 0.0


WEATHER CONDITIONS
 THE FOLLOWING WEATHER WAS RECORDED YESTERDAY.
  NO SIGNIFICANT WEATHER WAS OBSERVED.


RELATIVE HUMIDITY (PERCENT)
 HIGHEST    71           500 AM
 LOWEST     12           400 PM
 AVERAGE    42

..........................................................


THE REDMOND OR CLIMATE NORMALS FOR TODAY
                         NORMAL    RECORD    YEAR
 MAXIMUM TEMPERATURE (F)   88       103      1978
 MINIMUM TEMPERATURE (F)   47        32      1963


SUNRISE AND SUNSET
JULY 25 2016..........SUNRISE   545 AM PDT   SUNSET   836 PM PDT
JULY 26 2016..........SUNRISE   546 AM PDT   SUNSET   835 PM PDT


-  INDICATES NEGATIVE NUMBERS.
R  INDICATES RECORD WAS SET OR TIED.
MM INDICATES DATA IS MISSING.
T  INDICATES TRACE AMOUNT.


$$
