000
CDUS46 KPDT 030827 RRA
CLIRDM

CLIMATE REPORT
NATIONAL WEATHER SERVICE PENDLETON OR
126 AM PDT THU SEP 3 2015


...................................

...THE REDMOND OR CLIMATE SUMMARY FOR SEPTEMBER 2 2015...

CLIMATE NORMAL PERIOD 1981 TO 2010
CLIMATE RECORD PERIOD 1949 TO 2015


WEATHER ITEM   OBSERVED TIME   RECORD YEAR NORMAL DEPARTURE LAST
                VALUE   (LST)  VALUE       VALUE  FROM      YEAR
                                                  NORMAL
..................................................................
TEMPERATURE (F)
 YESTERDAY
  MAXIMUM         68    339 PM 105    1998  81    -13       83
  MINIMUM         40   1142 PM  28    1973  42     -2       39
  AVERAGE         54                        61     -7       61

PRECIPITATION (IN)
  YESTERDAY        T             0.03 2004   0.02  -0.02     0.00
                                      1985
  MONTH TO DATE    T                         0.03  -0.03     0.00
  SINCE OCT 1      8.77                      8.52   0.25     5.71
  SINCE JAN 1      4.49                      5.76  -1.27     5.00

DEGREE DAYS
 HEATING
  YESTERDAY       11                         5      6        4
  MONTH TO DATE   15                        10      5        8
  SINCE SEP 1     15                        10      5        8
  SINCE JUL 1    106                       159    -53       82

 COOLING
  YESTERDAY        0                         1     -1        0
  MONTH TO DATE    0                         2     -2        0
  SINCE SEP 1      0                         2     -2        0
  SINCE JAN 1    355                       208    147      297
..................................................................


WIND (MPH)
  RESULTANT WIND SPEED   5   RESULTANT WIND DIRECTION  NW (320)
  HIGHEST WIND SPEED    22   HIGHEST WIND DIRECTION    NW (300)
  HIGHEST GUST SPEED    29   HIGHEST GUST DIRECTION    NW (300)
  AVERAGE WIND SPEED     8.5


SKY COVER
  POSSIBLE SUNSHINE  MM
  AVERAGE SKY COVER 0.5


WEATHER CONDITIONS
 THE FOLLOWING WEATHER WAS RECORDED YESTERDAY.
  LIGHT RAIN


RELATIVE HUMIDITY (PERCENT)
 HIGHEST    76          1100 PM
 LOWEST     37           400 PM
 AVERAGE    57

..........................................................


THE REDMOND OR CLIMATE NORMALS FOR TODAY
                         NORMAL    RECORD    YEAR
 MAXIMUM TEMPERATURE (F)   80       100      1998
 MINIMUM TEMPERATURE (F)   41        30      1980


SUNRISE AND SUNSET
SEPTEMBER  3 2015.....SUNRISE   630 AM PDT   SUNSET   737 PM PDT
SEPTEMBER  4 2015.....SUNRISE   631 AM PDT   SUNSET   736 PM PDT


-  INDICATES NEGATIVE NUMBERS.
R  INDICATES RECORD WAS SET OR TIED.
MM INDICATES DATA IS MISSING.
T  INDICATES TRACE AMOUNT.




$$
