000
CDUS46 KPDT 230841
CLIRDM

CLIMATE REPORT
NATIONAL WEATHER SERVICE PENDLETON OR
140 AM PDT TUE SEP 23 2014


...................................

...THE REDMOND OR CLIMATE SUMMARY FOR SEPTEMBER 22 2014...

CLIMATE NORMAL PERIOD 1981 TO 2010
CLIMATE RECORD PERIOD 1949 TO 2014


WEATHER ITEM   OBSERVED TIME   RECORD YEAR NORMAL DEPARTURE LAST
                VALUE   (LST)  VALUE       VALUE  FROM      YEAR
                                                  NORMAL
..................................................................
TEMPERATURE (F)
 YESTERDAY
  MAXIMUM         85    312 PM  93    1999  74     11       64
  MINIMUM         56   1125 PM  19    1961  37     19       33
  AVERAGE         71                        55     16       49

PRECIPITATION (IN)
  YESTERDAY        T             0.19 1973   0.02  -0.02     0.04
  MONTH TO DATE    0.03                      0.30  -0.27     0.18
  SINCE OCT 1      5.74                      8.79  -3.05     7.17
  SINCE JAN 1      5.03                      6.03  -1.00     3.26

DEGREE DAYS
 HEATING
  YESTERDAY        0                        10    -10       16
  MONTH TO DATE  119                       160    -41       94
  SINCE SEP 1    119                       160    -41       94
  SINCE JUL 1    193                       309   -116      130

 COOLING
  YESTERDAY        6                         0      6        0
  MONTH TO DATE   13                        14     -1       36
  SINCE SEP 1     13                        14     -1       36
  SINCE JAN 1    310                       220     90      350
..................................................................


WIND (MPH)
  RESULTANT WIND SPEED   2   RESULTANT WIND DIRECTION   N (350)
  HIGHEST WIND SPEED    17   HIGHEST WIND DIRECTION    NW (300)
  HIGHEST GUST SPEED    21   HIGHEST GUST DIRECTION    NW (320)
  AVERAGE WIND SPEED     4.8


SKY COVER
  POSSIBLE SUNSHINE  MM
  AVERAGE SKY COVER 0.2


WEATHER CONDITIONS
 THE FOLLOWING WEATHER WAS RECORDED YESTERDAY.
  LIGHT RAIN


RELATIVE HUMIDITY (PERCENT)
 HIGHEST    72           600 AM
 LOWEST     20           100 PM
 AVERAGE    46

..........................................................


THE REDMOND OR CLIMATE NORMALS FOR TODAY
                         NORMAL    RECORD    YEAR
 MAXIMUM TEMPERATURE (F)   74        94      2011
 MINIMUM TEMPERATURE (F)   36        23      2008


SUNRISE AND SUNSET
SEPTEMBER 23 2014.....SUNRISE   653 AM PDT   SUNSET   700 PM PDT
SEPTEMBER 24 2014.....SUNRISE   654 AM PDT   SUNSET   658 PM PDT


-  INDICATES NEGATIVE NUMBERS.
R  INDICATES RECORD WAS SET OR TIED.
MM INDICATES DATA IS MISSING.
T  INDICATES TRACE AMOUNT.




$$
