000
CDUS42 KRAH 010758
CLIRDU


CLIMATE REPORT
NATIONAL WEATHER SERVICE RALEIGH NC
357 AM EDT MON SEP 1 2014


...................................

...THE RALEIGH-DURHAM INTL AIRPORT NC CLIMATE SUMMARY FOR AUGUST 31 2014...

CLIMATE NORMAL PERIOD 1981 TO 2010
CLIMATE RECORD PERIOD 1887 TO 2014


WEATHER ITEM   OBSERVED TIME   RECORD YEAR NORMAL DEPARTURE LAST
                VALUE   (LST)  VALUE       VALUE  FROM      YEAR
                                                  NORMAL
..................................................................
TEMPERATURE (F)
 YESTERDAY
  MAXIMUM         91    346 PM 103    1932  86      5       90
  MINIMUM         73    618 AM  49    1976  67      6       68
                                      1946
  AVERAGE         82                        76      6       79

PRECIPITATION (IN)
  YESTERDAY        0.00          3.52 1952   0.14  -0.14     0.00
  MONTH TO DATE    6.87                      4.26   2.61     4.88
  SINCE JUN 1     19.14                     12.51   6.63    18.44
  SINCE JAN 1     38.41                     29.54   8.87    37.47

DEGREE DAYS
 HEATING
  YESTERDAY        0                         0      0        0
  MONTH TO DATE    0                         0      0        0
  SINCE JUN 1      0                         5     -5        0
  SINCE JUL 1      0                         1     -1        0

 COOLING
  YESTERDAY       17                        12      5       14
  MONTH TO DATE  345                       419    -74      351
  SINCE JUN 1   1145                      1232    -87     1128
  SINCE JAN 1   1358                      1441    -83     1306
..................................................................


WIND (MPH)
  HIGHEST WIND SPEED    12   HIGHEST WIND DIRECTION    SW (230)
  HIGHEST GUST SPEED    20   HIGHEST GUST DIRECTION    SW (220)
  AVERAGE WIND SPEED     6.5


SKY COVER
  POSSIBLE SUNSHINE  MM
  AVERAGE SKY COVER 0.7


WEATHER CONDITIONS
 THE FOLLOWING WEATHER WAS RECORDED YESTERDAY.
  NO SIGNIFICANT WEATHER WAS OBSERVED.


RELATIVE HUMIDITY (PERCENT)
 HIGHEST    93           600 AM
 LOWEST     52           200 PM
 AVERAGE    73

..........................................................


THE RALEIGH-DURHAM INTL AIRPORT NC CLIMATE NORMALS FOR TODAY
                         NORMAL    RECORD    YEAR
 MAXIMUM TEMPERATURE (F)   86       101      1932
 MINIMUM TEMPERATURE (F)   66        49      1946


SUNRISE AND SUNSET
SEPTEMBER  1 2014.....SUNRISE   647 AM EDT   SUNSET   743 PM EDT
SEPTEMBER  2 2014.....SUNRISE   648 AM EDT   SUNSET   741 PM EDT


-  INDICATES NEGATIVE NUMBERS.
R  INDICATES RECORD WAS SET OR TIED.
MM INDICATES DATA IS MISSING.
T  INDICATES TRACE AMOUNT.

&&

CLIMATE REPORT NWS FORECAST OFFICE
NCSU CENTENNIAL CAMPUS
RALEIGH, NC

MAXIMUM TEMPERATURE... 90

MINIMUM TEMPERATURE... 72

PRECIPITATION... 0.00

$$
