064
CDUS42 KRAH 172153
CLIRDU

CLIMATE REPORT
NATIONAL WEATHER SERVICE RALEIGH NC
451 PM EST SAT FEB 17 2018


...................................

...THE RALEIGH-DURHAM INTL AIRPORT NC CLIMATE SUMMARY FOR FEBRUARY 17 2018...
VALID TODAY AS OF 0400 PM LOCAL TIME.

CLIMATE NORMAL PERIOD 1981 TO 2010
CLIMATE RECORD PERIOD 1887 TO 2018


WEATHER ITEM   OBSERVED TIME   RECORD YEAR NORMAL DEPARTURE LAST
                VALUE   (LST)  VALUE       VALUE  FROM      YEAR
                                                  NORMAL
..................................................................
TEMPERATURE (F)
 TODAY
  MAXIMUM         56   1209 AM  78    1927  56      0       66
  MINIMUM         43    259 PM   7    1958  34      9       34
  AVERAGE         50                        45      5       50

PRECIPITATION (IN)
  TODAY            0.02          1.55 1998   0.12  -0.10      T
  MONTH TO DATE    1.18                      1.90  -0.72     0.66
  SINCE DEC 1      7.39                      8.47  -1.08     6.62
  SINCE JAN 1      5.10                      5.40  -0.30     4.43

SNOWFALL (IN)
  TODAY            0.0           5.0  1902   0.1   -0.1      0.0
  MONTH TO DATE    0.0                       1.3   -1.3       T
  SINCE DEC 1      7.3                       4.8    2.5      0.5
  SINCE JUL 1      7.3                       4.9    2.4      0.5
  SNOW DEPTH       0

DEGREE DAYS
 HEATING
  TODAY           15                        20     -5       15
  MONTH TO DATE  277                       367    -90      255
  SINCE DEC 1   1839                      1783     56     1446
  SINCE JUL 1   2421                      2364     57     1901

 COOLING
  TODAY            0                         0      0        0
  MONTH TO DATE    7                         0      7        6
  SINCE DEC 1      7                         2      5        6
  SINCE JAN 1      7                         0      7        6
..................................................................


WIND (MPH)
  HIGHEST WIND SPEED    20   HIGHEST WIND DIRECTION     E (90)
  HIGHEST GUST SPEED    26   HIGHEST GUST DIRECTION     E (80)
  AVERAGE WIND SPEED     8.8


SKY COVER
  POSSIBLE SUNSHINE  MM
  AVERAGE SKY COVER 1.0


WEATHER CONDITIONS
 THE FOLLOWING WEATHER WAS RECORDED TODAY.
  LIGHT RAIN
  FOG


RELATIVE HUMIDITY (PERCENT)
 HIGHEST    96           400 PM
 LOWEST     51           100 AM
 AVERAGE    74

..........................................................


THE RALEIGH-DURHAM INTL AIRPORT NC CLIMATE NORMALS FOR TOMORROW
                         NORMAL    RECORD    YEAR
 MAXIMUM TEMPERATURE (F)   56        78      2011
 MINIMUM TEMPERATURE (F)   34         7      1958


SUNRISE AND SUNSET
FEBRUARY 17 2018......SUNRISE   700 AM EST   SUNSET   559 PM EST
FEBRUARY 18 2018......SUNRISE   659 AM EST   SUNSET   600 PM EST


-  INDICATES NEGATIVE NUMBERS.
R  INDICATES RECORD WAS SET OR TIED.
MM INDICATES DATA IS MISSING.
T  INDICATES TRACE AMOUNT.

&&

CLIMATE REPORT
NWS FORECAST OFFICE
NCSU CENTENNIAL CAMPUS RALEIGH NC

MAXIMUM TEMPERATURE... 57

MINIMUM TEMPERATURE... 43

PRECIPITATION... 0.03

$$
