000
CDUS42 KRAH 242141
CLIRDU


CLIMATE REPORT
NATIONAL WEATHER SERVICE RALEIGH NC
437 PM EST FRI NOV 24 2017


...................................

...THE RALEIGH-DURHAM INTL AIRPORT NC CLIMATE SUMMARY FOR NOVEMBER 24 2017...
VALID TODAY AS OF 0437 PM LOCAL TIME.

CLIMATE NORMAL PERIOD 1981 TO 2010
CLIMATE RECORD PERIOD 1887 TO 2017


WEATHER ITEM   OBSERVED TIME   RECORD YEAR NORMAL DEPARTURE LAST
                VALUE   (LST)  VALUE       VALUE  FROM      YEAR
                                                  NORMAL
..................................................................
TEMPERATURE (F)
 TODAY
  MAXIMUM         57    357 PM  82    1973  61     -4       72
  MINIMUM         26    647 AM  15    1970  39    -13       47
  AVERAGE         42                        50     -8       60

PRECIPITATION (IN)
  TODAY            0.00          0.97 1971   0.11  -0.11     0.06
  MONTH TO DATE    1.28                      2.50  -1.22     0.47
  SINCE SEP 1      7.85                     10.11  -2.26    12.18
  SINCE JAN 1     43.25                     39.65   3.60    48.93

DEGREE DAYS
 HEATING
  TODAY           23                        15      8        5
  MONTH TO DATE  351                       292     59      306
  SINCE SEP 1    486                       480      6      390
  SINCE JUL 1    486                       481      5      390

 COOLING
  TODAY            0                         0      0        0
  MONTH TO DATE    4                         1      3        5
  SINCE SEP 1    336                       280     56      427
  SINCE JAN 1   1968                      1721    247     2095
..................................................................


WIND (MPH)
  HIGHEST WIND SPEED     9   HIGHEST WIND DIRECTION    NE (50)
  HIGHEST GUST SPEED    12   HIGHEST GUST DIRECTION    NE (50)
  AVERAGE WIND SPEED     1.8


SKY COVER
  POSSIBLE SUNSHINE  MM
  AVERAGE SKY COVER 0.1


WEATHER CONDITIONS
 THE FOLLOWING WEATHER WAS RECORDED TODAY.
  NO SIGNIFICANT WEATHER WAS OBSERVED.


RELATIVE HUMIDITY (PERCENT)
 HIGHEST   100           100 AM
 LOWEST     27           400 PM
 AVERAGE    64

..........................................................


THE RALEIGH-DURHAM INTL AIRPORT NC CLIMATE NORMALS FOR TOMORROW
                         NORMAL    RECORD    YEAR
 MAXIMUM TEMPERATURE (F)   60        79      1973
 MINIMUM TEMPERATURE (F)   38        11      1970


SUNRISE AND SUNSET
NOVEMBER 24 2017......SUNRISE   700 AM EST   SUNSET   503 PM EST
NOVEMBER 25 2017......SUNRISE   701 AM EST   SUNSET   503 PM EST


-  INDICATES NEGATIVE NUMBERS.
R  INDICATES RECORD WAS SET OR TIED.
MM INDICATES DATA IS MISSING.
T  INDICATES TRACE AMOUNT.

&&

CLIMATE REPORT
NWS FORECAST OFFICE
NCSU CENTENNIAL CAMPUS
RALEIGH NC

MAXIMUM TEMPERATURE... 57

MINIMUM TEMPERATURE... 28

PRECIPITATION... 0.00


$$
