000
CDUS46 KBOI 270934
CLIREO


CLIMATE REPORT
NATIONAL WEATHER SERVICE BOISE ID
230 AM MST TUE JAN 27 2015


...................................

...THE ROME OR CLIMATE SUMMARY FOR JANUARY 26 2015...

CLIMATE NORMAL PERIOD 1981 TO 2010
CLIMATE RECORD PERIOD 9999 TO 9999


WEATHER ITEM   OBSERVED TIME   NORMAL DEPARTURE LAST
                VALUE   (LST)  VALUE  FROM      YEAR
                                      NORMAL
......................................................
TEMPERATURE (F)
 YESTERDAY
  MAXIMUM         34    455 PM  40     -6       56
  MINIMUM         26    332 AM  21      5        8
  AVERAGE         30            30      0       32

PRECIPITATION (IN)
  YESTERDAY        0.00          0.01  -0.01     0.00
  MONTH TO DATE    0.15          0.55  -0.40     0.06
  SINCE OCT 1      2.15          2.74  -0.59     0.25
  SINCE JAN 1      0.15          0.55  -0.40     0.06

DEGREE DAYS
 HEATING
  YESTERDAY       35            35      0       33
  MONTH TO DATE  848           930    -82      835
  SINCE DEC 1   1766          2064   -298     2026
  SINCE JUL 1   3004          3677   -673     3544

 COOLING
  YESTERDAY        0             0      0        0
  MONTH TO DATE    0             0      0        0
  SINCE DEC 1      0             0      0        0
  SINCE JAN 1      0             0      0        0
......................................................


WIND (MPH)
  RESULTANT WIND SPEED   3   RESULTANT WIND DIRECTION  NE (40)
  HIGHEST WIND SPEED     9   HIGHEST WIND DIRECTION     N (20)
  HIGHEST GUST SPEED    12   HIGHEST GUST DIRECTION    NE (30)
  AVERAGE WIND SPEED     4.3


SKY COVER
  AVERAGE SKY COVER 0.0


WEATHER CONDITIONS
 THE FOLLOWING WEATHER WAS RECORDED YESTERDAY.
  NO SIGNIFICANT WEATHER WAS OBSERVED.


RELATIVE HUMIDITY (PERCENT)
 HIGHEST   100           700 PM
 LOWEST     85          1200 AM
 AVERAGE    93

..........................................................


THE ROME OR CLIMATE NORMALS FOR TODAY
                         NORMAL    RECORD    YEAR
 MAXIMUM TEMPERATURE (F)   40        MM        MM
 MINIMUM TEMPERATURE (F)   21        MM        MM


SUNRISE AND SUNSET
JANUARY 27 2015.......SUNRISE   711 AM PST   SUNSET   458 PM PST
JANUARY 28 2015.......SUNRISE   710 AM PST   SUNSET   500 PM PST


-  INDICATES NEGATIVE NUMBERS.
R  INDICATES RECORD WAS SET OR TIED.
MM INDICATES DATA IS MISSING.
T  INDICATES TRACE AMOUNT.




$$
