000
CDUS46 KBOI 280949
CLIREO


CLIMATE REPORT
NATIONAL WEATHER SERVICE BOISE ID
248 AM MST SUN DEC 28 2014


...................................

...THE ROME OR CLIMATE SUMMARY FOR DECEMBER 27 2014...

CLIMATE NORMAL PERIOD 1981 TO 2010
CLIMATE RECORD PERIOD 9999 TO 9999


WEATHER ITEM   OBSERVED TIME   NORMAL DEPARTURE LAST
                VALUE   (LST)  VALUE  FROM      YEAR
                                      NORMAL
......................................................
TEMPERATURE (F)
 YESTERDAY
  MAXIMUM         39   1159 PM  37      2       46
  MINIMUM         17    229 AM  19     -2       13
  AVERAGE         28            28      0       30

PRECIPITATION (IN)
  YESTERDAY        0.00          0.02  -0.02     0.00
  MONTH TO DATE    0.61          0.72  -0.11     0.15
  SINCE OCT 1      1.89          2.09  -0.20     0.19
  SINCE JAN 1      5.29          8.82  -3.53     5.29

DEGREE DAYS
 HEATING
  YESTERDAY       37            37      0       35
  MONTH TO DATE  729           983   -254     1067
  SINCE DEC 1    729           983   -254     1067
  SINCE JUL 1   1967          2596   -629     2585

 COOLING
  YESTERDAY        0             0      0        0
  MONTH TO DATE    0             0      0        0
  SINCE DEC 1      0             0      0        0
  SINCE JAN 1    690           507    183      878
......................................................


WIND (MPH)
  RESULTANT WIND SPEED   7   RESULTANT WIND DIRECTION   S (160)
  HIGHEST WIND SPEED    22   HIGHEST WIND DIRECTION     S (200)
  HIGHEST GUST SPEED    27   HIGHEST GUST DIRECTION     S (200)
  AVERAGE WIND SPEED     8.0


SKY COVER
  AVERAGE SKY COVER 0.0


WEATHER CONDITIONS
 THE FOLLOWING WEATHER WAS RECORDED YESTERDAY.
  NO SIGNIFICANT WEATHER WAS OBSERVED.


RELATIVE HUMIDITY (PERCENT)
 HIGHEST    80           200 AM
 LOWEST     44          1200 PM
 AVERAGE    62

..........................................................


THE ROME OR CLIMATE NORMALS FOR TODAY
                         NORMAL    RECORD    YEAR
 MAXIMUM TEMPERATURE (F)   37        MM        MM
 MINIMUM TEMPERATURE (F)   19        MM        MM


SUNRISE AND SUNSET
DECEMBER 28 2014......SUNRISE   721 AM PST   SUNSET   426 PM PST
DECEMBER 29 2014......SUNRISE   721 AM PST   SUNSET   426 PM PST


-  INDICATES NEGATIVE NUMBERS.
R  INDICATES RECORD WAS SET OR TIED.
MM INDICATES DATA IS MISSING.
T  INDICATES TRACE AMOUNT.




$$
