000
CDUS46 KBOI 270936
CLIREO


CLIMATE REPORT
NATIONAL WEATHER SERVICE BOISE ID
334 AM MDT WED JUL 27 2016


...................................

...THE ROME OR CLIMATE SUMMARY FOR JULY 26 2016...

CLIMATE NORMAL PERIOD 1981 TO 2010
CLIMATE RECORD PERIOD 9999 TO 9999


WEATHER ITEM   OBSERVED TIME   NORMAL DEPARTURE LAST
                VALUE   (LST)  VALUE  FROM      YEAR
                                      NORMAL
......................................................
TEMPERATURE (F)
 YESTERDAY
  MAXIMUM        100    422 PM  93      7       86
  MINIMUM         58    415 AM  53      5       58
  AVERAGE         79            73      6       72

PRECIPITATION (IN)
  YESTERDAY        0.00          0.01  -0.01     0.00
  MONTH TO DATE    0.09          0.31  -0.22     0.47
  SINCE OCT 1      8.10          8.12  -0.02     7.67
  SINCE JAN 1      3.67          5.93  -2.26     5.67

DEGREE DAYS
 HEATING
  YESTERDAY        0             0      0        0
  MONTH TO DATE   14            11      3        0
  SINCE JUN 1     83           136    -53       10
  SINCE JUL 1     14            11      3        0

 COOLING
  YESTERDAY       14             8      6        7
  MONTH TO DATE  178           179     -1      228
  SINCE JUN 1    343           241    102      462
  SINCE JAN 1    349           251     98      477
......................................................


WIND (MPH)
  RESULTANT WIND SPEED   1   RESULTANT WIND DIRECTION   S (180)
  HIGHEST WIND SPEED    17   HIGHEST WIND DIRECTION    NW (300)
  HIGHEST GUST SPEED    23   HIGHEST GUST DIRECTION    SW (240)
  AVERAGE WIND SPEED     6.7


SKY COVER
  AVERAGE SKY COVER 0.0


WEATHER CONDITIONS
 THE FOLLOWING WEATHER WAS RECORDED YESTERDAY.
  NO SIGNIFICANT WEATHER WAS OBSERVED.


RELATIVE HUMIDITY (PERCENT)
 HIGHEST    31           500 AM
 LOWEST      7           200 PM
 AVERAGE    19

..........................................................


THE ROME OR CLIMATE NORMALS FOR TODAY
                         NORMAL    RECORD    YEAR
 MAXIMUM TEMPERATURE (F)   93        MM        MM
 MINIMUM TEMPERATURE (F)   53        MM        MM


SUNRISE AND SUNSET
JULY 27 2016..........SUNRISE   539 AM PDT   SUNSET   816 PM PDT
JULY 28 2016..........SUNRISE   540 AM PDT   SUNSET   815 PM PDT


-  INDICATES NEGATIVE NUMBERS.
R  INDICATES RECORD WAS SET OR TIED.
MM INDICATES DATA IS MISSING.
T  INDICATES TRACE AMOUNT.




$$
