000
CDUS46 KBOI 060934
CLIREO


CLIMATE REPORT
NATIONAL WEATHER SERVICE BOISE ID
233 AM MST FRI MAR 6 2015


...................................

...THE ROME OR CLIMATE SUMMARY FOR MARCH 5 2015...

CLIMATE NORMAL PERIOD 1981 TO 2010
CLIMATE RECORD PERIOD 9999 TO 9999


WEATHER ITEM   OBSERVED TIME   NORMAL DEPARTURE LAST
                VALUE   (LST)  VALUE  FROM      YEAR
                                      NORMAL
......................................................
TEMPERATURE (F)
 YESTERDAY
  MAXIMUM         62    327 PM  51     11       63
  MINIMUM         17    637 AM  25     -8       40
  AVERAGE         40            38      2       52

PRECIPITATION (IN)
  YESTERDAY        0.00          0.02  -0.02     0.00
  MONTH TO DATE    0.00          0.12  -0.12     0.07
  SINCE OCT 1      2.62          3.72  -1.10     1.01
  SINCE JAN 1      0.62          1.53  -0.91     0.82

DEGREE DAYS
 HEATING
  YESTERDAY       25            27     -2       13
  MONTH TO DATE  158           139     19       92
  SINCE MAR 1    158           139     19       92
  SINCE JUL 1   3965          4873   -908     4514

 COOLING
  YESTERDAY        0             0      0        0
  MONTH TO DATE    0             0      0        0
  SINCE MAR 1      0             0      0        0
  SINCE JAN 1      0             0      0        0
......................................................


WIND (MPH)
  RESULTANT WIND SPEED   5   RESULTANT WIND DIRECTION   S (170)
  HIGHEST WIND SPEED    16   HIGHEST WIND DIRECTION    SE (130)
  HIGHEST GUST SPEED    20   HIGHEST GUST DIRECTION    SE (140)
  AVERAGE WIND SPEED     6.9


SKY COVER
  AVERAGE SKY COVER 0.0


WEATHER CONDITIONS
 THE FOLLOWING WEATHER WAS RECORDED YESTERDAY.
  NO SIGNIFICANT WEATHER WAS OBSERVED.


RELATIVE HUMIDITY (PERCENT)
 HIGHEST    68           200 AM
 LOWEST     11           300 PM
 AVERAGE    40

..........................................................


THE ROME OR CLIMATE NORMALS FOR TODAY
                         NORMAL    RECORD    YEAR
 MAXIMUM TEMPERATURE (F)   51        MM        MM
 MINIMUM TEMPERATURE (F)   25        MM        MM


SUNRISE AND SUNSET
MARCH  6 2015.........SUNRISE   619 AM PST   SUNSET   547 PM PST
MARCH  7 2015.........SUNRISE   617 AM PST   SUNSET   548 PM PST


-  INDICATES NEGATIVE NUMBERS.
R  INDICATES RECORD WAS SET OR TIED.
MM INDICATES DATA IS MISSING.
T  INDICATES TRACE AMOUNT.




$$
