000
CDUS46 KBOI 030930
CLIREO


CLIMATE REPORT
NATIONAL WEATHER SERVICE BOISE ID
330 AM MDT WED JUN 3 2015


...................................

...THE ROME OR CLIMATE SUMMARY FOR JUNE 2 2015...

CLIMATE NORMAL PERIOD 1981 TO 2010
CLIMATE RECORD PERIOD 9999 TO 9999


WEATHER ITEM   OBSERVED TIME   NORMAL DEPARTURE LAST
                VALUE   (LST)  VALUE  FROM      YEAR
                                      NORMAL
......................................................
TEMPERATURE (F)
 YESTERDAY
  MAXIMUM         75    330 PM  75      0       87
  MINIMUM         51   1153 PM  41     10       47
  AVERAGE         63            58      5       67

PRECIPITATION (IN)
  YESTERDAY        0.00          0.05  -0.05     0.00
  MONTH TO DATE    0.00          0.11  -0.11     0.00
  SINCE OCT 1      7.10          7.10   0.00     1.91
  SINCE JAN 1      5.10          4.91   0.19     1.72

DEGREE DAYS
 HEATING
  YESTERDAY        2             8     -6        0
  MONTH TO DATE    2            16    -14        4
  SINCE JUN 1      2            16    -14        4
  SINCE JUL 1   5150          6472  -1322     5851

 COOLING
  YESTERDAY        0             1     -1        2
  MONTH TO DATE    3             2      1        2
  SINCE JUN 1      3             2      1        2
  SINCE JAN 1     18            12      6       13
......................................................


WIND (MPH)
  RESULTANT WIND SPEED   5   RESULTANT WIND DIRECTION  SW (240)
  HIGHEST WIND SPEED    24   HIGHEST WIND DIRECTION     W (260)
  HIGHEST GUST SPEED    35   HIGHEST GUST DIRECTION     W (260)
  AVERAGE WIND SPEED     9.1


SKY COVER
  AVERAGE SKY COVER 0.0


WEATHER CONDITIONS
 THE FOLLOWING WEATHER WAS RECORDED YESTERDAY.
  NO SIGNIFICANT WEATHER WAS OBSERVED.


RELATIVE HUMIDITY (PERCENT)
 HIGHEST    61           100 AM
 LOWEST     23           400 PM
 AVERAGE    42

..........................................................


THE ROME OR CLIMATE NORMALS FOR TODAY
                         NORMAL    RECORD    YEAR
 MAXIMUM TEMPERATURE (F)   75        MM        MM
 MINIMUM TEMPERATURE (F)   42        MM        MM


SUNRISE AND SUNSET
JUNE  3 2015..........SUNRISE   516 AM PDT   SUNSET   824 PM PDT
JUNE  4 2015..........SUNRISE   515 AM PDT   SUNSET   825 PM PDT


-  INDICATES NEGATIVE NUMBERS.
R  INDICATES RECORD WAS SET OR TIED.
MM INDICATES DATA IS MISSING.
T  INDICATES TRACE AMOUNT.




$$
