000
CDUS43 KGRB 010637
CLIRHI


CLIMATE REPORT
NATIONAL WEATHER SERVICE GREEN BAY
1236 AM CST SUN FEB 1 2015


...................................

...THE RHINELANDER WI CLIMATE SUMMARY FOR JANUARY 31 2015...

CLIMATE NORMAL PERIOD 1981 TO 2010
CLIMATE RECORD PERIOD 1908 TO 2015


WEATHER ITEM   OBSERVED TIME   RECORD YEAR NORMAL DEPARTURE LAST
                VALUE   (LST)  VALUE       VALUE  FROM      YEAR
                                                  NORMAL
..................................................................
TEMPERATURE (F)
 YESTERDAY
  MAXIMUM         23    227 PM  46    1989  22      1        5
                                      1952
  MINIMUM          8   1159 PM -33    1996   4      4      -18
  AVERAGE         16                        13      3       -6

PRECIPITATION (IN)
  YESTERDAY        T             0.26 1997   0.03  -0.03     0.00
                                      1981
  MONTH TO DATE    0.68                      1.11  -0.43     1.38
  SINCE DEC 1      2.70                      2.55   0.15     3.04
  SINCE JAN 1      0.68                      1.11  -0.43     1.38

SNOWFALL (IN)
  YESTERDAY        T             5.5  2002  MM     MM        0.0
  MONTH TO DATE    9.4                      MM     MM       21.9
  SINCE DEC 1     28.4                      MM     MM       45.0
  SINCE JUL 1     63.5                      MM     MM       54.8
  SNOW DEPTH      14

DEGREE DAYS
 HEATING
  YESTERDAY       49                        52     -3       71
  MONTH TO DATE 1659                      1635     24     1933
  SINCE DEC 1   3091                      3127    -36     3711
  SINCE JUL 1   5612                      5261    351     5938

 COOLING
  YESTERDAY        0                         0      0        0
  MONTH TO DATE    0                         0      0        0
  SINCE DEC 1      0                         0      0        0
  SINCE JAN 1      0                         0      0        0
..................................................................


WIND (MPH)
  HIGHEST WIND SPEED    13   HIGHEST WIND DIRECTION    NE (50)
  HIGHEST GUST SPEED    18   HIGHEST GUST DIRECTION    NE (30)
  AVERAGE WIND SPEED     6.4


SKY COVER
  POSSIBLE SUNSHINE  MM
  AVERAGE SKY COVER 0.8


WEATHER CONDITIONS
 THE FOLLOWING WEATHER WAS RECORDED YESTERDAY.
  LIGHT SNOW


RELATIVE HUMIDITY (PERCENT)
 HIGHEST    84           900 AM
 LOWEST     62           400 PM
 AVERAGE    73

..........................................................


THE RHINELANDER WI CLIMATE NORMALS FOR TODAY
                         NORMAL    RECORD    YEAR
 MAXIMUM TEMPERATURE (F)   22        46      1931
 MINIMUM TEMPERATURE (F)    4       -38      1996


SUNRISE AND SUNSET
FEBRUARY  1 2015......SUNRISE   719 AM CST   SUNSET   504 PM CST
FEBRUARY  2 2015......SUNRISE   718 AM CST   SUNSET   505 PM CST


-  INDICATES NEGATIVE NUMBERS.
R  INDICATES RECORD WAS SET OR TIED.
MM INDICATES DATA IS MISSING.
T  INDICATES TRACE AMOUNT.




$$
