719
CDUS43 KGRB 180731
CLIRHI


CLIMATE REPORT
NATIONAL WEATHER SERVICE GREEN BAY
231 AM CDT FRI AUG 18 2017


...................................

...THE RHINELANDER WI CLIMATE SUMMARY FOR AUGUST 17 2017...

CLIMATE NORMAL PERIOD 1981 TO 2010
CLIMATE RECORD PERIOD 1908 TO 2017


WEATHER ITEM   OBSERVED TIME   RECORD YEAR NORMAL DEPARTURE LAST
                VALUE   (LST)  VALUE       VALUE  FROM      YEAR
                                                  NORMAL
..................................................................
TEMPERATURE (F)
 YESTERDAY
  MAXIMUM         72   1116 AM  94    1947  77     -5       83
  MINIMUM         60   1159 PM  36    1924  53      7       58
  AVERAGE         66                        65      1       71

PRECIPITATION (IN)
  YESTERDAY        0.29          2.78 1973   0.09   0.20      T
  MONTH TO DATE    3.02                      1.81   1.21     3.76
  SINCE JUN 1     11.91                      9.72   2.19    14.60
  SINCE JAN 1     29.63                     19.40  10.23    25.68

SNOWFALL (IN)
  YESTERDAY        0.0           0.0    MM  MM     MM        0.0
  MONTH TO DATE    0.0                      MM     MM        0.0
  SINCE JUN 1      0.0                      MM     MM        0.0
  SINCE JUL 1      0.0                      MM     MM        0.0
  SNOW DEPTH       0

DEGREE DAYS
 HEATING
  YESTERDAY        0                         2     -2        0
  MONTH TO DATE   60                        32     28        0
  SINCE JUN 1    194                       217    -23      125
  SINCE JUL 1     96                        83     13       33

 COOLING
  YESTERDAY        1                         2     -1        6
  MONTH TO DATE    9                        50    -41       81
  SINCE JUN 1    151                       208    -57      263
  SINCE JAN 1    153                       220    -67      278
..................................................................


WIND (MPH)
  HIGHEST WIND SPEED    18   HIGHEST WIND DIRECTION    NW (300)
  HIGHEST GUST SPEED    26   HIGHEST GUST DIRECTION    NW (320)
  AVERAGE WIND SPEED     8.7


SKY COVER
  POSSIBLE SUNSHINE  MM
  AVERAGE SKY COVER 1.0


WEATHER CONDITIONS
 THE FOLLOWING WEATHER WAS RECORDED YESTERDAY.
  HEAVY RAIN
  RAIN
  LIGHT RAIN
  FOG
  FOG W/VISIBILITY <= 1/4 MILE


RELATIVE HUMIDITY (PERCENT)
 HIGHEST   100           400 AM
 LOWEST     78          1200 PM
 AVERAGE    89

..........................................................


THE RHINELANDER WI CLIMATE NORMALS FOR TODAY
                         NORMAL    RECORD    YEAR
 MAXIMUM TEMPERATURE (F)   77        96      1934
 MINIMUM TEMPERATURE (F)   53        36      1950


SUNRISE AND SUNSET
AUGUST 18 2017........SUNRISE   602 AM CDT   SUNSET   800 PM CDT
AUGUST 19 2017........SUNRISE   603 AM CDT   SUNSET   758 PM CDT


-  INDICATES NEGATIVE NUMBERS.
R  INDICATES RECORD WAS SET OR TIED.
MM INDICATES DATA IS MISSING.
T  INDICATES TRACE AMOUNT.




$$
