000
CDUS43 KGRB 212220
CLIRHI


CLIMATE REPORT
NATIONAL WEATHER SERVICE GREEN BAY
420 PM CST SUN DEC 21 2014


...................................

...THE RHINELANDER WI CLIMATE SUMMARY FOR DECEMBER 21 2014...
VALID TODAY AS OF 0400 PM LOCAL TIME.

CLIMATE NORMAL PERIOD 1981 TO 2010
CLIMATE RECORD PERIOD 1908 TO 2014


WEATHER ITEM   OBSERVED TIME   RECORD YEAR NORMAL DEPARTURE LAST
                VALUE   (LST)  VALUE       VALUE  FROM      YEAR
                                                  NORMAL
..................................................................
TEMPERATURE (F)
 TODAY
  MAXIMUM         32    359 PM  49    1967  24      8       22
  MINIMUM         26    642 AM -26    1989   6     20       16
  AVERAGE         29                        15     14       19

PRECIPITATION (IN)
  TODAY           MM             0.46 1984   0.05  MM         T
  MONTH TO DATE    0.69                      1.02  -0.33     1.32
  SINCE DEC 1      0.69                      1.02  -0.33     1.32
  SINCE JAN 1     40.29                     30.98   9.31    36.53

SNOWFALL (IN)
  TODAY           MM             7.3  2010  MM     MM         T
  MONTH TO DATE    5.6                      MM     MM       17.0
  SINCE DEC 1      5.6                      MM     MM       17.0
  SINCE JUL 1     40.7                      MM     MM       26.8
  SNOW DEPTH       5

DEGREE DAYS
 HEATING
  TODAY           36                        50    -14       46
  MONTH TO DATE  938                       982    -44     1198
  SINCE DEC 1    938                       982    -44     1198
  SINCE JUL 1   3459                      3116    343     3425

 COOLING
  TODAY            0                         0      0        0
  MONTH TO DATE    0                         0      0        0
  SINCE DEC 1      0                         0      0        0
  SINCE JAN 1    148                       261   -113      281
..................................................................


WIND (MPH)
  HIGHEST WIND SPEED    13   HIGHEST WIND DIRECTION     S (180)
  HIGHEST GUST SPEED    17   HIGHEST GUST DIRECTION     S (170)
  AVERAGE WIND SPEED     7.3


SKY COVER
  POSSIBLE SUNSHINE  MM
  AVERAGE SKY COVER 1.0


WEATHER CONDITIONS
 THE FOLLOWING WEATHER WAS RECORDED TODAY.
  SNOW
  LIGHT SNOW
  FOG


RELATIVE HUMIDITY (PERCENT)
 HIGHEST   100           700 AM
 LOWEST     92          1200 AM
 AVERAGE    96

..........................................................


THE RHINELANDER WI CLIMATE NORMALS FOR TOMORROW
                         NORMAL    RECORD    YEAR
 MAXIMUM TEMPERATURE (F)   24        45      1957
                                             1941
 MINIMUM TEMPERATURE (F)    6       -26      1983


SUNRISE AND SUNSET
DECEMBER 21 2014......SUNRISE   735 AM CST   SUNSET   417 PM CST
DECEMBER 22 2014......SUNRISE   736 AM CST   SUNSET   417 PM CST


-  INDICATES NEGATIVE NUMBERS.
R  INDICATES RECORD WAS SET OR TIED.
MM INDICATES DATA IS MISSING.
T  INDICATES TRACE AMOUNT.




$$
