000
CDUS43 KGRB 020702
CLIRHI

CLIMATE REPORT
NATIONAL WEATHER SERVICE GREEN BAY
200 AM CDT WED SEP 2 2015

...................................

...THE RHINELANDER WI CLIMATE SUMMARY FOR SEPTEMBER 1 2015...

CLIMATE NORMAL PERIOD 1981 TO 2010
CLIMATE RECORD PERIOD 1908 TO 2015

WEATHER ITEM   OBSERVED TIME   RECORD YEAR NORMAL DEPARTURE LAST
                VALUE   (LST)  VALUE       VALUE  FROM      YEAR
                                                  NORMAL
..................................................................
TEMPERATURE (F)
 YESTERDAY
  MAXIMUM         85    232 PM  91    1913  73     12       74
  MINIMUM         66   1159 PM  32    1935  50     16       51
  AVERAGE         76                        61     15       63

PRECIPITATION (IN)
  YESTERDAY        0.00          2.34 1948   0.13  -0.13     0.50
  MONTH TO DATE    0.00                      0.13  -0.13     0.50
  SINCE SEP 1      0.00                      0.13  -0.13     0.50
  SINCE JAN 1     18.68                     21.01  -2.33    26.96

SNOWFALL (IN)
  YESTERDAY        0.0           0.0    MM  MM     MM        0.0
  MONTH TO DATE    0.0                      MM     MM        0.0
  SINCE SEP 1      0.0                      MM     MM        0.0
  SINCE JUL 1      0.0                      MM     MM        0.0
  SNOW DEPTH       0

DEGREE DAYS
 HEATING
  YESTERDAY        0                         5     -5        2
  MONTH TO DATE    0                         5     -5        2
  SINCE SEP 1      0                         5     -5        2
  SINCE JUL 1    137                       132      5      202

COOLING
  YESTERDAY       11                         1     10        0
  MONTH TO DATE   11                         1     10        0
  SINCE SEP 1     11                         1     10        0
  SINCE JAN 1    173                       242    -69      147
..................................................................

WIND (MPH)
  HIGHEST WIND SPEED    16   HIGHEST WIND DIRECTION    SW (230)
  HIGHEST GUST SPEED    22   HIGHEST GUST DIRECTION    SW (230)
  AVERAGE WIND SPEED     4.9

SKY COVER
  POSSIBLE SUNSHINE  MM
  AVERAGE SKY COVER 0.4

WEATHER CONDITIONS
 THE FOLLOWING WEATHER WAS RECORDED YESTERDAY.
  FOG
  FOG W/VISIBILITY <= 1/4 MILE
  HAZE

RELATIVE HUMIDITY (PERCENT)
 HIGHEST    97           700 AM
 LOWEST     58           200 PM
 AVERAGE    78
..........................................................

THE RHINELANDER WI CLIMATE NORMALS FOR TODAY
                         NORMAL    RECORD    YEAR
 MAXIMUM TEMPERATURE (F)   73        92      1929
 MINIMUM TEMPERATURE (F)   50        33      1976

SUNRISE AND SUNSET
SEPTEMBER  2 2015.....SUNRISE   620 AM CDT   SUNSET   734 PM CDT
SEPTEMBER  3 2015.....SUNRISE   621 AM CDT   SUNSET   732 PM CDT

-  INDICATES NEGATIVE NUMBERS.
R  INDICATES RECORD WAS SET OR TIED.
MM INDICATES DATA IS MISSING.
T  INDICATES TRACE AMOUNT.

$$
