000
CDUS43 KGRB 110620
CLIRHI


CLIMATE REPORT
NATIONAL WEATHER SERVICE GREEN BAY
120 AM CDT FRI JUL 11 2014


...................................

...THE RHINELANDER WI CLIMATE SUMMARY FOR JULY 10 2014...

CLIMATE NORMAL PERIOD 1981 TO 2010
CLIMATE RECORD PERIOD 1908 TO 2014


WEATHER ITEM   OBSERVED TIME   RECORD YEAR NORMAL DEPARTURE LAST
                VALUE   (LST)  VALUE       VALUE  FROM      YEAR
                                                  NORMAL
..................................................................
TEMPERATURE (F)
 YESTERDAY
  MAXIMUM         76    354 PM  95    1936  79     -3       72
  MINIMUM         41    328 AM  39    1968  55    -14       51
  AVERAGE         59                        67     -8       62

PRECIPITATION (IN)
  YESTERDAY        0.00          1.33 1982   0.13  -0.13     0.00
  MONTH TO DATE    2.01                      1.35   0.66     1.59
  SINCE JUN 1      8.74                      5.24   3.50     6.89
  SINCE JAN 1     19.85                     14.92   4.93    20.22

SNOWFALL (IN)
  YESTERDAY        0.0           0.0    MM  MM     MM        0.0
  MONTH TO DATE    0.0                      MM     MM        0.0
  SINCE JUN 1      0.0                      MM     MM        0.0
  SINCE JUL 1      0.0                      MM     MM        0.0
  SNOW DEPTH       0

DEGREE DAYS
 HEATING
  YESTERDAY        6                         2      4        3
  MONTH TO DATE   50                        20     30       10
  SINCE JUN 1    143                       154    -11      184
  SINCE JUL 1     50                        20     30       10

 COOLING
  YESTERDAY        0                         3     -3        0
  MONTH TO DATE   12                        30    -18       50
  SINCE JUN 1     74                        83     -9       90
  SINCE JAN 1     81                        95    -14      104
..................................................................


WIND (MPH)
  HIGHEST WIND SPEED    13   HIGHEST WIND DIRECTION     S (180)
  HIGHEST GUST SPEED    19   HIGHEST GUST DIRECTION     S (180)
  AVERAGE WIND SPEED     4.7


SKY COVER
  POSSIBLE SUNSHINE  MM
  AVERAGE SKY COVER 0.1


WEATHER CONDITIONS
 THE FOLLOWING WEATHER WAS RECORDED YESTERDAY.
  FOG


RELATIVE HUMIDITY (PERCENT)
 HIGHEST   100           100 AM
 LOWEST     46           200 PM
 AVERAGE    73

..........................................................


THE RHINELANDER WI CLIMATE NORMALS FOR TODAY
                         NORMAL    RECORD    YEAR
 MAXIMUM TEMPERATURE (F)   79       106      1936
 MINIMUM TEMPERATURE (F)   55        41      1945


SUNRISE AND SUNSET
JULY 11 2014..........SUNRISE   520 AM CDT   SUNSET   847 PM CDT
JULY 12 2014..........SUNRISE   520 AM CDT   SUNSET   846 PM CDT


-  INDICATES NEGATIVE NUMBERS.
R  INDICATES RECORD WAS SET OR TIED.
MM INDICATES DATA IS MISSING.
T  INDICATES TRACE AMOUNT.




$$
