394
CDUS43 KGRB 282127
CLIRHI


CLIMATE REPORT
NATIONAL WEATHER SERVICE GREEN BAY
427 PM CDT SUN AUG 28 2016


...................................

...THE RHINELANDER WI CLIMATE SUMMARY FOR AUGUST 28 2016...
VALID TODAY AS OF 0400 PM LOCAL TIME.

CLIMATE NORMAL PERIOD 1981 TO 2010
CLIMATE RECORD PERIOD 1908 TO 2016


WEATHER ITEM   OBSERVED TIME   RECORD YEAR NORMAL DEPARTURE LAST
                VALUE   (LST)  VALUE       VALUE  FROM      YEAR
                                                  NORMAL
..................................................................
TEMPERATURE (F)
 TODAY
  MAXIMUM         79    259 PM  92    1984  74      5       71
                                      1953
  MINIMUM         59    601 AM  36    1941  51      8       56
                                      1916
  AVERAGE         69                        63      6       64

PRECIPITATION (IN)
  TODAY            T             2.30 1975   0.10  -0.10     0.00
  MONTH TO DATE    5.67                      2.95   2.72     3.46
  SINCE JUN 1     16.51                     10.86   5.65    10.08
  SINCE JAN 1     27.59                     20.54   7.05    18.68

SNOWFALL (IN)
  TODAY            0.0           0.0    MM  MM     MM        0.0
  MONTH TO DATE    0.0                      MM     MM        0.0
  SINCE JUN 1      0.0                      MM     MM        0.0
  SINCE JUL 1      0.0                      MM     MM        0.0
  SNOW DEPTH       0

DEGREE DAYS
 HEATING
  TODAY            0                         4     -4        1
  MONTH TO DATE   20                        64    -44       85
  SINCE JUN 1    145                       249   -104      266
  SINCE JUL 1     53                       115    -62      134

 COOLING
  TODAY            4                         1      3        0
  MONTH TO DATE  104                        70     34       50
  SINCE JUN 1    286                       228     58      148
  SINCE JAN 1    301                       240     61      153
..................................................................


WIND (MPH)
  HIGHEST WIND SPEED    10   HIGHEST WIND DIRECTION     W (250)
  HIGHEST GUST SPEED    15   HIGHEST GUST DIRECTION     S (190)
  AVERAGE WIND SPEED     5.0


SKY COVER
  POSSIBLE SUNSHINE  MM
  AVERAGE SKY COVER 0.6


WEATHER CONDITIONS
 THE FOLLOWING WEATHER WAS RECORDED TODAY.
  FOG


RELATIVE HUMIDITY (PERCENT)
 HIGHEST   100          1200 AM
 LOWEST     54           200 PM
 AVERAGE    77

..........................................................


THE RHINELANDER WI CLIMATE NORMALS FOR TOMORROW
                         NORMAL    RECORD    YEAR
 MAXIMUM TEMPERATURE (F)   74        91      1984
 MINIMUM TEMPERATURE (F)   51        33      1934


SUNRISE AND SUNSET
AUGUST 28 2016........SUNRISE   615 AM CDT   SUNSET   742 PM CDT
AUGUST 29 2016........SUNRISE   616 AM CDT   SUNSET   740 PM CDT


-  INDICATES NEGATIVE NUMBERS.
R  INDICATES RECORD WAS SET OR TIED.
MM INDICATES DATA IS MISSING.
T  INDICATES TRACE AMOUNT.




$$
