000
CDUS43 KGRB 160655
CLIRHI


CLIMATE REPORT
NATIONAL WEATHER SERVICE GREEN BAY
1254 AM CST SAT DEC 16 2017


...................................

...THE RHINELANDER WI CLIMATE SUMMARY FOR DECEMBER 15 2017...

CLIMATE NORMAL PERIOD 1981 TO 2010
CLIMATE RECORD PERIOD 1908 TO 2017


WEATHER ITEM   OBSERVED TIME   RECORD YEAR NORMAL DEPARTURE LAST
                VALUE   (LST)  VALUE       VALUE  FROM      YEAR
                                                  NORMAL
..................................................................
TEMPERATURE (F)
 YESTERDAY
  MAXIMUM         15    302 PM  48    1993  25    -10       10
  MINIMUM         -1    609 PM -28    1919   8     -9      -11
  AVERAGE          7                        17    -10        0

PRECIPITATION (IN)
  YESTERDAY        0.01          0.58 1940   0.04  -0.03     0.00
  MONTH TO DATE    1.63                      0.75   0.88     0.65
  SINCE DEC 1      1.63                      0.75   0.88     0.65
  SINCE JAN 1     40.19                     30.71   9.48    41.53

SNOWFALL (IN)
  YESTERDAY        0.3           6.0  1940  MM     MM        0.0
  MONTH TO DATE   12.1                      MM     MM        8.7
  SINCE DEC 1     12.1                      MM     MM        8.7
  SINCE JUL 1     25.8                      MM     MM       15.3
  SNOW DEPTH       9

DEGREE DAYS
 HEATING
  YESTERDAY       58                        48     10       65
  MONTH TO DATE  661                       686    -25      705
  SINCE DEC 1    661                       686    -25      705
  SINCE JUL 1   2634                      2820   -186     2187

 COOLING
  YESTERDAY        0                         0      0        0
  MONTH TO DATE    0                         0      0        0
  SINCE DEC 1      0                         0      0        0
  SINCE JAN 1    215                       261    -46      321
..................................................................


WIND (MPH)
  HIGHEST WIND SPEED    16   HIGHEST WIND DIRECTION    NW (300)
  HIGHEST GUST SPEED    21   HIGHEST GUST DIRECTION     W (270)
  AVERAGE WIND SPEED     5.6


SKY COVER
  POSSIBLE SUNSHINE  MM
  AVERAGE SKY COVER 0.9


WEATHER CONDITIONS
 THE FOLLOWING WEATHER WAS RECORDED YESTERDAY.
  LIGHT SNOW
  FOG
  HAZE


RELATIVE HUMIDITY (PERCENT)
 HIGHEST    96           500 PM
 LOWEST     73          1100 AM
 AVERAGE    85

..........................................................


THE RHINELANDER WI CLIMATE NORMALS FOR TODAY
                         NORMAL    RECORD    YEAR
 MAXIMUM TEMPERATURE (F)   25        49      1913
 MINIMUM TEMPERATURE (F)    8       -28      1919


SUNRISE AND SUNSET
DECEMBER 16 2017......SUNRISE   732 AM CST   SUNSET   415 PM CST
DECEMBER 17 2017......SUNRISE   733 AM CST   SUNSET   415 PM CST


-  INDICATES NEGATIVE NUMBERS.
R  INDICATES RECORD WAS SET OR TIED.
MM INDICATES DATA IS MISSING.
T  INDICATES TRACE AMOUNT.




$$
