000
CDUS43 KGRB 260717
CLIRHI


CLIMATE REPORT
NATIONAL WEATHER SERVICE GREEN BAY
214 AM CDT MON JUN 26 2017


...................................

...THE RHINELANDER WI CLIMATE SUMMARY FOR JUNE 25 2017...

CLIMATE NORMAL PERIOD 1981 TO 2010
CLIMATE RECORD PERIOD 1908 TO 2017


WEATHER ITEM   OBSERVED TIME   RECORD YEAR NORMAL DEPARTURE LAST
                VALUE   (LST)  VALUE       VALUE  FROM      YEAR
                                                  NORMAL
..................................................................
TEMPERATURE (F)
 YESTERDAY
  MAXIMUM         65    107 PM  92    1912  77    -12       88
  MINIMUM         44   1113 PM  34    1915  53     -9       61
  AVERAGE         55                        65    -10       75

PRECIPITATION (IN)
  YESTERDAY        0.17          1.67 2016   0.15   0.02     1.67
  MONTH TO DATE    6.71                      3.23   3.48     6.56
  SINCE JUN 1      6.71                      3.23   3.48     6.56
  SINCE JAN 1     24.43                     12.91  11.52    17.64

SNOWFALL (IN)
  YESTERDAY        0.0           0.0    MM  MM     MM        0.0
  MONTH TO DATE    0.0                      MM     MM        0.0
  SINCE JUN 1      0.0                      MM     MM        0.0
  SINCE JUL 1     65.8                      MM     MM       55.7
  SNOW DEPTH       0

DEGREE DAYS
 HEATING
  YESTERDAY       10                         3      7        0
  MONTH TO DATE   72                       123    -51       78
  SINCE JUN 1     72                       123    -51       78
  SINCE JUL 1   7748                      9009  -1261     7779

 COOLING
  YESTERDAY        0                         3     -3       10
  MONTH TO DATE   63                        38     25       45
  SINCE JUN 1     63                        38     25       45
  SINCE JAN 1     65                        50     15       60
..................................................................


WIND (MPH)
  HIGHEST WIND SPEED    18   HIGHEST WIND DIRECTION     W (290)
  HIGHEST GUST SPEED    25   HIGHEST GUST DIRECTION     W (280)
  AVERAGE WIND SPEED     8.1


SKY COVER
  POSSIBLE SUNSHINE  MM
  AVERAGE SKY COVER 0.8


WEATHER CONDITIONS
 THE FOLLOWING WEATHER WAS RECORDED YESTERDAY.
  RAIN
  LIGHT RAIN
  FOG


RELATIVE HUMIDITY (PERCENT)
 HIGHEST   100           100 AM
 LOWEST     67          1100 AM
 AVERAGE    84

..........................................................


THE RHINELANDER WI CLIMATE NORMALS FOR TODAY
                         NORMAL    RECORD    YEAR
 MAXIMUM TEMPERATURE (F)   77        92      1921
 MINIMUM TEMPERATURE (F)   53        38      1928


SUNRISE AND SUNSET
JUNE 26 2017..........SUNRISE   510 AM CDT   SUNSET   851 PM CDT
JUNE 27 2017..........SUNRISE   511 AM CDT   SUNSET   851 PM CDT


-  INDICATES NEGATIVE NUMBERS.
R  INDICATES RECORD WAS SET OR TIED.
MM INDICATES DATA IS MISSING.
T  INDICATES TRACE AMOUNT.

$$
