000
CDUS43 KGRB 300730
CLIRHI


CLIMATE REPORT
NATIONAL WEATHER SERVICE GREEN BAY
229 AM CDT SUN APR 30 2017


...................................

...THE RHINELANDER WI CLIMATE SUMMARY FOR APRIL 29 2017...

CLIMATE NORMAL PERIOD 1981 TO 2010
CLIMATE RECORD PERIOD 1908 TO 2017


WEATHER ITEM   OBSERVED TIME   RECORD YEAR NORMAL DEPARTURE LAST
                VALUE   (LST)  VALUE       VALUE  FROM      YEAR
                                                  NORMAL
..................................................................
TEMPERATURE (F)
 YESTERDAY
  MAXIMUM         51    350 PM  89    1952  60     -9       57
  MINIMUM         27    507 AM  16    1958  35     -8       37
  AVERAGE         39                        48     -9       47

PRECIPITATION (IN)
  YESTERDAY        0.00          2.00 1984   0.10  -0.10      T
  MONTH TO DATE    6.87                      2.48   4.39     2.78
  SINCE MAR 1      8.08                      4.05   4.03     6.45
  SINCE JAN 1     11.44                      6.09   5.35     8.18

SNOWFALL (IN)
  YESTERDAY        0.0           3.7  1909  MM     MM        0.0
  MONTH TO DATE    8.5                      MM     MM       11.9
  SINCE MAR 1     14.3                      MM     MM       21.2
  SINCE JUL 1     65.8                      MM     MM       55.7
  SNOW DEPTH       0

DEGREE DAYS
 HEATING
  YESTERDAY       26                        18      8       18
  MONTH TO DATE  595                       686    -91      717
  SINCE MAR 1   1747                      1859   -112     1656
  SINCE JUL 1   7258                      8481  -1223     7339

 COOLING
  YESTERDAY        0                         0      0        0
  MONTH TO DATE    0                         0      0        0
  SINCE MAR 1      0                         0      0        0
  SINCE JAN 1      0                         0      0        0
..................................................................


WIND (MPH)
  HIGHEST WIND SPEED    15   HIGHEST WIND DIRECTION     E (70)
  HIGHEST GUST SPEED    23   HIGHEST GUST DIRECTION     E (70)
  AVERAGE WIND SPEED     6.2


SKY COVER
  POSSIBLE SUNSHINE  MM
  AVERAGE SKY COVER 0.0


WEATHER CONDITIONS
 THE FOLLOWING WEATHER WAS RECORDED YESTERDAY.
  NO SIGNIFICANT WEATHER WAS OBSERVED.


RELATIVE HUMIDITY (PERCENT)
 HIGHEST    85          1200 AM
 LOWEST     35           300 PM
 AVERAGE    60

..........................................................


THE RHINELANDER WI CLIMATE NORMALS FOR TODAY
                         NORMAL    RECORD    YEAR
 MAXIMUM TEMPERATURE (F)   61        89      1952
 MINIMUM TEMPERATURE (F)   35        20      1956


SUNRISE AND SUNSET
APRIL 30 2017.........SUNRISE   547 AM CDT   SUNSET   804 PM CDT
MAY  1 2017...........SUNRISE   545 AM CDT   SUNSET   805 PM CDT


-  INDICATES NEGATIVE NUMBERS.
R  INDICATES RECORD WAS SET OR TIED.
MM INDICATES DATA IS MISSING.
T  INDICATES TRACE AMOUNT.

$$
