000
CDUS41 KAKQ 250827
CLIRIC


CLIMATE REPORT
NATIONAL WEATHER SERVICE WAKEFIELD, VA
326 AM EST SUN JAN 25 2015


...................................

...THE RICHMOND VA CLIMATE SUMMARY FOR JANUARY 24 2015...

CLIMATE NORMAL PERIOD 1981 TO 2010
CLIMATE RECORD PERIOD 1871 TO 2015


WEATHER ITEM   OBSERVED TIME   RECORD YEAR NORMAL DEPARTURE LAST
                VALUE   (LST)  VALUE       VALUE  FROM      YEAR
                                                  NORMAL
..................................................................
TEMPERATURE (F)
 YESTERDAY
  MAXIMUM         44    524 PM  76    1950  48     -4       25
  MINIMUM         35    204 AM   5    1936  28      7       11
  AVERAGE         40                        38      2       18

PRECIPITATION (IN)
  YESTERDAY        0.36          1.78 1940   0.10   0.26     0.00
  MONTH TO DATE    3.45                      2.35   1.10     3.04
  SINCE DEC 1      6.59                      5.61   0.98     9.15
  SINCE JAN 1      3.45                      2.35   1.10     3.04

SNOWFALL (IN)
  YESTERDAY        0.0          19.9  1940   0.1   -0.1
  MONTH TO DATE    0.1                       2.8   -2.7
  SINCE NOV 1      0.1                       5.1   -5.0
  SINCE JUL 1      0.1                       5.1   -5.0
  SNOW DEPTH       0

DEGREE DAYS
 HEATING
  YESTERDAY       25                        27     -2       47
  MONTH TO DATE  649                       648      1      702
  SINCE DEC 1   1295                      1391    -96     1353
  SINCE JUL 1   1965                      2067   -102     1993

 COOLING
  YESTERDAY        0                         0      0        0
  MONTH TO DATE    0                         0      0        0
  SINCE DEC 1      0                         1     -1        4
  SINCE JAN 1      0                         0      0        0
..................................................................


WIND (MPH)
  HIGHEST WIND SPEED    18   HIGHEST WIND DIRECTION    NW (300)
  HIGHEST GUST SPEED    24   HIGHEST GUST DIRECTION    NW (310)
  AVERAGE WIND SPEED     9.8


SKY COVER
  POSSIBLE SUNSHINE  MM
  AVERAGE SKY COVER 0.8


WEATHER CONDITIONS
 THE FOLLOWING WEATHER WAS RECORDED YESTERDAY.
  HEAVY RAIN
  LIGHT RAIN
  FOG


RELATIVE HUMIDITY (PERCENT)
 HIGHEST   100          1200 AM
 LOWEST     59          1000 PM
 AVERAGE    80

..........................................................


THE RICHMOND VA CLIMATE NORMALS FOR TODAY
                         NORMAL    RECORD    YEAR
 MAXIMUM TEMPERATURE (F)   48        79      1950
 MINIMUM TEMPERATURE (F)   28        -6      1940


SUNRISE AND SUNSET
JANUARY 25 2015.......SUNRISE   718 AM EST   SUNSET   525 PM EST
JANUARY 26 2015.......SUNRISE   717 AM EST   SUNSET   527 PM EST


-  INDICATES NEGATIVE NUMBERS.
R  INDICATES RECORD WAS SET OR TIED.
MM INDICATES DATA IS MISSING.
T  INDICATES TRACE AMOUNT.




$$
