000
CDUS41 KAKQ 292141
CLIRIC


CLIMATE REPORT
NATIONAL WEATHER SERVICE WAKEFIELD, VA
541 PM EDT SAT AUG 29 2015


...................................

...THE RICHMOND VA CLIMATE SUMMARY FOR AUGUST 29 2015...
VALID TODAY AS OF 0500 PM LOCAL TIME.

CLIMATE NORMAL PERIOD 1981 TO 2010
CLIMATE RECORD PERIOD 1871 TO 2015


WEATHER ITEM   OBSERVED TIME   RECORD YEAR NORMAL DEPARTURE LAST
                VALUE   (LST)  VALUE       VALUE  FROM      YEAR
                                                  NORMAL
..................................................................
TEMPERATURE (F)
 TODAY
  MAXIMUM         89    153 PM 101    1953  86      3       85
  MINIMUM         62    602 AM  47    1986  66     -4       65
  AVERAGE         76

PRECIPITATION (IN)
  TODAY            0.00          2.88 2008   0.14  -0.14     0.00
  MONTH TO DATE    2.77                      4.40  -1.63     3.61
  SINCE JUN 1     14.57                     12.84   1.73     9.63
  SINCE JAN 1     32.55                     29.73   2.82    25.67

SNOWFALL (IN)
  TODAY            0.0
  MONTH TO DATE    0.0
  SINCE NOV 1     12.8
  SINCE JUL 1      0.0
  SNOW DEPTH       0

DEGREE DAYS
 HEATING
  TODAY            0                         0      0        0
  MONTH TO DATE    0                         0      0        0
  SINCE JUN 1      6                         7     -1        0
  SINCE JUL 1      0                         0      0        0

 COOLING
  TODAY           11                        11      0       10
  MONTH TO DATE  368                       366      2      325
  SINCE JUN 1   1218                      1124     94     1139
  SINCE JAN 1   1480                      1285    195     1347
..................................................................


WIND (MPH)
  RESULTANT WIND SPEED   3   RESULTANT WIND DIRECTION   S (180)
  HIGHEST WIND SPEED    11   HIGHEST WIND DIRECTION     S (190)
  HIGHEST GUST SPEED    14   HIGHEST GUST DIRECTION    SE (130)


SKY COVER
  POSSIBLE SUNSHINE  MM
  AVERAGE SKY COVER 0.6


WEATHER CONDITIONS
 THE FOLLOWING WEATHER WAS RECORDED TODAY.
  NO SIGNIFICANT WEATHER WAS OBSERVED.


RELATIVE HUMIDITY (PERCENT)
 HIGHEST    87
 LOWEST     39
 AVERAGE    63

..........................................................


THE RICHMOND VA CLIMATE NORMALS FOR TOMORROW
                         NORMAL    RECORD    YEAR
 MAXIMUM TEMPERATURE (F)   86       101      1953
 MINIMUM TEMPERATURE (F)   65        47      1965


SUNRISE AND SUNSET
AUGUST 29 2015........SUNRISE   637 AM EDT   SUNSET   743 PM EDT
AUGUST 30 2015........SUNRISE   638 AM EDT   SUNSET   742 PM EDT


-  INDICATES NEGATIVE NUMBERS.
R  INDICATES RECORD WAS SET OR TIED.
MM INDICATES DATA IS MISSING.
T  INDICATES TRACE AMOUNT.




$$
