000
CDUS41 KAKQ 072145
CLIRIC


CLIMATE REPORT
NATIONAL WEATHER SERVICE WAKEFIELD, VA
545 PM EDT TUE JUL 7 2015


...................................

...THE RICHMOND VA CLIMATE SUMMARY FOR JULY 7 2015...
VALID TODAY AS OF 0500 PM LOCAL TIME.

CLIMATE NORMAL PERIOD 1981 TO 2010
CLIMATE RECORD PERIOD 1871 TO 2015


WEATHER ITEM   OBSERVED TIME   RECORD YEAR NORMAL DEPARTURE LAST
                VALUE   (LST)  VALUE       VALUE  FROM      YEAR
                                                  NORMAL
..................................................................
TEMPERATURE (F)
 TODAY
  MAXIMUM         91    340 PM 104    2012  90      1       97
                                      2010
  MINIMUM         71    546 AM  55    1940  69      2       69
  AVERAGE         81

PRECIPITATION (IN)
  TODAY            0.00          1.78 1896   0.13  -0.13     0.00
  MONTH TO DATE    3.05                      0.90   2.15     0.04
  SINCE JUN 1      9.10                      4.83   4.27     3.43
  SINCE JAN 1     27.08                     21.72   5.36    19.47

SNOWFALL (IN)
  TODAY            0.0
  MONTH TO DATE    0.0
  SINCE NOV 1     12.8
  SINCE JUL 1      0.0
  SNOW DEPTH       0

DEGREE DAYS
 HEATING
  TODAY            0                         0      0        0
  MONTH TO DATE    0                         0      0        0
  SINCE JUN 1      6                         7     -1        0
  SINCE JUL 1      0                         0      0        0

 COOLING
  TODAY           16                        14      2       18
  MONTH TO DATE   90                        98     -8      112
  SINCE JUN 1    491                       413     78      467
  SINCE JAN 1    753                       574    179      675
..................................................................


WIND (MPH)
  RESULTANT WIND SPEED   7   RESULTANT WIND DIRECTION  SW (210)
  HIGHEST WIND SPEED    17   HIGHEST WIND DIRECTION    SW (220)
  HIGHEST GUST SPEED    23   HIGHEST GUST DIRECTION    SW (220)


SKY COVER
  POSSIBLE SUNSHINE  MM
  AVERAGE SKY COVER 0.1


WEATHER CONDITIONS
 THE FOLLOWING WEATHER WAS RECORDED TODAY.
  FOG


RELATIVE HUMIDITY (PERCENT)
 HIGHEST    93
 LOWEST     47
 AVERAGE    70

..........................................................


THE RICHMOND VA CLIMATE NORMALS FOR TOMORROW
                         NORMAL    RECORD    YEAR
 MAXIMUM TEMPERATURE (F)   90       103      2012
 MINIMUM TEMPERATURE (F)   69        54      1983


SUNRISE AND SUNSET
JULY  7 2015..........SUNRISE   555 AM EDT   SUNSET   833 PM EDT
JULY  8 2015..........SUNRISE   555 AM EDT   SUNSET   833 PM EDT


-  INDICATES NEGATIVE NUMBERS.
R  INDICATES RECORD WAS SET OR TIED.
MM INDICATES DATA IS MISSING.
T  INDICATES TRACE AMOUNT.




$$
