000
CDUS45 KGJT 282342
CLIRIL


CLIMATE REPORT
NATIONAL WEATHER SERVICE GRAND JUNCTION CO
530 PM MDT THU MAY 28 2015


...................................

...THE RIFLE CO CLIMATE SUMMARY FOR MAY 28 2015...
VALID TODAY AS OF 0500 PM LOCAL TIME.

CLIMATE NORMAL PERIOD 1981 TO 2010
CLIMATE RECORD PERIOD 9999 TO 9999


WEATHER ITEM   OBSERVED TIME   RECORD YEAR NORMAL DEPARTURE LAST
                VALUE   (LST)  VALUE       VALUE  FROM      YEAR
                                                  NORMAL
..................................................................
TEMPERATURE (F)
 TODAY
  MAXIMUM         71    114 PM  MM      MM  78     -7       90
  MINIMUM         47    540 AM  MM      MM  42      5       46
  AVERAGE         59                        60     -1       68

PRECIPITATION (IN)
  TODAY            0.02         MM      MM   0.05  -0.03     0.00
  MONTH TO DATE    4.26                      1.36   2.90     1.64
  SINCE MAR 1      6.39                      3.70   2.69     3.07
  SINCE JAN 1      6.93                      5.27   1.66     4.47

SNOWFALL (IN)
  TODAY           MM            MM      MM  MM     MM       MM
  MONTH TO DATE   MM                        MM     MM       MM
  SINCE MAR 1     MM                        MM     MM       MM
  SINCE JUL 1     MM                        MM     MM       MM
  SNOW DEPTH      MM

DEGREE DAYS
 HEATING
  TODAY            6                         5      1        0
  MONTH TO DATE  308                       253     55      283
  SINCE MAR 1   1417                      1553   -136     1545
  SINCE JUL 1   5790                      6550   -760     6756

 COOLING
  TODAY            0                         1     -1        3
  MONTH TO DATE    0                         2     -2        4
  SINCE MAR 1      0                         2     -2        4
  SINCE JAN 1      0                         2     -2        4
..................................................................


WIND (MPH)
  HIGHEST WIND SPEED    38   HIGHEST WIND DIRECTION    NW (320)
  HIGHEST GUST SPEED    47   HIGHEST GUST DIRECTION    NW (320)
  AVERAGE WIND SPEED     6.4


SKY COVER
  POSSIBLE SUNSHINE  MM
  AVERAGE SKY COVER 0.3


WEATHER CONDITIONS
 THE FOLLOWING WEATHER WAS RECORDED TODAY.
  RAIN
  LIGHT RAIN
  FOG


RELATIVE HUMIDITY (PERCENT)
 HIGHEST    93           200 AM
 LOWEST     37           100 PM
 AVERAGE    65

..........................................................


THE RIFLE CO CLIMATE NORMALS FOR TOMORROW
                         NORMAL    RECORD    YEAR
 MAXIMUM TEMPERATURE (F)   79        MM        MM
 MINIMUM TEMPERATURE (F)   42        MM        MM


SUNRISE AND SUNSET
MAY 28 2015...........SUNRISE   548 AM MDT   SUNSET   829 PM MDT
MAY 29 2015...........SUNRISE   547 AM MDT   SUNSET   830 PM MDT


-  INDICATES NEGATIVE NUMBERS.
R  INDICATES RECORD WAS SET OR TIED.
MM INDICATES DATA IS MISSING.
T  INDICATES TRACE AMOUNT.




$$
