000
CDUS45 KRIW 220735
CLIRIW


CLIMATE REPORT
NATIONAL WEATHER SERVICE RIVERTON WY
127 AM MDT TUE JUL 22 2014


...................................

...THE RIVERTON WY CLIMATE SUMMARY FOR JULY 21 2014...

CLIMATE NORMAL PERIOD 1981 TO 2010
CLIMATE RECORD PERIOD 1995 TO 2014


WEATHER ITEM   OBSERVED TIME   RECORD YEAR NORMAL DEPARTURE LAST
                VALUE   (LST)  VALUE       VALUE  FROM      YEAR
                                                  NORMAL
..................................................................
TEMPERATURE (F)
 YESTERDAY
  MAXIMUM         93    105 PM  98    2007  89      4       96
  MINIMUM         63    236 AM  49    2009  57      6       58
  AVERAGE         78                        73      5       77

PRECIPITATION (IN)
  YESTERDAY        T             0.06 2002   0.02  -0.02     0.00
  MONTH TO DATE    0.47                      0.66  -0.19     0.28
  SINCE JUN 1      1.59                      1.94  -0.35     0.33
  SINCE JAN 1      3.91                      6.02  -2.11     3.77

SNOWFALL (IN)
  YESTERDAY        0.0                                       0.0
  MONTH TO DATE    0.0                                       0.0
  SINCE JUN 1      0.0                                       0.0
  SINCE JUL 1      0.0                                       0.0
  SNOW DEPTH       0

DEGREE DAYS
 HEATING
  YESTERDAY        0                         0      0        0
  MONTH TO DATE    4                         8     -4        0
  SINCE JUN 1    130                       127      3       52
  SINCE JUL 1      4                         8     -4        0

 COOLING
  YESTERDAY       13                         8      5       12
  MONTH TO DATE  157                       138     19      231
  SINCE JUN 1    180                       204    -24      368
  SINCE JAN 1    195                       213    -18      381
..................................................................


WIND (MPH)
  HIGHEST WIND SPEED    44   HIGHEST WIND DIRECTION    NW (320)
  HIGHEST GUST SPEED    56   HIGHEST GUST DIRECTION    NW (330)
  AVERAGE WIND SPEED    11.3


SKY COVER
  POSSIBLE SUNSHINE  MM
  AVERAGE SKY COVER 0.0


WEATHER CONDITIONS
 THE FOLLOWING WEATHER WAS RECORDED YESTERDAY.
  LIGHT RAIN


RELATIVE HUMIDITY (PERCENT)
 HIGHEST    40           300 AM
 LOWEST     13           100 PM
 AVERAGE    27

..........................................................


THE RIVERTON WY CLIMATE NORMALS FOR TODAY
                         NORMAL    RECORD    YEAR
 MAXIMUM TEMPERATURE (F)   89       100      2007
 MINIMUM TEMPERATURE (F)   57        49      2009


SUNRISE AND SUNSET
JULY 22 2014..........SUNRISE   555 AM MDT   SUNSET   845 PM MDT
JULY 23 2014..........SUNRISE   555 AM MDT   SUNSET   845 PM MDT


-  INDICATES NEGATIVE NUMBERS.
R  INDICATES RECORD WAS SET OR TIED.
MM INDICATES DATA IS MISSING.
T  INDICATES TRACE AMOUNT.




$$
