856
CDUS45 KRIW 290730
CLIRIW


CLIMATE REPORT
NATIONAL WEATHER SERVICE RIVERTON WY
128 AM MDT THU JUN 29 2017


...................................

...THE RIVERTON WY CLIMATE SUMMARY FOR JUNE 28 2017...

CLIMATE NORMAL PERIOD 1981 TO 2010
CLIMATE RECORD PERIOD 1995 TO 2017


WEATHER ITEM   OBSERVED TIME   RECORD YEAR NORMAL DEPARTURE LAST
                VALUE   (LST)  VALUE       VALUE  FROM      YEAR
                                                  NORMAL
..................................................................
TEMPERATURE (F)
 YESTERDAY
  MAXIMUM         80    123 PM  96    2002  83     -3       93
  MINIMUM         45    441 AM  40    1998  53     -8       52
  AVERAGE         63                        68     -5       73

PRECIPITATION (IN)
  YESTERDAY        T             0.06 2003   0.03  -0.03      T
  MONTH TO DATE    0.18                      1.21  -1.03     0.32
  SINCE JUN 1      0.18                      1.21  -1.03     0.32
  SINCE JAN 1     10.34                      5.29   5.05     9.21

SNOWFALL (IN)
  YESTERDAY        0.0                                       0.0
  MONTH TO DATE    0.0                                       0.0
  SINCE JUN 1      0.0                                       0.0
  SINCE JUL 1     66.4                                      62.4
  SNOW DEPTH       0

DEGREE DAYS
 HEATING
  YESTERDAY        2                         2      0        0
  MONTH TO DATE   56                       117    -61       16
  SINCE JUN 1     56                       117    -61       16
  SINCE JUL 1   7628                      7868   -240     7104

 COOLING
  YESTERDAY        0                         4     -4        8
  MONTH TO DATE   51                        58     -7      149
  SINCE JUN 1     51                        58     -7      149
  SINCE JAN 1     51                        67    -16      149
..................................................................


WIND (MPH)
  HIGHEST WIND SPEED    46   HIGHEST WIND DIRECTION    NW (310)
  HIGHEST GUST SPEED    59   HIGHEST GUST DIRECTION    NW (310)
  AVERAGE WIND SPEED    15.0


SKY COVER
  POSSIBLE SUNSHINE  MM
  AVERAGE SKY COVER 0.1


WEATHER CONDITIONS
 THE FOLLOWING WEATHER WAS RECORDED YESTERDAY.
  LIGHT RAIN


RELATIVE HUMIDITY (PERCENT)
 HIGHEST    80          1100 PM
 LOWEST     21           100 PM
 AVERAGE    51

..........................................................


THE RIVERTON WY CLIMATE NORMALS FOR TODAY
                         NORMAL    RECORD    YEAR
 MAXIMUM TEMPERATURE (F)   83        98      2007
                                             2002
 MINIMUM TEMPERATURE (F)   53        47      2014


SUNRISE AND SUNSET
JUNE 29 2017..........SUNRISE   537 AM MDT   SUNSET   857 PM MDT
JUNE 30 2017..........SUNRISE   538 AM MDT   SUNSET   857 PM MDT


-  INDICATES NEGATIVE NUMBERS.
R  INDICATES RECORD WAS SET OR TIED.
MM INDICATES DATA IS MISSING.
T  INDICATES TRACE AMOUNT.




$$
