000
CDUS45 KRIW 040744
CLIRIW


CLIMATE REPORT
NATIONAL WEATHER SERVICE RIVERTON WY
1244 AM MST WED MAR 4 2015


...................................

...THE RIVERTON WY CLIMATE SUMMARY FOR MARCH 3 2015...

CLIMATE NORMAL PERIOD 1981 TO 2010
CLIMATE RECORD PERIOD 1995 TO 2015


WEATHER ITEM   OBSERVED TIME   RECORD YEAR NORMAL DEPARTURE LAST
                VALUE   (LST)  VALUE       VALUE  FROM      YEAR
                                                  NORMAL
..................................................................
TEMPERATURE (F)
 YESTERDAY
  MAXIMUM         22   1230 AM  62    2009  42    -20       52
  MINIMUM          1R  1155 PM   5    2004  19    -18        9
  AVERAGE         12                        30    -18       31

PRECIPITATION (IN)
  YESTERDAY        0.12R         T    2011   0.01   0.11     0.00
  MONTH TO DATE    0.31                      0.03   0.28     0.07
  SINCE MAR 1      0.31                      0.03   0.28     0.07
  SINCE JAN 1      1.38                      0.54   0.84     0.97

SNOWFALL (IN)
  YESTERDAY        1.7                                       0.0
  MONTH TO DATE    5.2                                       0.1
  SINCE MAR 1      5.2                                       0.1
  SINCE JUL 1     33.8                                      49.3
  SNOW DEPTH       2

DEGREE DAYS
 HEATING
  YESTERDAY       53                        34     19       34
  MONTH TO DATE  149                       104     45      150
  SINCE MAR 1    149                       104     45      150
  SINCE JUL 1   5542                      5958   -416     6031

 COOLING
  YESTERDAY        0                         0      0        0
  MONTH TO DATE    0                         0      0        0
  SINCE MAR 1      0                         0      0        0
  SINCE JAN 1      0                         0      0        0
..................................................................


WIND (MPH)
  HIGHEST WIND SPEED    31   HIGHEST WIND DIRECTION     N (20)
  HIGHEST GUST SPEED    43   HIGHEST GUST DIRECTION     N (10)
  AVERAGE WIND SPEED    10.8


SKY COVER
  POSSIBLE SUNSHINE  MM
  AVERAGE SKY COVER 0.9


WEATHER CONDITIONS
 THE FOLLOWING WEATHER WAS RECORDED YESTERDAY.
  SNOW
  LIGHT SNOW
  FOG
  HAZE
  BLOWING SNOW


RELATIVE HUMIDITY (PERCENT)
 HIGHEST    84          1200 AM
 LOWEST     67           400 PM
 AVERAGE    76

..........................................................


THE RIVERTON WY CLIMATE NORMALS FOR TODAY
                         NORMAL    RECORD    YEAR
 MAXIMUM TEMPERATURE (F)   43        60      2000
 MINIMUM TEMPERATURE (F)   19         0      2004


SUNRISE AND SUNSET
MARCH  4 2015.........SUNRISE   645 AM MST   SUNSET   607 PM MST
MARCH  5 2015.........SUNRISE   643 AM MST   SUNSET   608 PM MST


-  INDICATES NEGATIVE NUMBERS.
R  INDICATES RECORD WAS SET OR TIED.
MM INDICATES DATA IS MISSING.
T  INDICATES TRACE AMOUNT.




$$
