000
CDUS45 KRIW 280031
CLIRKS


CLIMATE REPORT
NATIONAL WEATHER SERVICE RIVERTON WY
629 PM MDT SAT AUG 27 2016


...................................

...THE ROCK SPRINGS WY CLIMATE SUMMARY FOR AUGUST 27 2016...
VALID TODAY AS OF 0500 PM LOCAL TIME.

CLIMATE NORMAL PERIOD 1981 TO 2010
CLIMATE RECORD PERIOD 1948 TO 2016


WEATHER ITEM   OBSERVED TIME   RECORD YEAR NORMAL DEPARTURE LAST
                VALUE   (LST)  VALUE       VALUE  FROM      YEAR
                                                  NORMAL
..................................................................
TEMPERATURE (F)
 TODAY
  MAXIMUM         79        MM  90    2011  79      0       80
  MINIMUM         48        MM  35    1976  50     -2       54
  AVERAGE         64                        64      0       67

PRECIPITATION (IN)
  TODAY            0.00                      0.02  -0.02      T
  MONTH TO DATE    0.20                      0.53  -0.33     0.19
  SINCE JUN 1      0.71                      1.96  -1.25     3.42
  SINCE JAN 1      5.17                      5.69  -0.52     7.50

DEGREE DAYS
 HEATING
  TODAY            1                         2     -1        0
  MONTH TO DATE   46                        27     19       28
  SINCE JUN 1     98                       218   -120      103
  SINCE JUL 1     59                        51      8       54

 COOLING
  TODAY            0                         1     -1        2
  MONTH TO DATE   76                        92    -16       71
  SINCE JUN 1    331                       271     60      240
  SINCE JAN 1    331                       272     59      240
..................................................................


WIND (MPH)
  HIGHEST WIND SPEED    16   HIGHEST WIND DIRECTION     W (250)
  HIGHEST GUST SPEED    31   HIGHEST GUST DIRECTION    SW (240)
  AVERAGE WIND SPEED     9.7


SKY COVER
  POSSIBLE SUNSHINE  MM
  AVERAGE SKY COVER 0.0


WEATHER CONDITIONS
 THE FOLLOWING WEATHER WAS RECORDED TODAY.
  NO SIGNIFICANT WEATHER WAS OBSERVED.


RELATIVE HUMIDITY (PERCENT)
 HIGHEST    56           500 AM
 LOWEST     11           300 PM
 AVERAGE    34

..........................................................


THE ROCK SPRINGS WY CLIMATE NORMALS FOR TOMORROW
                         NORMAL    RECORD    YEAR
 MAXIMUM TEMPERATURE (F)   78        89      1974
 MINIMUM TEMPERATURE (F)   50        38      1977


SUNRISE AND SUNSET
AUGUST 27 2016........SUNRISE   638 AM MDT   SUNSET   757 PM MDT
AUGUST 28 2016........SUNRISE   639 AM MDT   SUNSET   755 PM MDT


-  INDICATES NEGATIVE NUMBERS.
R  INDICATES RECORD WAS SET OR TIED.
MM INDICATES DATA IS MISSING.
T  INDICATES TRACE AMOUNT.




$$
