000
CDUS45 KRIW 260039
CLIRKS


CLIMATE REPORT
NATIONAL WEATHER SERVICE RIVERTON WY
629 PM MDT SAT OCT 25 2014


...................................

...THE ROCK SPRINGS WY CLIMATE SUMMARY FOR OCTOBER 25 2014...
VALID TODAY AS OF 0500 PM LOCAL TIME.

CLIMATE NORMAL PERIOD 1981 TO 2010
CLIMATE RECORD PERIOD 1948 TO 2014


WEATHER ITEM   OBSERVED TIME   RECORD YEAR NORMAL DEPARTURE LAST
                VALUE   (LST)  VALUE       VALUE  FROM      YEAR
                                                  NORMAL
..................................................................
TEMPERATURE (F)
 TODAY
  MAXIMUM         72R       MM  68    1968  52     20       61
  MINIMUM         35        MM  13    1975  30      5       31
  AVERAGE         54                        41     13       46

PRECIPITATION (IN)
  TODAY            0.00                      0.02  -0.02     0.00
  MONTH TO DATE    0.32                      0.71  -0.39     0.81
  SINCE SEP 1      1.52                      1.63  -0.11     2.18
  SINCE JAN 1      4.00                      7.41  -3.41     4.38

DEGREE DAYS
 HEATING
  TODAY           11                        24    -13       19
  MONTH TO DATE  374                       487   -113      553
  SINCE SEP 1    559                       751   -192      782
  SINCE JUL 1    650                       815   -165      783

 COOLING
  TODAY            0                         0      0        0
  MONTH TO DATE    0                         0      0        0
  SINCE SEP 1      8                         9     -1       44
  SINCE JAN 1    307                       286     21      517
..................................................................


WIND (MPH)
  HIGHEST WIND SPEED    27   HIGHEST WIND DIRECTION     S (180)
  HIGHEST GUST SPEED    36   HIGHEST GUST DIRECTION     S (180)
  AVERAGE WIND SPEED     7.0


SKY COVER
  POSSIBLE SUNSHINE  MM
  AVERAGE SKY COVER 0.0


WEATHER CONDITIONS
 THE FOLLOWING WEATHER WAS RECORDED TODAY.
  NO SIGNIFICANT WEATHER WAS OBSERVED.


RELATIVE HUMIDITY (PERCENT)
 HIGHEST    59           500 AM
 LOWEST     16           100 PM
 AVERAGE    38

..........................................................


THE ROCK SPRINGS WY CLIMATE NORMALS FOR TOMORROW
                         NORMAL    RECORD    YEAR
 MAXIMUM TEMPERATURE (F)   52        72      1977
 MINIMUM TEMPERATURE (F)   29        15      1996


SUNRISE AND SUNSET
OCTOBER 25 2014.......SUNRISE   740 AM MDT   SUNSET   620 PM MDT
OCTOBER 26 2014.......SUNRISE   741 AM MDT   SUNSET   619 PM MDT


-  INDICATES NEGATIVE NUMBERS.
R  INDICATES RECORD WAS SET OR TIED.
MM INDICATES DATA IS MISSING.
T  INDICATES TRACE AMOUNT.




$$
