000
CDUS45 KRIW 290755
CLIRKS


CLIMATE REPORT
NATIONAL WEATHER SERVICE RIVERTON WY
128 AM MDT SUN MAR 29 2015


...................................

...THE ROCK SPRINGS WY CLIMATE SUMMARY FOR MARCH 28 2015...

CLIMATE NORMAL PERIOD 1981 TO 2010
CLIMATE RECORD PERIOD 1948 TO 2015


WEATHER ITEM   OBSERVED TIME   RECORD YEAR NORMAL DEPARTURE LAST
                VALUE   (LST)  VALUE       VALUE  FROM      YEAR
                                                  NORMAL
..................................................................
TEMPERATURE (F)
 YESTERDAY
  MAXIMUM         70R   109 PM  67    1986  48     22       45
  MINIMUM         36    534 AM  -1    1975  26     10       24
  AVERAGE         53                        37     16       35

PRECIPITATION (IN)
  YESTERDAY        0.00          0.48 1993   0.02  -0.02     0.00
  MONTH TO DATE    0.22                      0.60  -0.38     0.38
  SINCE MAR 1      0.22                      0.60  -0.38     0.38
  SINCE JAN 1      0.31                      1.53  -1.22     0.53

DEGREE DAYS
 HEATING
  YESTERDAY       12                        28    -16       30
  MONTH TO DATE  722                       894   -172      805
  SINCE MAR 1    722                       894   -172      805
  SINCE JUL 1   5835                      6746   -911     6257

 COOLING
  YESTERDAY        0                         0      0        0
  MONTH TO DATE    0                         0      0        0
  SINCE MAR 1      0                         0      0        0
  SINCE JAN 1      0                         0      0        0
..................................................................


WIND (MPH)
  HIGHEST WIND SPEED    45   HIGHEST WIND DIRECTION     W (260)
  HIGHEST GUST SPEED    55   HIGHEST GUST DIRECTION     W (260)
  AVERAGE WIND SPEED    16.5


SKY COVER
  POSSIBLE SUNSHINE  MM
  AVERAGE SKY COVER 0.0


WEATHER CONDITIONS
 THE FOLLOWING WEATHER WAS RECORDED YESTERDAY.
  NO SIGNIFICANT WEATHER WAS OBSERVED.


RELATIVE HUMIDITY (PERCENT)
 HIGHEST    64           400 AM
 LOWEST     12           500 PM
 AVERAGE    38

..........................................................


THE ROCK SPRINGS WY CLIMATE NORMALS FOR TODAY
                         NORMAL    RECORD    YEAR
 MAXIMUM TEMPERATURE (F)   49        67      1978
 MINIMUM TEMPERATURE (F)   26         0      1987


SUNRISE AND SUNSET
MARCH 29 2015.........SUNRISE   705 AM MDT   SUNSET   738 PM MDT
MARCH 30 2015.........SUNRISE   703 AM MDT   SUNSET   739 PM MDT


-  INDICATES NEGATIVE NUMBERS.
R  INDICATES RECORD WAS SET OR TIED.
MM INDICATES DATA IS MISSING.
T  INDICATES TRACE AMOUNT.




$$
