000
CDUS45 KRIW 300735
CLIRKS


CLIMATE REPORT
NATIONAL WEATHER SERVICE RIVERTON WY
134 AM MDT SAT AUG 30 2014


...................................

...THE ROCK SPRINGS WY CLIMATE SUMMARY FOR AUGUST 29 2014...

CLIMATE NORMAL PERIOD 1981 TO 2010
CLIMATE RECORD PERIOD 1948 TO 2014


WEATHER ITEM   OBSERVED TIME   RECORD YEAR NORMAL DEPARTURE LAST
                VALUE   (LST)  VALUE       VALUE  FROM      YEAR
                                                  NORMAL
..................................................................
TEMPERATURE (F)
 YESTERDAY
  MAXIMUM         78    338 PM  90    1948  78      0       87
  MINIMUM         49    636 AM  34    1964  49      0       57
  AVERAGE         64                        64      0       72

PRECIPITATION (IN)
  YESTERDAY        0.00          0.24 1949   0.02  -0.02     0.00
  MONTH TO DATE    0.42                      0.57  -0.15     0.47
  SINCE JUN 1      1.07                      2.00  -0.93     0.68
  SINCE JAN 1      2.38                      5.73  -3.35     2.17

DEGREE DAYS
 HEATING
  YESTERDAY        1                         3     -2        0
  MONTH TO DATE   68                        33     35        1
  SINCE JUN 1    229                       224      5       63
  SINCE JUL 1     82                        57     25        1

 COOLING
  YESTERDAY        0                         1     -1        7
  MONTH TO DATE   70                        94    -24      139
  SINCE JUN 1    292                       273     19      456
  SINCE JAN 1    299                       274     25      457
..................................................................


WIND (MPH)
  HIGHEST WIND SPEED    28   HIGHEST WIND DIRECTION    SW (230)
  HIGHEST GUST SPEED    34   HIGHEST GUST DIRECTION    SW (230)
  AVERAGE WIND SPEED    12.1


SKY COVER
  POSSIBLE SUNSHINE  MM
  AVERAGE SKY COVER 0.0


WEATHER CONDITIONS
 THE FOLLOWING WEATHER WAS RECORDED YESTERDAY.
  NO SIGNIFICANT WEATHER WAS OBSERVED.


RELATIVE HUMIDITY (PERCENT)
 HIGHEST    68           600 AM
 LOWEST     21           400 PM
 AVERAGE    45

..........................................................


THE ROCK SPRINGS WY CLIMATE NORMALS FOR TODAY
                         NORMAL    RECORD    YEAR
 MAXIMUM TEMPERATURE (F)   77        91      1954
 MINIMUM TEMPERATURE (F)   49        35      1964


SUNRISE AND SUNSET
AUGUST 30 2014........SUNRISE   640 AM MDT   SUNSET   753 PM MDT
AUGUST 31 2014........SUNRISE   641 AM MDT   SUNSET   751 PM MDT


-  INDICATES NEGATIVE NUMBERS.
R  INDICATES RECORD WAS SET OR TIED.
MM INDICATES DATA IS MISSING.
T  INDICATES TRACE AMOUNT.




$$
