000
CDUS45 KRIW 130735
CLIRKS


CLIMATE REPORT
NATIONAL WEATHER SERVICE RIVERTON WY
134 AM MDT SUN JUL 13 2014


...................................

...THE ROCK SPRINGS WY CLIMATE SUMMARY FOR JULY 12 2014...

CLIMATE NORMAL PERIOD 1981 TO 2010
CLIMATE RECORD PERIOD 1948 TO 2014


WEATHER ITEM   OBSERVED TIME   RECORD YEAR NORMAL DEPARTURE LAST
                VALUE   (LST)  VALUE       VALUE  FROM      YEAR
                                                  NORMAL
..................................................................
TEMPERATURE (F)
 YESTERDAY
  MAXIMUM         84    500 PM  95    2002  84      0       74
  MINIMUM         56        MM  39    1951  54      2       57
  AVERAGE         70                        69      1       66

PRECIPITATION (IN)
  YESTERDAY        T             1.16 1989   0.02  -0.02      T
  MONTH TO DATE    0.12                      0.23  -0.11     0.18
  SINCE JUN 1      0.41                      1.02  -0.61     0.18
  SINCE JAN 1      1.72                      4.75  -3.03     1.67

DEGREE DAYS
 HEATING
  YESTERDAY        0                         1     -1        0
  MONTH TO DATE    3                        15    -12        0
  SINCE JUN 1    150                       182    -32       62
  SINCE JUL 1      3                        15    -12        0

 COOLING
  YESTERDAY        5                         5      0        1
  MONTH TO DATE   80                        45     35       85
  SINCE JUN 1     97                        80     17      178
  SINCE JAN 1    104                        81     23      179
..................................................................


WIND (MPH)
  HIGHEST WIND SPEED    31   HIGHEST WIND DIRECTION    NE (50)
  HIGHEST GUST SPEED    43   HIGHEST GUST DIRECTION    NE (40)
  AVERAGE WIND SPEED     8.7


SKY COVER
  POSSIBLE SUNSHINE  MM
  AVERAGE SKY COVER 0.5


WEATHER CONDITIONS
 THE FOLLOWING WEATHER WAS RECORDED YESTERDAY.
  NO SIGNIFICANT WEATHER WAS OBSERVED.


RELATIVE HUMIDITY (PERCENT)
 HIGHEST    80          1200 AM
 LOWEST     23           500 PM
 AVERAGE    52

..........................................................


THE ROCK SPRINGS WY CLIMATE NORMALS FOR TODAY
                         NORMAL    RECORD    YEAR
 MAXIMUM TEMPERATURE (F)   84        98      2002
 MINIMUM TEMPERATURE (F)   54        42      1997


SUNRISE AND SUNSET
JULY 13 2014..........SUNRISE   554 AM MDT   SUNSET   850 PM MDT
JULY 14 2014..........SUNRISE   554 AM MDT   SUNSET   849 PM MDT


-  INDICATES NEGATIVE NUMBERS.
R  INDICATES RECORD WAS SET OR TIED.
MM INDICATES DATA IS MISSING.
T  INDICATES TRACE AMOUNT.




$$
