000
CDUS45 KRIW 260732
CLIRKS


CLIMATE REPORT
NATIONAL WEATHER SERVICE RIVERTON WY
1231 AM MST SUN FEB 26 2017


...................................

...THE ROCK SPRINGS WY CLIMATE SUMMARY FOR FEBRUARY 25 2017...

CLIMATE NORMAL PERIOD 1981 TO 2010
CLIMATE RECORD PERIOD 1948 TO 2017


WEATHER ITEM   OBSERVED TIME   RECORD YEAR NORMAL DEPARTURE LAST
                VALUE   (LST)  VALUE       VALUE  FROM      YEAR
                                                  NORMAL
..................................................................
TEMPERATURE (F)
 YESTERDAY
  MAXIMUM         20    405 PM  55    1986  36    -16       47
  MINIMUM          3    733 AM  -5    1960  18    -15       24
  AVERAGE         12                        27    -15       36

PRECIPITATION (IN)
  YESTERDAY        0.00          0.19 1985   0.02  -0.02     0.00
  MONTH TO DATE    0.40                      0.43  -0.03     0.18
  SINCE DEC 1      0.97                      1.38  -0.41     0.25
  SINCE JAN 1      0.89                      0.88   0.01     0.21

DEGREE DAYS
 HEATING
  YESTERDAY       53                        38     15       29
  MONTH TO DATE  904                      1034   -130      901
  SINCE DEC 1   3867                      3745    122     3740
  SINCE JUL 1   5587                      5738   -151     5406

 COOLING
  YESTERDAY        0                         0      0        0
  MONTH TO DATE    0                         0      0        0
  SINCE DEC 1      0                         0      0        0
  SINCE JAN 1      0                         0      0        0
..................................................................


WIND (MPH)
  HIGHEST WIND SPEED    32   HIGHEST WIND DIRECTION     W (260)
  HIGHEST GUST SPEED    40   HIGHEST GUST DIRECTION     W (270)
  AVERAGE WIND SPEED    16.2


SKY COVER
  POSSIBLE SUNSHINE  MM
  AVERAGE SKY COVER 0.1


WEATHER CONDITIONS
 THE FOLLOWING WEATHER WAS RECORDED YESTERDAY.
  HAZE


RELATIVE HUMIDITY (PERCENT)
 HIGHEST    80           100 AM
 LOWEST     61          1200 PM
 AVERAGE    71

..........................................................


THE ROCK SPRINGS WY CLIMATE NORMALS FOR TODAY
                         NORMAL    RECORD    YEAR
 MAXIMUM TEMPERATURE (F)   37        52      1988
 MINIMUM TEMPERATURE (F)   18       -10      1960


SUNRISE AND SUNSET
FEBRUARY 26 2017......SUNRISE   655 AM MST   SUNSET   604 PM MST
FEBRUARY 27 2017......SUNRISE   654 AM MST   SUNSET   605 PM MST


-  INDICATES NEGATIVE NUMBERS.
R  INDICATES RECORD WAS SET OR TIED.
MM INDICATES DATA IS MISSING.
T  INDICATES TRACE AMOUNT.




$$
