000
CDUS45 KRIW 240028
CLIRKS


CLIMATE REPORT
NATIONAL WEATHER SERVICE RIVERTON WY
628 PM MDT MON OCT 23 2017


...................................

...THE ROCK SPRINGS WY CLIMATE SUMMARY FOR OCTOBER 23 2017...
VALID TODAY AS OF 0500 PM LOCAL TIME.

CLIMATE NORMAL PERIOD 1981 TO 2010
CLIMATE RECORD PERIOD 1948 TO 2017


WEATHER ITEM   OBSERVED TIME   RECORD YEAR NORMAL DEPARTURE LAST
                VALUE   (LST)  VALUE       VALUE  FROM      YEAR
                                                  NORMAL
..................................................................
TEMPERATURE (F)
 TODAY
  MAXIMUM         55        MM  73    2003  53      2       62
  MINIMUM         40        MM  16    1984  30     10       34
  AVERAGE         48                        42      6       48

PRECIPITATION (IN)
  TODAY            0.00                      0.03  -0.03     0.00
  MONTH TO DATE    0.02                      0.66  -0.64     0.42
  SINCE SEP 1      0.79                      1.58  -0.79     2.01
  SINCE JAN 1      5.17                      7.36  -2.19     7.18

DEGREE DAYS
 HEATING
  TODAY           17                        23     -6       17
  MONTH TO DATE  501                       439     62      434
  SINCE SEP 1    810                       703    107      672
  SINCE JUL 1    827                       767     60      731

 COOLING
  TODAY            0                         0      0        0
  MONTH TO DATE    0                         0      0        0
  SINCE SEP 1     26                         9     17       12
  SINCE JAN 1    394                       286    108      354
..................................................................


WIND (MPH)
  HIGHEST WIND SPEED    28   HIGHEST WIND DIRECTION     W (260)
  HIGHEST GUST SPEED    39   HIGHEST GUST DIRECTION     W (260)
  AVERAGE WIND SPEED    20.2


SKY COVER
  POSSIBLE SUNSHINE  MM
  AVERAGE SKY COVER 0.0


WEATHER CONDITIONS
 THE FOLLOWING WEATHER WAS RECORDED TODAY.
  NO SIGNIFICANT WEATHER WAS OBSERVED.


RELATIVE HUMIDITY (PERCENT)
 HIGHEST    60           700 AM
 LOWEST     19           400 PM
 AVERAGE    40

..........................................................


THE ROCK SPRINGS WY CLIMATE NORMALS FOR TOMORROW
                         NORMAL    RECORD    YEAR
 MAXIMUM TEMPERATURE (F)   53        68      2014
 MINIMUM TEMPERATURE (F)   30        13      1975


SUNRISE AND SUNSET
OCTOBER 23 2017.......SUNRISE   738 AM MDT   SUNSET   623 PM MDT
OCTOBER 24 2017.......SUNRISE   739 AM MDT   SUNSET   621 PM MDT


-  INDICATES NEGATIVE NUMBERS.
R  INDICATES RECORD WAS SET OR TIED.
MM INDICATES DATA IS MISSING.
T  INDICATES TRACE AMOUNT.




$$
