000
CDUS45 KRIW 290730
CLIRKS


CLIMATE REPORT
NATIONAL WEATHER SERVICE RIVERTON WY
128 AM MDT THU JUN 29 2017


...................................

...THE ROCK SPRINGS WY CLIMATE SUMMARY FOR JUNE 28 2017...

CLIMATE NORMAL PERIOD 1981 TO 2010
CLIMATE RECORD PERIOD 1948 TO 2017


WEATHER ITEM   OBSERVED TIME   RECORD YEAR NORMAL DEPARTURE LAST
                VALUE   (LST)  VALUE       VALUE  FROM      YEAR
                                                  NORMAL
..................................................................
TEMPERATURE (F)
 YESTERDAY
  MAXIMUM         82    305 PM  94    2013  80      2       93
  MINIMUM         49    436 AM  38    1959  50     -1       58
  AVERAGE         66                        65      1       76

PRECIPITATION (IN)
  YESTERDAY        0.00          0.26 2005   0.02  -0.02      T
  MONTH TO DATE    0.02                      0.75  -0.73     0.18
  SINCE JUN 1      0.02                      0.75  -0.73     0.18
  SINCE JAN 1      3.54                      4.48  -0.94     4.64

DEGREE DAYS
 HEATING
  YESTERDAY        0                         3     -3        0
  MONTH TO DATE   76                       162    -86       38
  SINCE JUN 1     76                       162    -86       38
  SINCE JUL 1   7691                      8137   -446     7623

 COOLING
  YESTERDAY        1                         3     -2       11
  MONTH TO DATE   45                        28     17       74
  SINCE JUN 1     45                        28     17       74
  SINCE JAN 1     45                        29     16       74
..................................................................


WIND (MPH)
  HIGHEST WIND SPEED    39   HIGHEST WIND DIRECTION     N (350)
  HIGHEST GUST SPEED    49   HIGHEST GUST DIRECTION     N (350)
  AVERAGE WIND SPEED    11.6


SKY COVER
  POSSIBLE SUNSHINE  MM
  AVERAGE SKY COVER 0.0


WEATHER CONDITIONS
 THE FOLLOWING WEATHER WAS RECORDED YESTERDAY.
  NO SIGNIFICANT WEATHER WAS OBSERVED.


RELATIVE HUMIDITY (PERCENT)
 HIGHEST    54          1000 PM
 LOWEST      9           200 PM
 AVERAGE    32

..........................................................


THE ROCK SPRINGS WY CLIMATE NORMALS FOR TODAY
                         NORMAL    RECORD    YEAR
 MAXIMUM TEMPERATURE (F)   80        94      2013
                                             1990
 MINIMUM TEMPERATURE (F)   51        32      1968


SUNRISE AND SUNSET
JUNE 29 2017..........SUNRISE   545 AM MDT   SUNSET   854 PM MDT
JUNE 30 2017..........SUNRISE   546 AM MDT   SUNSET   854 PM MDT


-  INDICATES NEGATIVE NUMBERS.
R  INDICATES RECORD WAS SET OR TIED.
MM INDICATES DATA IS MISSING.
T  INDICATES TRACE AMOUNT.




$$
