000
CDUS42 KFFC 242031
CLIRMG


CLIMATE REPORT
NATIONAL WEATHER SERVICE PEACHTREE CITY GA
431 PM EDT THU APR 24 2014


...................................

...THE ROME  CLIMATE SUMMARY FOR APRIL 24 2014...
VALID TODAY AS OF 0400 PM LOCAL TIME.

CLIMATE NORMAL PERIOD 1981 TO 2010
CLIMATE RECORD PERIOD 9999 TO 9999


WEATHER ITEM   OBSERVED TIME   RECORD YEAR NORMAL DEPARTURE LAST
                VALUE   (LST)  VALUE       VALUE  FROM      YEAR
                                                  NORMAL
..................................................................
TEMPERATURE (F)
 TODAY
  MAXIMUM         80    259 PM  MM      MM  75      5       73
  MINIMUM         40    557 AM  MM      MM  49     -9       50
  AVERAGE         60                        62     -2       62

PRECIPITATION (IN)
  TODAY            0.00         MM      MM   0.15  -0.15     0.12
  MONTH TO DATE    4.72                      3.09   1.63     3.17
  SINCE MAR 1      9.40                      8.04   1.36     3.70

SNOWFALL (IN)
  TODAY           MM            MM      MM  MM     MM       MM
  MONTH TO DATE    0.0                      MM     MM        0.0
  SINCE MAR 1      0.0                      MM     MM        0.0
  SINCE JUL 1      T                        MM     MM        0.0
  SNOW DEPTH      MM

DEGREE DAYS
 HEATING
  TODAY            5                         5      0        3
  MONTH TO DATE  144                       165    -21      150
  SINCE MAR 1    592                       570     22      177
  SINCE JUL 1   3419                      3192    227      177

 COOLING
  TODAY            0                         1     -1        0
  MONTH TO DATE    5                        20    -15       24
  SINCE MAR 1      5                        24    -19       24
  SINCE JAN 1      5                        24    -19       24
..................................................................


WIND (MPH)
  RESULTANT WIND SPEED   1   RESULTANT WIND DIRECTION  SE (150)
  HIGHEST WIND SPEED    13   HIGHEST WIND DIRECTION     W (280)
  HIGHEST GUST SPEED    15   HIGHEST GUST DIRECTION     W (270)
  AVERAGE WIND SPEED     3.4


SKY COVER
  AVERAGE SKY COVER 0.0


WEATHER CONDITIONS
 THE FOLLOWING WEATHER WAS RECORDED TODAY.
  NO SIGNIFICANT WEATHER WAS OBSERVED.


RELATIVE HUMIDITY (PERCENT)
 HIGHEST   100           500 AM
 LOWEST     33           100 PM
 AVERAGE    67

..........................................................


THE ROME  CLIMATE NORMALS FOR TOMORROW
                         NORMAL    RECORD    YEAR
 MAXIMUM TEMPERATURE (F)   75        MM        MM
 MINIMUM TEMPERATURE (F)   49        MM        MM


SUNRISE AND SUNSET
APRIL 24 2014.........SUNRISE   659 AM EDT   SUNSET   819 PM EDT
APRIL 25 2014.........SUNRISE   657 AM EDT   SUNSET   820 PM EDT


-  INDICATES NEGATIVE NUMBERS.
R  INDICATES RECORD WAS SET OR TIED.
MM INDICATES DATA IS MISSING.
T  INDICATES TRACE AMOUNT.




$$
