000
CDUS42 KFFC 220824
CLIRMG


CLIMATE REPORT
NATIONAL WEATHER SERVICE PEACHTREE CITY GA
424 AM EDT MON SEP 22 2014


...................................

...THE ROME  CLIMATE SUMMARY FOR SEPTEMBER 21 2014...

CLIMATE NORMAL PERIOD 1981 TO 2010
CLIMATE RECORD PERIOD 9999 TO 9999


WEATHER ITEM   OBSERVED TIME   RECORD YEAR NORMAL DEPARTURE LAST
                VALUE   (LST)  VALUE       VALUE  FROM      YEAR
                                                  NORMAL
..................................................................
TEMPERATURE (F)
 YESTERDAY
  MAXIMUM         90    325 PM  MM      MM  82      8       75
  MINIMUM         57    636 AM  MM      MM  58     -1       59
  AVERAGE         74                        70      4       67

PRECIPITATION (IN)
  YESTERDAY        0.01         MM      MM   0.12  -0.11     1.15
  MONTH TO DATE    1.70                      2.21  -0.51     2.10
  SINCE SEP 1      1.70                      2.21  -0.51     2.10
  SINCE JAN 1     34.86                     37.63  -2.77    30.17

DEGREE DAYS
 HEATING
  YESTERDAY        0                         1     -1        0
  MONTH TO DATE    0                         2     -2        0
  SINCE SEP 1      0                         2     -2        0
  SINCE JUL 1      0                         2     -2        0

 COOLING
  YESTERDAY        9                         6      3        2
  MONTH TO DATE  268                       182     86      218
  SINCE SEP 1    268                       182     86      218
  SINCE JAN 1   1634                      1548     86     1501
..................................................................


WIND (MPH)
  RESULTANT WIND SPEED   3   RESULTANT WIND DIRECTION   W (270)
  HIGHEST WIND SPEED    17   HIGHEST WIND DIRECTION     W (280)
  HIGHEST GUST SPEED    21   HIGHEST GUST DIRECTION     W (280)
  AVERAGE WIND SPEED     4.2


SKY COVER
  AVERAGE SKY COVER 0.3


WEATHER CONDITIONS
 THE FOLLOWING WEATHER WAS RECORDED YESTERDAY.
  FOG


RELATIVE HUMIDITY (PERCENT)
 HIGHEST   100           500 AM
 LOWEST     43           200 PM
 AVERAGE    72

..........................................................


THE ROME  CLIMATE NORMALS FOR TODAY
                         NORMAL    RECORD    YEAR
 MAXIMUM TEMPERATURE (F)   82        MM        MM
 MINIMUM TEMPERATURE (F)   58        MM        MM


SUNRISE AND SUNSET
SEPTEMBER 22 2014.....SUNRISE   729 AM EDT   SUNSET   737 PM EDT
SEPTEMBER 23 2014.....SUNRISE   729 AM EDT   SUNSET   736 PM EDT


-  INDICATES NEGATIVE NUMBERS.
R  INDICATES RECORD WAS SET OR TIED.
MM INDICATES DATA IS MISSING.
T  INDICATES TRACE AMOUNT.




$$
