000
CDUS41 KRNK 020834
CLIRNK


CLIMATE REPORT
NATIONAL WEATHER SERVICE BLACKSBURG VA
433 AM EDT SUN AUG 2 2015


...................................

...THE BLACKSBURG VA CLIMATE SUMMARY FOR AUGUST 1 2015...

CLIMATE NORMAL PERIOD 1981 TO 2010
CLIMATE RECORD PERIOD 1952 TO 2015


WEATHER ITEM   OBSERVED RECORD YEAR NORMAL DEPARTURE LAST
                VALUE   VALUE       VALUE  FROM      YEAR
                                           NORMAL
...........................................................
TEMPERATURE (F)
 YESTERDAY
  MAXIMUM         83     92    1999  82      1       69
  MINIMUM         56     47    1997  60     -4       61
  AVERAGE         70                 71     -1       65

PRECIPITATION (IN)
  YESTERDAY        0.00   1.52 1972   0.13  -0.13     0.31
  MONTH TO DATE    0.00               0.13  -0.13     0.31
  SINCE JUN 1      7.74               8.39  -0.65     5.30
  SINCE JAN 1     23.27              25.73  -2.46    20.13

SNOWFALL (IN)
  YESTERDAY        0.0                                0.0
  MONTH TO DATE    0.0                                0.0
  SINCE JUN 1      T                                   T
  SINCE JUL 1      T                                  0.0
  SNOW DEPTH       0

DEGREE DAYS
 HEATING
  YESTERDAY        0                  0      0        0
  MONTH TO DATE    0                  0      0        0
  SINCE JUN 1     11                 44    -33       11
  SINCE JUL 1      0                  6     -6        8

 COOLING
  YESTERDAY        5                  6     -1        0
  MONTH TO DATE    5                  6     -1        0
  SINCE JUN 1    463                321    142      346
  SINCE JAN 1    539                350    189      404
...........................................................


WIND (MPH)
  HIGHEST WIND SPEED    14   HIGHEST WIND DIRECTION    NW (310)
  HIGHEST GUST SPEED    20   HIGHEST GUST DIRECTION     W (280)
  AVERAGE WIND SPEED     3.9


SKY COVER
  AVERAGE SKY COVER 0.0


WEATHER CONDITIONS
 THE FOLLOWING WEATHER WAS RECORDED YESTERDAY.
  NO SIGNIFICANT WEATHER WAS OBSERVED.


RELATIVE HUMIDITY (PERCENT)
 HIGHEST   100           200 AM
 LOWEST     42           100 PM
 AVERAGE    71

..........................................................


THE BLACKSBURG VA CLIMATE NORMALS FOR TODAY
                         NORMAL    RECORD    YEAR
 MAXIMUM TEMPERATURE (F)   82        92      1953
 MINIMUM TEMPERATURE (F)   60        49      1998


SUNRISE AND SUNSET
AUGUST  2 2015........SUNRISE   627 AM EDT   SUNSET   828 PM EDT
AUGUST  3 2015........SUNRISE   628 AM EDT   SUNSET   827 PM EDT


-  INDICATES NEGATIVE NUMBERS.
R  INDICATES RECORD WAS SET OR TIED.
MM INDICATES DATA IS MISSING.
T  INDICATES TRACE AMOUNT.




$$
