000
CDUS41 KRNK 022126
CLIRNK


CLIMATE REPORT
NATIONAL WEATHER SERVICE BLACKSBURG VA
522 PM EDT TUE SEP 2 2014


...................................

...THE BLACKSBURG VA CLIMATE SUMMARY FOR SEPTEMBER 2 2014...
VALID TODAY AS OF 0500 PM LOCAL TIME.

CLIMATE NORMAL PERIOD 1981 TO 2010
CLIMATE RECORD PERIOD 1952 TO 2014


WEATHER ITEM   OBSERVED TIME   RECORD YEAR NORMAL DEPARTURE LAST
                VALUE   (LST)  VALUE       VALUE  FROM      YEAR
                                                  NORMAL
..................................................................
TEMPERATURE (F)
 TODAY
  MAXIMUM         86    300 PM  96    1953  80      6       82
  MINIMUM         65    100 AM  37    1967  56      9       62
  AVERAGE         76                        68      8       72

PRECIPITATION (IN)
  TODAY            0.00          1.20 1986   0.10  -0.10     0.00
  MONTH TO DATE    0.00                      0.21  -0.21     0.03
  SINCE SEP 1      0.00                      0.21  -0.21     0.03
  SINCE JAN 1     25.77                     29.40  -3.63    39.58

SNOWFALL (IN)
  TODAY            0.0
  MONTH TO DATE    0.0
  SINCE SEP 1      0.0
  SINCE JUL 1      0.0
  SNOW DEPTH       0

DEGREE DAYS
 HEATING
  TODAY            0                         1     -1        0
  MONTH TO DATE    0                         2     -2        0
  SINCE SEP 1      0                         2     -2        0
  SINCE JUL 1     11                        20     -9       23

 COOLING
  TODAY           11                         4      7        7
  MONTH TO DATE   23                         8     15       12
  SINCE SEP 1     23                         8     15       12
  SINCE JAN 1    553                       520     33      518
..................................................................


WIND (MPH)
  HIGHEST WIND SPEED     8   HIGHEST WIND DIRECTION    NW (300)
  HIGHEST GUST SPEED    MM   HIGHEST GUST DIRECTION    MM
  AVERAGE WIND SPEED     2.1


SKY COVER
  POSSIBLE SUNSHINE  MM
  AVERAGE SKY COVER 0.2


WEATHER CONDITIONS
 THE FOLLOWING WEATHER WAS RECORDED TODAY.
  FOG


RELATIVE HUMIDITY (PERCENT)
 HIGHEST   100          1200 AM
 LOWEST     55           100 PM
 AVERAGE    78

..........................................................


THE BLACKSBURG VA CLIMATE NORMALS FOR TOMORROW
                         NORMAL    RECORD    YEAR
 MAXIMUM TEMPERATURE (F)   80        95      1953
 MINIMUM TEMPERATURE (F)   56        41      1987


SUNRISE AND SUNSET
SEPTEMBER  2 2014.....SUNRISE   653 AM EDT   SUNSET   749 PM EDT
SEPTEMBER  3 2014.....SUNRISE   654 AM EDT   SUNSET   747 PM EDT


-  INDICATES NEGATIVE NUMBERS.
R  INDICATES RECORD WAS SET OR TIED.
MM INDICATES DATA IS MISSING.
T  INDICATES TRACE AMOUNT.




$$
