000
CDUS41 KRNK 182229
CLIRNK


CLIMATE REPORT
NATIONAL WEATHER SERVICE BLACKSBURG VA
527 PM EST THU JAN 18 2018


...................................

...THE BLACKSBURG VA CLIMATE SUMMARY FOR JANUARY 18 2018...
VALID TODAY AS OF 0500 PM LOCAL TIME.

CLIMATE NORMAL PERIOD 1981 TO 2010
CLIMATE RECORD PERIOD 1952 TO 2018


WEATHER ITEM   OBSERVED RECORD YEAR NORMAL DEPARTURE LAST
                VALUE   VALUE       VALUE  FROM      YEAR
                                           NORMAL
...........................................................
TEMPERATURE (F)
 TODAY
  MAXIMUM         32     63    1974  41     -9       56
  MINIMUM          5    -10    1977  21    -16       37
  AVERAGE         19                 31    -12       47

PRECIPITATION (IN)
  TODAY            T      0.93 1994   0.10  -0.10     0.05
  MONTH TO DATE    0.70               1.81  -1.11     2.29
  SINCE DEC 1      1.34               4.76  -3.42     5.38
  SINCE JAN 1      0.70               1.81  -1.11     2.29

SNOWFALL (IN)
  TODAY            T                                  0.0
  MONTH TO DATE    2.1                                4.7
  SINCE DEC 1      5.9                                5.4
  SINCE JUL 1      5.9                                5.4
  SNOW DEPTH       2

DEGREE DAYS
 HEATING
  TODAY           46                 34     12       18
  MONTH TO DATE  745                612    133      508
  SINCE DEC 1   1700               1579    121     1388
  SINCE JUL 1   2690               2759    -69     2161

 COOLING
  TODAY            0                  0      0        0
  MONTH TO DATE    0                  0      0        0
  SINCE DEC 1      0                  0      0        0
  SINCE JAN 1      0                  0      0        0
...........................................................


WIND (MPH)
  HIGHEST WIND SPEED    13   HIGHEST WIND DIRECTION     W (260)
  HIGHEST GUST SPEED    24   HIGHEST GUST DIRECTION     W (280)
  AVERAGE WIND SPEED     7.7


SKY COVER
  AVERAGE SKY COVER 0.1


WEATHER CONDITIONS
 THE FOLLOWING WEATHER WAS RECORDED TODAY.
  LIGHT SNOW


RELATIVE HUMIDITY (PERCENT)
 HIGHEST    80           100 AM
 LOWEST     39           200 PM
 AVERAGE    60

..........................................................


THE BLACKSBURG VA CLIMATE NORMALS FOR TOMORROW
                         NORMAL    RECORD    YEAR
 MAXIMUM TEMPERATURE (F)   42        64      1990
 MINIMUM TEMPERATURE (F)   21       -11      1994


SUNRISE AND SUNSET
JANUARY 18 2018.......SUNRISE   733 AM EST   SUNSET   531 PM EST
JANUARY 19 2018.......SUNRISE   733 AM EST   SUNSET   532 PM EST


-  INDICATES NEGATIVE NUMBERS.
R  INDICATES RECORD WAS SET OR TIED.
MM INDICATES DATA IS MISSING.
T  INDICATES TRACE AMOUNT.

REMARKS:
DUE TO MISSING TEMPERATURES FROM SEPTEMBER 8-10...THE
HEATING DEGREE DAY AND DEPARTURE FROM NORMAL WILL BE CALCULATED
WITHOUT DATA FROM THESE DATES.

$$
