000
CDUS41 KRNK 211026
CLIRNK


CLIMATE REPORT
NATIONAL WEATHER SERVICE BLACKSBURG VA
520 AM EST SUN DEC 21 2014


...................................

...THE BLACKSBURG VA CLIMATE SUMMARY FOR DECEMBER 20 2014...

CLIMATE NORMAL PERIOD 1981 TO 2010
CLIMATE RECORD PERIOD 1952 TO 2014


WEATHER ITEM   OBSERVED TIME   RECORD YEAR NORMAL DEPARTURE LAST
                VALUE   (LST)  VALUE       VALUE  FROM      YEAR
                                                  NORMAL
..................................................................
TEMPERATURE (F)
 YESTERDAY
  MAXIMUM         35    500 PM  67    1984  42     -7       60
  MINIMUM         25    400 AM   0    2004  23      2       28
                                      1985
  AVERAGE         30                        33     -3       44

PRECIPITATION (IN)
  YESTERDAY        T             0.53 1978   0.09  -0.09     0.00
  MONTH TO DATE    1.34                      1.95  -0.61     2.10
  SINCE DEC 1      1.34                      1.95  -0.61     2.10
  SINCE JAN 1     37.99                     39.89  -1.90    48.44

SNOWFALL (IN)
  YESTERDAY        T
  MONTH TO DATE    0.1
  SINCE DEC 1      0.1
  SINCE JUL 1      2.5
  SNOW DEPTH       0

DEGREE DAYS
 HEATING
  YESTERDAY       35                        32      3       21
  MONTH TO DATE  536                       602    -66      551
  SINCE DEC 1    536                       602    -66      551
  SINCE JUL 1   1729                      1782    -53     1786

 COOLING
  YESTERDAY        0                         0      0        0
  MONTH TO DATE    0                         0      0        0
  SINCE DEC 1      0                         0      0        0
  SINCE JAN 1    609                       573     36      568
..................................................................


WIND (MPH)
  HIGHEST WIND SPEED     3   HIGHEST WIND DIRECTION     E (100)
  HIGHEST GUST SPEED    MM   HIGHEST GUST DIRECTION    MM
  AVERAGE WIND SPEED     0.3


SKY COVER
  POSSIBLE SUNSHINE  MM
  AVERAGE SKY COVER 0.8


WEATHER CONDITIONS
 THE FOLLOWING WEATHER WAS RECORDED YESTERDAY.
  LIGHT SNOW


RELATIVE HUMIDITY (PERCENT)
 HIGHEST    92          1100 PM
 LOWEST     75           900 AM
 AVERAGE    84

..........................................................


THE BLACKSBURG VA CLIMATE NORMALS FOR TODAY
                         NORMAL    RECORD    YEAR
 MAXIMUM TEMPERATURE (F)   42        66      1978
 MINIMUM TEMPERATURE (F)   23         3      1996


SUNRISE AND SUNSET
DECEMBER 21 2014......SUNRISE   732 AM EST   SUNSET   508 PM EST
DECEMBER 22 2014......SUNRISE   732 AM EST   SUNSET   508 PM EST


-  INDICATES NEGATIVE NUMBERS.
R  INDICATES RECORD WAS SET OR TIED.
MM INDICATES DATA IS MISSING.
T  INDICATES TRACE AMOUNT.



$$
