475
CDUS41 KRNK 260558
CLIRNK


CLIMATE REPORT
NATIONAL WEATHER SERVICE BLACKSBURG VA
150 AM EDT WED JUL 26 2017


...................................

...THE BLACKSBURG VA CLIMATE SUMMARY FOR JULY 25 2017...

CLIMATE NORMAL PERIOD 1981 TO 2010
CLIMATE RECORD PERIOD 1952 TO 2017


WEATHER ITEM   OBSERVED RECORD YEAR NORMAL DEPARTURE LAST
                VALUE   VALUE       VALUE  FROM      YEAR
                                           NORMAL
...........................................................
TEMPERATURE (F)
 YESTERDAY
  MAXIMUM         84     92    1987  82      2       89
  MINIMUM         63     53    1988  60      3       66
  AVERAGE         74                 71      3       78

PRECIPITATION (IN)
  YESTERDAY        0.00   1.21 1992   0.14  -0.14     0.03
  MONTH TO DATE    2.26               3.44  -1.18     3.98
  SINCE JUN 1      5.17               7.44  -2.27     7.26
  SINCE JAN 1     26.41              24.78   1.63    23.28

SNOWFALL (IN)
  YESTERDAY        0.0                                0.0
  MONTH TO DATE    0.0                                0.0
  SINCE JUN 1      0.0                                0.0
  SINCE JUL 1      0.0                                0.0
  SNOW DEPTH       0

DEGREE DAYS
 HEATING
  YESTERDAY        0                  0      0        0
  MONTH TO DATE    0                  0      0        0
  SINCE JUN 1     34                 38     -4       12
  SINCE JUL 1      0                  0      0        0

 COOLING
  YESTERDAY        9                  6      3       13
  MONTH TO DATE  217                156     61      227
  SINCE JUN 1    313                275     38      385
  SINCE JAN 1    367                304     63      431
...........................................................


WIND (MPH)
  HIGHEST WIND SPEED    15   HIGHEST WIND DIRECTION    NW (330)
  HIGHEST GUST SPEED    17   HIGHEST GUST DIRECTION    NW (300)
  AVERAGE WIND SPEED     3.5


SKY COVER
  AVERAGE SKY COVER 0.0


WEATHER CONDITIONS
 THE FOLLOWING WEATHER WAS RECORDED YESTERDAY.
  NO SIGNIFICANT WEATHER WAS OBSERVED.


RELATIVE HUMIDITY (PERCENT)
 HIGHEST    93           400 AM
 LOWEST     36           500 PM
 AVERAGE    65

..........................................................


THE BLACKSBURG VA CLIMATE NORMALS FOR TODAY
                         NORMAL    RECORD    YEAR
 MAXIMUM TEMPERATURE (F)   82        94      1987
 MINIMUM TEMPERATURE (F)   60        50      1983


SUNRISE AND SUNSET
JULY 26 2017..........SUNRISE   622 AM EDT   SUNSET   834 PM EDT
JULY 27 2017..........SUNRISE   623 AM EDT   SUNSET   833 PM EDT


-  INDICATES NEGATIVE NUMBERS.
R  INDICATES RECORD WAS SET OR TIED.
MM INDICATES DATA IS MISSING.
T  INDICATES TRACE AMOUNT.




$$
