327
CDUS41 KRNK 210714
CLIRNK


CLIMATE REPORT
NATIONAL WEATHER SERVICE BLACKSBURG VA
312 AM EDT THU SEP 21 2017


...................................

...THE BLACKSBURG VA CLIMATE SUMMARY FOR SEPTEMBER 20 2017...

CLIMATE NORMAL PERIOD 1981 TO 2010
CLIMATE RECORD PERIOD 1952 TO 2017


WEATHER ITEM   OBSERVED RECORD YEAR NORMAL DEPARTURE LAST
                VALUE   VALUE       VALUE  FROM      YEAR
                                           NORMAL
...........................................................
TEMPERATURE (F)
 YESTERDAY
  MAXIMUM         82     88    1978  74      8       81
  MINIMUM         57     39    2004  49      8       58
                               1984
  AVERAGE         70                 62      8       70

PRECIPITATION (IN)
  YESTERDAY        0.08   1.35 1969   0.10  -0.02     0.00
  MONTH TO DATE    1.45               2.09  -0.64     0.98
  SINCE SEP 1      1.45               2.09  -0.64     0.98
  SINCE JAN 1     31.41              31.28   0.13    29.65

SNOWFALL (IN)
  YESTERDAY        0.0                                0.0
  MONTH TO DATE    0.0                                0.0
  SINCE SEP 1      0.0                                0.0
  SINCE JUL 1      0.0                                0.0
  SNOW DEPTH       0

DEGREE DAYS
 HEATING
  YESTERDAY        0                  5     -5        0
  MONTH TO DATE   61                 47     14        0
  SINCE SEP 1     61                 47     14        0
  SINCE JUL 1     70                 65      5        0

 COOLING
  YESTERDAY        5                  1      4        5
  MONTH TO DATE   22                 49    -27      102
  SINCE SEP 1     22                 49    -27      102
  SINCE JAN 1    558                561     -3      879
...........................................................


WIND (MPH)
  HIGHEST WIND SPEED    10   HIGHEST WIND DIRECTION     N (10)
  HIGHEST GUST SPEED    22   HIGHEST GUST DIRECTION     N (10)
  AVERAGE WIND SPEED     1.9


SKY COVER
  AVERAGE SKY COVER 0.3


WEATHER CONDITIONS
 THE FOLLOWING WEATHER WAS RECORDED YESTERDAY.
  THUNDERSTORM
  HEAVY RAIN
  RAIN
  LIGHT RAIN
  FOG


RELATIVE HUMIDITY (PERCENT)
 HIGHEST   100           100 AM
 LOWEST     53           400 PM
 AVERAGE    77

..........................................................


THE BLACKSBURG VA CLIMATE NORMALS FOR TODAY
                         NORMAL    RECORD    YEAR
 MAXIMUM TEMPERATURE (F)   73        88      1978
 MINIMUM TEMPERATURE (F)   49        30      1962


SUNRISE AND SUNSET
SEPTEMBER 21 2017.....SUNRISE   709 AM EDT   SUNSET   720 PM EDT
SEPTEMBER 22 2017.....SUNRISE   710 AM EDT   SUNSET   718 PM EDT


-  INDICATES NEGATIVE NUMBERS.
R  INDICATES RECORD WAS SET OR TIED.
MM INDICATES DATA IS MISSING.
T  INDICATES TRACE AMOUNT.

REMARKS:
DUE TO MISSING TEMPERATURES ON SEPTEMBER 8-10...ALL TEMPERATURE AND
DEGREE DAY INFORMATION WILL BE CALCULATED WITHOUT DATA FROM THESE
DATES.

$$
