000
CDUS41 KRNK 302119
CLIRNK


CLIMATE REPORT
NATIONAL WEATHER SERVICE BLACKSBURG VA
519 PM EDT SAT MAY 30 2015


...................................

...THE BLACKSBURG VA CLIMATE SUMMARY FOR MAY 30 2015...
VALID TODAY AS OF 0500 PM LOCAL TIME.

CLIMATE NORMAL PERIOD 1981 TO 2010
CLIMATE RECORD PERIOD 1952 TO 2015


WEATHER ITEM   OBSERVED TIME   RECORD YEAR NORMAL DEPARTURE LAST
                VALUE   (LST)  VALUE       VALUE  FROM      YEAR
                                                  NORMAL
..................................................................
TEMPERATURE (F)
 TODAY
  MAXIMUM         82    300 PM  90    2011  75      7       83
  MINIMUM         58    535 AM  39    1964  52      6       62
  AVERAGE         70                        63      7       73

PRECIPITATION (IN)
  TODAY            0.00          1.30 1971   0.16  -0.16      T
  MONTH TO DATE    2.24                      4.18  -1.94     2.68
  SINCE MAR 1     12.11                     11.30   0.81     9.20
  SINCE JAN 1     15.53                     17.19  -1.66    14.83

SNOWFALL (IN)
  TODAY            0.0                                       0.0
  MONTH TO DATE    0.0                                       0.0
  SINCE MAR 1      4.4                                       7.3
  SINCE JUL 1     27.8                                      34.4
  SNOW DEPTH       0

DEGREE DAYS
 HEATING
  TODAY            0                         3     -3        0
  MONTH TO DATE   78                       199   -121      111
  SINCE MAR 1   1083                      1356   -273     1263
  SINCE JUL 1   5209                      5404   -195     5444

 COOLING
  TODAY            5                         2      3        8
  MONTH TO DATE   72                        22     50       54
  SINCE MAR 1     72                        25     47       54
  SINCE JAN 1     72                        25     47       54
..................................................................


WIND (MPH)
  HIGHEST WIND SPEED    10   HIGHEST WIND DIRECTION     S (160)
  HIGHEST GUST SPEED    MM   HIGHEST GUST DIRECTION    MM
  AVERAGE WIND SPEED     1.7


SKY COVER
  AVERAGE SKY COVER 0.6


WEATHER CONDITIONS
 THE FOLLOWING WEATHER WAS RECORDED TODAY.
  FOG
  FOG W/VISIBILITY <= 1/4 MILE


RELATIVE HUMIDITY (PERCENT)
 HIGHEST   100           200 AM
 LOWEST     44           300 PM
 AVERAGE    72

..........................................................


THE BLACKSBURG VA CLIMATE NORMALS FOR TOMORROW
                         NORMAL    RECORD    YEAR
 MAXIMUM TEMPERATURE (F)   75        92      2011
 MINIMUM TEMPERATURE (F)   52        33      1984


SUNRISE AND SUNSET
MAY 30 2015...........SUNRISE   604 AM EDT   SUNSET   835 PM EDT
MAY 31 2015...........SUNRISE   603 AM EDT   SUNSET   836 PM EDT


-  INDICATES NEGATIVE NUMBERS.
R  INDICATES RECORD WAS SET OR TIED.
MM INDICATES DATA IS MISSING.
T  INDICATES TRACE AMOUNT.




$$
