000
CDUS41 KRNK 020752
CLIRNK


CLIMATE REPORT
NATIONAL WEATHER SERVICE BLACKSBURG VA
350 AM EDT WED SEP 2 2015


...................................

...THE BLACKSBURG VA CLIMATE SUMMARY FOR SEPTEMBER 1 2015...

CLIMATE NORMAL PERIOD 1981 TO 2010
CLIMATE RECORD PERIOD 1952 TO 2015


WEATHER ITEM   OBSERVED RECORD YEAR NORMAL DEPARTURE LAST
                VALUE   VALUE       VALUE  FROM      YEAR
                                           NORMAL
...........................................................
TEMPERATURE (F)
 YESTERDAY
  MAXIMUM         86     95    1953  80      6       85
  MINIMUM         59     41    1999  56      3       68
  AVERAGE         73                 68      5       77

PRECIPITATION (IN)
  YESTERDAY        T      1.03 1959   0.11  -0.11     0.00
  MONTH TO DATE    T                  0.11  -0.11     0.00
  SINCE SEP 1      T                  0.11  -0.11     0.00
  SINCE JAN 1     27.36              29.30  -1.94    25.77

SNOWFALL (IN)
  YESTERDAY        0.0                                0.0
  MONTH TO DATE    0.0                                0.0
  SINCE SEP 1      0.0                                0.0
  SINCE JUL 1      T                                  0.0
  SNOW DEPTH       0

DEGREE DAYS
 HEATING
  YESTERDAY        0                  1     -1        0
  MONTH TO DATE    0                  1     -1        0
  SINCE SEP 1      0                  1     -1        0
  SINCE JUL 1      1                 19    -18       11

 COOLING
  YESTERDAY        8                  4      4       12
  MONTH TO DATE    8                  4      4       12
  SINCE SEP 1      8                  4      4       12
  SINCE JAN 1    735                516    219      542
...........................................................


WIND (MPH)
  HIGHEST WIND SPEED     7   HIGHEST WIND DIRECTION    NW (310)
  HIGHEST GUST SPEED    MM   HIGHEST GUST DIRECTION    MM
  AVERAGE WIND SPEED     1.6


SKY COVER
  AVERAGE SKY COVER 0.3


WEATHER CONDITIONS
 THE FOLLOWING WEATHER WAS RECORDED YESTERDAY.
  LIGHT RAIN
  FOG


RELATIVE HUMIDITY (PERCENT)
 HIGHEST   100           100 AM
 LOWEST     57           300 PM
 AVERAGE    79

..........................................................


THE BLACKSBURG VA CLIMATE NORMALS FOR TODAY
                         NORMAL    RECORD    YEAR
 MAXIMUM TEMPERATURE (F)   80        96      1953
 MINIMUM TEMPERATURE (F)   56        37      1967


SUNRISE AND SUNSET
SEPTEMBER  2 2015.....SUNRISE   653 AM EDT   SUNSET   749 PM EDT
SEPTEMBER  3 2015.....SUNRISE   654 AM EDT   SUNSET   748 PM EDT


-  INDICATES NEGATIVE NUMBERS.
R  INDICATES RECORD WAS SET OR TIED.
MM INDICATES DATA IS MISSING.
T  INDICATES TRACE AMOUNT.

$$

RAB
