000
CDUS46 KSGX 241250
CLIRNM


CLIMATE REPORT
NATIONAL WEATHER SERVICE SAN DIEGO, CA
450 AM PST FRI NOV 24 2017


...................................

...THE RAMONA AIRPORT CA CLIMATE SUMMARY FOR NOVEMBER 23 2017...

CLIMATE NORMAL PERIOD 1981 TO 2010
CLIMATE RECORD PERIOD 1974 TO 2017


WEATHER ITEM   OBSERVED TIME   RECORD YEAR NORMAL DEPARTURE LAST
                VALUE   (LST)  VALUE       VALUE  FROM      YEAR
                                                  NORMAL
..................................................................
TEMPERATURE (F)
 YESTERDAY
  MAXIMUM         90R   100 PM  89    1995  69     21       69
  MINIMUM         75    800 AM  28    1999  38     37       34
  AVERAGE         83                        53     30       52

PRECIPITATION (IN)
  YESTERDAY       MM             0.30 1984   0.04  MM        0.00
  MONTH TO DATE    T                         0.94  -0.94     0.53
  SINCE OCT 1      T                         1.66  -1.66     0.71
  SINCE JAN 1     15.94                     13.56   2.38    10.87

DEGREE DAYS
 HEATING
  YESTERDAY        0                        12    -12       13
  MONTH TO DATE   95                       200   -105      103
  SINCE SEP 1    138                       316   -178      153
  SINCE JUL 1    138                       319   -181      153

 COOLING
  YESTERDAY       18                         0     18        0
  MONTH TO DATE   46                         4     42       17
  SINCE SEP 1    365                       235    130      223
  SINCE JAN 1   1300                       848    452     1019
..................................................................


WIND (MPH)
  RESULTANT WIND SPEED   5   RESULTANT WIND DIRECTION   W (280)
  HIGHEST WIND SPEED    12   HIGHEST WIND DIRECTION     W (270)
  HIGHEST GUST SPEED    MM   HIGHEST GUST DIRECTION    MM
  AVERAGE WIND SPEED     7.7


SKY COVER
  POSSIBLE SUNSHINE  MM
  AVERAGE SKY COVER 0.0


WEATHER CONDITIONS
 THE FOLLOWING WEATHER WAS RECORDED YESTERDAY.
  NO SIGNIFICANT WEATHER WAS OBSERVED.


RELATIVE HUMIDITY (PERCENT)
 HIGHEST    MM
 LOWEST     MM
 AVERAGE    MM

..........................................................


THE RAMONA AIRPORT CA CLIMATE NORMALS FOR TODAY
                         NORMAL    RECORD    YEAR
 MAXIMUM TEMPERATURE (F)   68        91      1995
 MINIMUM TEMPERATURE (F)   37        28      1999


SUNRISE AND SUNSET
NOVEMBER 24 2017......SUNRISE   627 AM PST   SUNSET   442 PM PST
NOVEMBER 25 2017......SUNRISE   628 AM PST   SUNSET   442 PM PST


-  INDICATES NEGATIVE NUMBERS.
R  INDICATES RECORD WAS SET OR TIED.
MM INDICATES DATA IS MISSING.
T  INDICATES TRACE AMOUNT.




$$
