354
CDUS46 KSGX 030016
CLIRNM


CLIMATE REPORT
NATIONAL WEATHER SERVICE SAN DIEGO, CA
516 PM PDT MON MAY 2 2016


...................................

...THE RAMONA AIRPORT CA CLIMATE SUMMARY FOR MAY 2 2016...
VALID TODAY AS OF 0500 PM LOCAL TIME.

CLIMATE NORMAL PERIOD 1981 TO 2010
CLIMATE RECORD PERIOD 1974 TO 2016


WEATHER ITEM   OBSERVED TIME   RECORD YEAR NORMAL DEPARTURE LAST
                VALUE   (LST)  VALUE       VALUE  FROM      YEAR
                                                  NORMAL
..................................................................
TEMPERATURE (F)
 TODAY
  MAXIMUM         81   1228 PM  98    2004  73      8       80
  MINIMUM         43    504 AM  35    2011  45     -2       48
  AVERAGE         62                        59      3       64

PRECIPITATION (IN)
  TODAY            0.00          0.19 1980   0.02  -0.02     0.00
  MONTH TO DATE    0.00                      0.05  -0.05     0.00
  SINCE OCT 1     12.94                     15.10  -2.16     7.93
  SINCE JAN 1      9.41                     10.96  -1.55     3.33

DEGREE DAYS
 HEATING
  TODAY            3                         6     -3        1
  MONTH TO DATE   12                        13     -1        1
  SINCE MAR 1    522                       664   -142      389
  SINCE JUL 1   2025                      2405   -380     1573

 COOLING
  TODAY            0                         0      0        0
  MONTH TO DATE    0                         0      0        6
  SINCE MAR 1      1                         4     -3       25
  SINCE JAN 1      6                         5      1       27
..................................................................


WIND (MPH)
  RESULTANT WIND SPEED   4   RESULTANT WIND DIRECTION   W (290)
  HIGHEST WIND SPEED    18   HIGHEST WIND DIRECTION     W (270)
  HIGHEST GUST SPEED    23   HIGHEST GUST DIRECTION     W (270)
  AVERAGE WIND SPEED     5.8


SKY COVER
  POSSIBLE SUNSHINE  MM
  AVERAGE SKY COVER 0.3


WEATHER CONDITIONS
 THE FOLLOWING WEATHER WAS RECORDED TODAY.
  FOG
  FOG W/VISIBILITY <= 1/4 MILE


RELATIVE HUMIDITY (PERCENT)
 HIGHEST    93           300 AM
 LOWEST     39          1200 PM
 AVERAGE    66

..........................................................


THE RAMONA AIRPORT CA CLIMATE NORMALS FOR TOMORROW
                         NORMAL    RECORD    YEAR
 MAXIMUM TEMPERATURE (F)   73       100      2004
 MINIMUM TEMPERATURE (F)   45        38      2011
                                             2010


SUNRISE AND SUNSET
MAY  2 2016...........SUNRISE   559 AM PDT   SUNSET   731 PM PDT
MAY  3 2016...........SUNRISE   558 AM PDT   SUNSET   732 PM PDT


-  INDICATES NEGATIVE NUMBERS.
R  INDICATES RECORD WAS SET OR TIED.
MM INDICATES DATA IS MISSING.
T  INDICATES TRACE AMOUNT.




$$
