000
CDUS46 KSGX 250020
CLIRNM


CLIMATE REPORT
NATIONAL WEATHER SERVICE SAN DIEGO, CA
520 PM PDT TUE MAY 24 2016


...................................

...THE RAMONA AIRPORT CA CLIMATE SUMMARY FOR MAY 24 2016...
VALID TODAY AS OF 0500 PM LOCAL TIME.

CLIMATE NORMAL PERIOD 1981 TO 2010
CLIMATE RECORD PERIOD 1974 TO 2016


WEATHER ITEM   OBSERVED TIME   RECORD YEAR NORMAL DEPARTURE LAST
                VALUE   (LST)  VALUE       VALUE  FROM      YEAR
                                                  NORMAL
..................................................................
TEMPERATURE (F)
 TODAY
  MAXIMUM         69    118 PM  90    2001  77     -8       62
  MINIMUM         51    418 AM  37    2010  49      2       51
  AVERAGE         60                        63     -3       57

PRECIPITATION (IN)
  TODAY            0.00          0.42 1996   0.00   0.00     0.01
  MONTH TO DATE    0.25                      0.29  -0.04     1.48
  SINCE OCT 1     13.19                     15.34  -2.15     9.41
  SINCE JAN 1      9.66                     11.20  -1.54     4.81

DEGREE DAYS
 HEATING
  TODAY            5                         3      2        8
  MONTH TO DATE  116                       113      3      140
  SINCE MAR 1    626                       764   -138      528
  SINCE JUL 1   2129                      2505   -376     1712

 COOLING
  TODAY            0                         1     -1        0
  MONTH TO DATE    6                        12     -6        6
  SINCE MAR 1      7                        16     -9       25
  SINCE JAN 1     12                        17     -5       27
..................................................................


WIND (MPH)
  RESULTANT WIND SPEED   8   RESULTANT WIND DIRECTION  SW (240)
  HIGHEST WIND SPEED    17   HIGHEST WIND DIRECTION     W (270)
  HIGHEST GUST SPEED    21   HIGHEST GUST DIRECTION     W (270)
  AVERAGE WIND SPEED     8.8


SKY COVER
  POSSIBLE SUNSHINE  MM
  AVERAGE SKY COVER 0.8


WEATHER CONDITIONS
 THE FOLLOWING WEATHER WAS RECORDED TODAY.
  HAZE


RELATIVE HUMIDITY (PERCENT)
 HIGHEST    77           400 AM
 LOWEST     45          1100 AM
 AVERAGE    61

..........................................................


THE RAMONA AIRPORT CA CLIMATE NORMALS FOR TOMORROW
                         NORMAL    RECORD    YEAR
 MAXIMUM TEMPERATURE (F)   77       101      1974
 MINIMUM TEMPERATURE (F)   49        38      1980


SUNRISE AND SUNSET
MAY 24 2016...........SUNRISE   543 AM PDT   SUNSET   747 PM PDT
MAY 25 2016...........SUNRISE   542 AM PDT   SUNSET   747 PM PDT


-  INDICATES NEGATIVE NUMBERS.
R  INDICATES RECORD WAS SET OR TIED.
MM INDICATES DATA IS MISSING.
T  INDICATES TRACE AMOUNT.




$$
