000
CDUS46 KSGX 270016
CLIRNM


CLIMATE REPORT
NATIONAL WEATHER SERVICE SAN DIEGO, CA
516 PM PDT SUN MAR 26 2017


...................................

...THE RAMONA AIRPORT CA CLIMATE SUMMARY FOR MARCH 26 2017...
VALID TODAY AS OF 0500 PM LOCAL TIME.

CLIMATE NORMAL PERIOD 1981 TO 2010
CLIMATE RECORD PERIOD 1974 TO 2017


WEATHER ITEM   OBSERVED TIME   RECORD YEAR NORMAL DEPARTURE LAST
                VALUE   (LST)  VALUE       VALUE  FROM      YEAR
                                                  NORMAL
..................................................................
TEMPERATURE (F)
 TODAY
  MAXIMUM         66    228 PM  94    1988  67     -1       75
  MINIMUM         45    208 AM  30    1977  40      5       38
  AVERAGE         56                        53      3       57

PRECIPITATION (IN)
  TODAY            T             0.85 1998   0.05  -0.05     0.00
  MONTH TO DATE    0.09                      2.79  -2.70     1.19
  SINCE OCT 1     21.58                     13.36   8.22    11.37
  SINCE JAN 1     14.56                      9.22   5.34     7.84

DEGREE DAYS
 HEATING
  TODAY            9                        12     -3        8
  MONTH TO DATE  164                       320   -156      247
  SINCE MAR 1    164                       320   -156      247
  SINCE JUL 1   1599                      2061   -462     1750

 COOLING
  TODAY            0                         0      0        0
  MONTH TO DATE    3                         0      3        0
  SINCE MAR 1      3                         0      3        0
  SINCE JAN 1      3                         1      2        5
..................................................................


WIND (MPH)
  RESULTANT WIND SPEED   3   RESULTANT WIND DIRECTION   W (280)
  HIGHEST WIND SPEED    14   HIGHEST WIND DIRECTION     W (270)
  HIGHEST GUST SPEED    18   HIGHEST GUST DIRECTION     W (270)
  AVERAGE WIND SPEED     3.7


SKY COVER
  POSSIBLE SUNSHINE  MM
  AVERAGE SKY COVER 0.8


WEATHER CONDITIONS
 THE FOLLOWING WEATHER WAS RECORDED TODAY.
  LIGHT RAIN
  FOG
  FOG W/VISIBILITY <= 1/4 MILE


RELATIVE HUMIDITY (PERCENT)
 HIGHEST   100          1200 AM
 LOWEST     63           100 PM
 AVERAGE    82

..........................................................


THE RAMONA AIRPORT CA CLIMATE NORMALS FOR TOMORROW
                         NORMAL    RECORD    YEAR
 MAXIMUM TEMPERATURE (F)   67        91      2015
 MINIMUM TEMPERATURE (F)   40        30      1975


SUNRISE AND SUNSET
MARCH 26 2017.........SUNRISE   643 AM PDT   SUNSET   704 PM PDT
MARCH 27 2017.........SUNRISE   642 AM PDT   SUNSET   705 PM PDT


-  INDICATES NEGATIVE NUMBERS.
R  INDICATES RECORD WAS SET OR TIED.
MM INDICATES DATA IS MISSING.
T  INDICATES TRACE AMOUNT.




$$
