000
CDUS46 KSGX 251440
CLIRNM


CLIMATE REPORT
NATIONAL WEATHER SERVICE SAN DIEGO, CA
740 AM PDT MON JUL 25 2016


...................................

...THE RAMONA AIRPORT CA CLIMATE SUMMARY FOR JULY 24 2016...

CLIMATE NORMAL PERIOD 1981 TO 2010
CLIMATE RECORD PERIOD 1974 TO 2016


WEATHER ITEM   OBSERVED TIME   RECORD YEAR NORMAL DEPARTURE LAST
                VALUE   (LST)  VALUE       VALUE  FROM      YEAR
                                                  NORMAL
..................................................................
TEMPERATURE (F)
 YESTERDAY
  MAXIMUM         95    224 PM 103    2006  89      6       91
  MINIMUM         60    429 AM  46    2008  57      3       56
  AVERAGE         78                        73      5       74

PRECIPITATION (IN)
  YESTERDAY        0.00          0.01 2006   0.01  -0.01     0.00
  MONTH TO DATE    0.00                      0.09  -0.09     2.38
  SINCE OCT 1     13.19                     15.56  -2.37    12.02
  SINCE JAN 1      9.66                     11.42  -1.76     7.42

DEGREE DAYS
 HEATING
  YESTERDAY        0                         0      0        0
  MONTH TO DATE    0                         0      0        0
  SINCE JUN 1      4                        27    -23        8
  SINCE JUL 1      0                         0      0        0

 COOLING
  YESTERDAY       13                         8      5        9
  MONTH TO DATE  197                       165     32      157
  SINCE JUN 1    391                       251    140      349
  SINCE JAN 1    403                       278    125      384
..................................................................


WIND (MPH)
  RESULTANT WIND SPEED   6   RESULTANT WIND DIRECTION   W (290)
  HIGHEST WIND SPEED    16   HIGHEST WIND DIRECTION     W (270)
  HIGHEST GUST SPEED    20   HIGHEST GUST DIRECTION     W (270)
  AVERAGE WIND SPEED     5.8


SKY COVER
  POSSIBLE SUNSHINE  MM
  AVERAGE SKY COVER 0.0


WEATHER CONDITIONS
 THE FOLLOWING WEATHER WAS RECORDED YESTERDAY.
  NO SIGNIFICANT WEATHER WAS OBSERVED.


RELATIVE HUMIDITY (PERCENT)
 HIGHEST    72           400 AM
 LOWEST     30           200 PM
 AVERAGE    51

..........................................................


THE RAMONA AIRPORT CA CLIMATE NORMALS FOR TODAY
                         NORMAL    RECORD    YEAR
 MAXIMUM TEMPERATURE (F)   89       101      1977
 MINIMUM TEMPERATURE (F)   57        49      1995


SUNRISE AND SUNSET
JULY 25 2016..........SUNRISE   557 AM PDT   SUNSET   751 PM PDT
JULY 26 2016..........SUNRISE   557 AM PDT   SUNSET   751 PM PDT


-  INDICATES NEGATIVE NUMBERS.
R  INDICATES RECORD WAS SET OR TIED.
MM INDICATES DATA IS MISSING.
T  INDICATES TRACE AMOUNT.




$$
