000
CDUS46 KSGX 101531
CLIRNM


CLIMATE REPORT
NATIONAL WEATHER SERVICE SAN DIEGO, CA
731 AM PST WED FEB 10 2016


...................................

...THE RAMONA AIRPORT CA CLIMATE SUMMARY FOR FEBRUARY 9 2016...

CLIMATE NORMAL PERIOD 1981 TO 2010
CLIMATE RECORD PERIOD 1974 TO 2016


WEATHER ITEM   OBSERVED TIME   RECORD YEAR NORMAL DEPARTURE LAST
                VALUE   (LST)  VALUE       VALUE  FROM      YEAR
                                                  NORMAL
..................................................................
TEMPERATURE (F)
 YESTERDAY
  MAXIMUM         85R   223 PM  83    1988  65     20       74
  MINIMUM         43    643 AM  28    2001  37      6       40
  AVERAGE         64                        50     14       57

PRECIPITATION (IN)
  YESTERDAY        0.00          2.16 1976   0.11  -0.11     0.00
  MONTH TO DATE    0.01                      0.72  -0.71     0.00
  SINCE OCT 1     10.08                      8.18   1.90     5.39
  SINCE JAN 1      6.55                      4.04   2.51     0.79

DEGREE DAYS
 HEATING
  YESTERDAY        1                        14    -13        8
  MONTH TO DATE   89                       134    -45       74
  SINCE DEC 1   1031                      1070    -39      822
  SINCE JUL 1   1370                      1481   -111     1022

 COOLING
  YESTERDAY        0                         0      0        0
  MONTH TO DATE    2                         0      2        0
  SINCE DEC 1      2                         1      1        0
  SINCE JAN 1      2                         1      1        0
..................................................................


WIND (MPH)
  RESULTANT WIND SPEED   3   RESULTANT WIND DIRECTION   E (90)
  HIGHEST WIND SPEED    15   HIGHEST WIND DIRECTION     E (70)
  HIGHEST GUST SPEED    18   HIGHEST GUST DIRECTION     E (70)
  AVERAGE WIND SPEED     4.5


SKY COVER
  POSSIBLE SUNSHINE  MM
  AVERAGE SKY COVER 0.0


WEATHER CONDITIONS
 THE FOLLOWING WEATHER WAS RECORDED YESTERDAY.
  NO SIGNIFICANT WEATHER WAS OBSERVED.


RELATIVE HUMIDITY (PERCENT)
 HIGHEST    58           400 AM
 LOWEST     14           200 PM
 AVERAGE    36

..........................................................


THE RAMONA AIRPORT CA CLIMATE NORMALS FOR TODAY
                         NORMAL    RECORD    YEAR
 MAXIMUM TEMPERATURE (F)   65        81      1988
 MINIMUM TEMPERATURE (F)   37        27      2009


SUNRISE AND SUNSET
FEBRUARY 10 2016......SUNRISE   636 AM PST   SUNSET   528 PM PST
FEBRUARY 11 2016......SUNRISE   635 AM PST   SUNSET   529 PM PST


-  INDICATES NEGATIVE NUMBERS.
R  INDICATES RECORD WAS SET OR TIED.
MM INDICATES DATA IS MISSING.
T  INDICATES TRACE AMOUNT.




$$
