000
CDUS46 KSGX 301417
CLIRNM


CLIMATE REPORT
NATIONAL WEATHER SERVICE SAN DIEGO, CA
717 AM PDT TUE SEP 30 2014


...................................

...THE RAMONA AIRPORT CA CLIMATE SUMMARY FOR SEPTEMBER 29 2014...

CLIMATE NORMAL PERIOD 1981 TO 2010
CLIMATE RECORD PERIOD 1974 TO 2014


WEATHER ITEM   OBSERVED TIME   RECORD YEAR NORMAL DEPARTURE LAST
                VALUE   (LST)  VALUE       VALUE  FROM      YEAR
                                                  NORMAL
..................................................................
TEMPERATURE (F)
 YESTERDAY
  MAXIMUM         80    100 PM 101    1992  83     -3       88
  MINIMUM         49    547 AM  44    2013  51     -2       44
                                      1982
  AVERAGE         65                        67     -2       66

PRECIPITATION (IN)
  YESTERDAY        0.00          0.01 2005   0.00   0.00     0.00
                                      2005
                                      2006
  MONTH TO DATE    0.00                      0.28  -0.28     0.00
  SINCE JUL 1      0.41                      0.56  -0.15     0.09
  SINCE JAN 1      5.50                     11.89  -6.39     4.59

SNOWFALL (IN)
  YESTERDAY        0.0
  MONTH TO DATE    0.0
  SINCE JAN 1      0.0
  SINCE JUL 1      0.0
  SNOW DEPTH       0

DEGREE DAYS
 HEATING
  YESTERDAY        0                         1     -1        0
  MONTH TO DATE    0                        10    -10       14
  SINCE SEP 1      0                        10    -10       14
  SINCE JUL 1      0                        13    -13       15

 COOLING
  YESTERDAY        0                         3     -3        1
  MONTH TO DATE  292                       176    116      219
  SINCE SEP 1    292                       176    116      219
  SINCE JAN 1   1031                       789    242      883
..................................................................


WIND (MPH)
  RESULTANT WIND SPEED   5   RESULTANT WIND DIRECTION   W (290)
  HIGHEST WIND SPEED    17   HIGHEST WIND DIRECTION     W (260)
  HIGHEST GUST SPEED    21   HIGHEST GUST DIRECTION     W (260)
  AVERAGE WIND SPEED     4.8


SKY COVER
  POSSIBLE SUNSHINE  MM
  AVERAGE SKY COVER 0.0


WEATHER CONDITIONS
 THE FOLLOWING WEATHER WAS RECORDED YESTERDAY.
  NO SIGNIFICANT WEATHER WAS OBSERVED.


RELATIVE HUMIDITY (PERCENT)
 HIGHEST    93           600 AM
 LOWEST     39          1200 PM
 AVERAGE    66

..........................................................


THE RAMONA AIRPORT CA CLIMATE NORMALS FOR TODAY
                         NORMAL    RECORD    YEAR
 MAXIMUM TEMPERATURE (F)   83       107      1980
 MINIMUM TEMPERATURE (F)   51        40      1982


SUNRISE AND SUNSET
SEPTEMBER 30 2014.....SUNRISE   641 AM PDT   SUNSET   633 PM PDT
OCTOBER  1 2014.......SUNRISE   642 AM PDT   SUNSET   632 PM PDT


-  INDICATES NEGATIVE NUMBERS.
R  INDICATES RECORD WAS SET OR TIED.
MM INDICATES DATA IS MISSING.
T  INDICATES TRACE AMOUNT.




$$
