000
CDUS46 KSGX 241420
CLIRNM


CLIMATE REPORT
NATIONAL WEATHER SERVICE SAN DIEGO, CA
720 AM PDT THU APR 24 2014


...................................

...THE RAMONA AIRPORT CA CLIMATE SUMMARY FOR APRIL 23 2014...

CLIMATE NORMAL PERIOD 1981 TO 2010
CLIMATE RECORD PERIOD 1974 TO 2014


WEATHER ITEM   OBSERVED TIME   RECORD YEAR NORMAL DEPARTURE LAST
                VALUE   (LST)  VALUE       VALUE  FROM      YEAR
                                                  NORMAL
..................................................................
TEMPERATURE (F)
 YESTERDAY
  MAXIMUM         72    122 PM  89    1996  71      1       78
  MINIMUM         41    423 AM  31    2010  43     -2       45
  AVERAGE         57                        57      0       62

PRECIPITATION (IN)
  YESTERDAY        0.00          0.42 1980   0.05  -0.05     0.00
  MONTH TO DATE    0.46                      1.09  -0.63     0.06
  SINCE JUL 1      7.32                     15.31  -7.99     7.67
  SINCE JAN 1      4.56                     10.60  -6.04     4.03

SNOWFALL (IN)
  YESTERDAY        0.0
  MONTH TO DATE    0.0
  SINCE JAN 1      0.0
  SINCE JUL 1      0.0
  SNOW DEPTH       0

DEGREE DAYS
 HEATING
  YESTERDAY        8                         8      0        3
  MONTH TO DATE  152                       225    -73      181
  SINCE MAR 1    398                       600   -202      472
  SINCE JUL 1   1819                      2341   -522     2245

 COOLING
  YESTERDAY        0                         0      0        0
  MONTH TO DATE    3                         0      3        0
  SINCE MAR 1      3                         0      3        0
  SINCE JAN 1      3                         1      2        0
..................................................................


WIND (MPH)
  RESULTANT WIND SPEED   3   RESULTANT WIND DIRECTION   W (280)
  HIGHEST WIND SPEED    15   HIGHEST WIND DIRECTION     W (270)
  HIGHEST GUST SPEED    28   HIGHEST GUST DIRECTION     W (260)
  AVERAGE WIND SPEED     4.6


SKY COVER
  POSSIBLE SUNSHINE  MM
  AVERAGE SKY COVER 0.1


WEATHER CONDITIONS
 THE FOLLOWING WEATHER WAS RECORDED YESTERDAY.
  FOG


RELATIVE HUMIDITY (PERCENT)
 HIGHEST    93          1200 AM
 LOWEST     36          1200 PM
 AVERAGE    65

..........................................................


THE RAMONA AIRPORT CA CLIMATE NORMALS FOR TODAY
                         NORMAL    RECORD    YEAR
 MAXIMUM TEMPERATURE (F)   72        89      2001
 MINIMUM TEMPERATURE (F)   43        35      1980


SUNRISE AND SUNSET
APRIL 24 2014.........SUNRISE   607 AM PDT   SUNSET   725 PM PDT
APRIL 25 2014.........SUNRISE   606 AM PDT   SUNSET   725 PM PDT


-  INDICATES NEGATIVE NUMBERS.
R  INDICATES RECORD WAS SET OR TIED.
MM INDICATES DATA IS MISSING.
T  INDICATES TRACE AMOUNT.




$$
