000
CDUS46 KSGX 301419
CLIRNM


CLIMATE REPORT
NATIONAL WEATHER SERVICE SAN DIEGO, CA
619 AM PST FRI JAN 30 2015


...................................

...THE RAMONA AIRPORT CA CLIMATE SUMMARY FOR JANUARY 29 2015...

CLIMATE NORMAL PERIOD 1981 TO 2010
CLIMATE RECORD PERIOD 1974 TO 2015


WEATHER ITEM   OBSERVED TIME   RECORD YEAR NORMAL DEPARTURE LAST
                VALUE   (LST)  VALUE       VALUE  FROM      YEAR
                                                  NORMAL
..................................................................
TEMPERATURE (F)
 YESTERDAY
  MAXIMUM         68    223 PM  83    1984  65      3       79
  MINIMUM         50    708 AM  24    1975  36     14       36
  AVERAGE         59                        50      9       58

PRECIPITATION (IN)
  YESTERDAY        0.01          5.00 1980   0.08  -0.07     0.00
  MONTH TO DATE    0.79                      3.12  -2.33      T
  SINCE OCT 1      5.39                      7.26  -1.87     2.67
  SINCE JAN 1      0.79                      3.12  -2.33      T

SNOWFALL (IN)
  YESTERDAY        0.0
  MONTH TO DATE    0.0
  SINCE JAN 1      0.0
  SINCE JUL 1      0.0
  SNOW DEPTH       0

DEGREE DAYS
 HEATING
  YESTERDAY        6                        15     -9        7
  MONTH TO DATE  323                       435   -112      265
  SINCE DEC 1    723                       912   -189      676
  SINCE JUL 1    923                      1323   -400     1105

 COOLING
  YESTERDAY        0                         0      0        0
  MONTH TO DATE    0                         0      0        0
  SINCE DEC 1      0                         0      0        1
  SINCE JAN 1      0                         0      0        0
..................................................................


WIND (MPH)
  RESULTANT WIND SPEED   0   RESULTANT WIND DIRECTION  NW (330)
  HIGHEST WIND SPEED    10   HIGHEST WIND DIRECTION    NW (300)
  HIGHEST GUST SPEED    13   HIGHEST GUST DIRECTION     W (280)
  AVERAGE WIND SPEED     2.7


SKY COVER
  POSSIBLE SUNSHINE  MM
  AVERAGE SKY COVER 0.6


WEATHER CONDITIONS
 THE FOLLOWING WEATHER WAS RECORDED YESTERDAY.
  LIGHT RAIN


RELATIVE HUMIDITY (PERCENT)
 HIGHEST    93          1000 PM
 LOWEST     39          1100 AM
 AVERAGE    66

..........................................................


THE RAMONA AIRPORT CA CLIMATE NORMALS FOR TODAY
                         NORMAL    RECORD    YEAR
 MAXIMUM TEMPERATURE (F)   65        84      2003
 MINIMUM TEMPERATURE (F)   36        25      1975


SUNRISE AND SUNSET
JANUARY 30 2015.......SUNRISE   644 AM PST   SUNSET   518 PM PST
JANUARY 31 2015.......SUNRISE   644 AM PST   SUNSET   519 PM PST


-  INDICATES NEGATIVE NUMBERS.
R  INDICATES RECORD WAS SET OR TIED.
MM INDICATES DATA IS MISSING.
T  INDICATES TRACE AMOUNT.




$$
