000
CDUS46 KSGX 050025
CLIRNM


CLIMATE REPORT
NATIONAL WEATHER SERVICE SAN DIEGO, CA
525 PM PDT FRI SEP 4 2015


...................................

...THE RAMONA AIRPORT CA CLIMATE SUMMARY FOR SEPTEMBER 4 2015...
VALID TODAY AS OF 0500 PM LOCAL TIME.

CLIMATE NORMAL PERIOD 1981 TO 2010
CLIMATE RECORD PERIOD 1974 TO 2015


WEATHER ITEM   OBSERVED TIME   RECORD YEAR NORMAL DEPARTURE LAST
                VALUE   (LST)  VALUE       VALUE  FROM      YEAR
                                                  NORMAL
..................................................................
TEMPERATURE (F)
 TODAY
  MAXIMUM         80   1152 AM 103    1988  90    -10       86
  MINIMUM         60   1210 AM  44    2000  56      4       58
  AVERAGE         70                        73     -3       72

PRECIPITATION (IN)
  TODAY            0.00          0.01 2005   0.01  -0.01     0.00
                                      2005
                                      2006
  MONTH TO DATE    0.00                      0.05  -0.05     0.00
  SINCE OCT 1     12.02                     15.80  -3.78     8.17
  SINCE JAN 1      7.42                     11.66  -4.24     5.50

DEGREE DAYS
 HEATING
  TODAY            0                         0      0        0
  MONTH TO DATE    0                         0      0        0
  SINCE SEP 1      0                         0      0        0
  SINCE JUL 1      0                         3     -3        0

 COOLING
  TODAY            5                         8     -3        7
  MONTH TO DATE   22                        33    -11       31
  SINCE SEP 1     22                        33    -11       31
  SINCE JAN 1    802                       646    156      770
..................................................................


WIND (MPH)
  RESULTANT WIND SPEED   3   RESULTANT WIND DIRECTION   W (260)
  HIGHEST WIND SPEED    15   HIGHEST WIND DIRECTION     W (260)
  HIGHEST GUST SPEED    19   HIGHEST GUST DIRECTION     W (260)
  AVERAGE WIND SPEED     5.3


SKY COVER
  POSSIBLE SUNSHINE  MM
  AVERAGE SKY COVER 0.5


WEATHER CONDITIONS
 THE FOLLOWING WEATHER WAS RECORDED TODAY.
  NO SIGNIFICANT WEATHER WAS OBSERVED.


RELATIVE HUMIDITY (PERCENT)
 HIGHEST    84           100 AM
 LOWEST     42          1200 PM
 AVERAGE    63

..........................................................


THE RAMONA AIRPORT CA CLIMATE NORMALS FOR TOMORROW
                         NORMAL    RECORD    YEAR
 MAXIMUM TEMPERATURE (F)   90       102      2006
 MINIMUM TEMPERATURE (F)   56        47      2000


SUNRISE AND SUNSET
SEPTEMBER  4 2015.....SUNRISE   624 AM PDT   SUNSET   709 PM PDT
SEPTEMBER  5 2015.....SUNRISE   625 AM PDT   SUNSET   708 PM PDT


-  INDICATES NEGATIVE NUMBERS.
R  INDICATES RECORD WAS SET OR TIED.
MM INDICATES DATA IS MISSING.
T  INDICATES TRACE AMOUNT.




$$
