000
CDUS45 KREV 180043
CLIRNO


CLIMATE REPORT
NATIONAL WEATHER SERVICE RENO NV
442 PM PST SUN DEC 17 2017


...................................

...THE RENO-TAHOE INTL AIRPORT NV CLIMATE SUMMARY FOR DECEMBER 17 2017...
VALID TODAY AS OF 0400 PM LOCAL TIME.

CLIMATE NORMAL PERIOD 1981 TO 2010
CLIMATE RECORD PERIOD 1888 TO 2017


WEATHER ITEM   OBSERVED TIME   RECORD YEAR NORMAL DEPARTURE LAST
                VALUE   (LST)  VALUE       VALUE  FROM      YEAR
                                                  NORMAL
..................................................................
TEMPERATURE (F)
 TODAY
  MAXIMUM         43    310 PM  65    1939  45     -2       34
  MINIMUM         20    646 AM   5    1965  25     -5       19
  AVERAGE         32                        35     -3       27

PRECIPITATION (IN)
  TODAY            0.00          0.77 1977   0.03  -0.03     0.00
  MONTH TO DATE    0.07                      0.51  -0.44     1.03
  SINCE OCT 1      1.53                      1.84  -0.31     3.61
  SINCE JAN 1     13.69                      6.88   6.81     8.86

SNOWFALL (IN)
  TODAY            0.0           5.3  2010   0.2   -0.2      0.0
  MONTH TO DATE    0.3                       2.0   -1.7      0.8
  SINCE DEC 1      0.3                       2.0   -1.7      0.8
  SINCE JUL 1      0.3                       5.5   -5.2      1.4
  SNOW DEPTH       0

DEGREE DAYS
 HEATING
  TODAY           33                        30      3       38
  MONTH TO DATE  523                       493     30      416
  SINCE DEC 1    523                       493     30      416
  SINCE JUL 1   1463                      1596   -133     1294

 COOLING
  TODAY            0                         0      0        0
  MONTH TO DATE    0                         0      0        0
  SINCE DEC 1      0                         0      0        0
  SINCE JAN 1   1401                       839    562     1088
..................................................................


WIND (MPH)
  RESULTANT WIND SPEED   2   RESULTANT WIND DIRECTION   E (80)
  HIGHEST WIND SPEED    10   HIGHEST WIND DIRECTION    NE (60)
  HIGHEST GUST SPEED    13   HIGHEST GUST DIRECTION    NE (40)
  AVERAGE WIND SPEED     2.8



WEATHER CONDITIONS
 THE FOLLOWING WEATHER WAS RECORDED TODAY.
  NO SIGNIFICANT WEATHER WAS OBSERVED.


RELATIVE HUMIDITY (PERCENT)
 HIGHEST    77           500 AM
 LOWEST     36           300 PM
 AVERAGE    57

..........................................................


THE RENO-TAHOE INTL AIRPORT NV CLIMATE NORMALS FOR TOMORROW
                         NORMAL    RECORD    YEAR
 MAXIMUM TEMPERATURE (F)   45        64      1917
 MINIMUM TEMPERATURE (F)   25        -1      1908


SUNRISE AND SUNSET
DECEMBER 17 2017......SUNRISE   714 AM PST   SUNSET   437 PM PST
DECEMBER 18 2017......SUNRISE   714 AM PST   SUNSET   437 PM PST


-  INDICATES NEGATIVE NUMBERS.
R  INDICATES RECORD WAS SET OR TIED.
MM INDICATES DATA IS MISSING.
T  INDICATES TRACE AMOUNT.




$$
