000
CDUS45 KREV 230840
CLIRNO


CLIMATE REPORT
NATIONAL WEATHER SERVICE RENO NV
139 AM PDT WED AUG 23 2017


...................................

...THE RENO-TAHOE INTL AIRPORT NV CLIMATE SUMMARY FOR AUGUST 22 2017...

CLIMATE NORMAL PERIOD 1981 TO 2010
CLIMATE RECORD PERIOD 1888 TO 2017


WEATHER ITEM   OBSERVED TIME   RECORD YEAR NORMAL DEPARTURE LAST
                VALUE   (LST)  VALUE       VALUE  FROM      YEAR
                                                  NORMAL
..................................................................
TEMPERATURE (F)
 YESTERDAY
  MAXIMUM         91    108 PM 101    1982  89      2       89
  MINIMUM         62   1159 PM  29    1968  55      7       62
  AVERAGE         77                        72      5       76

PRECIPITATION (IN)
  YESTERDAY        0.01          0.32 1980   0.01   0.00      T
  MONTH TO DATE    0.16                      0.18  -0.02     0.04
  SINCE OCT 1     15.26                      7.00   8.26     9.20
  SINCE JAN 1     11.47                      4.64   6.83     5.25

SNOWFALL (IN)
  YESTERDAY        0.0           0.0    MM   0.0    0.0      0.0
  MONTH TO DATE    0.0                       0.0    0.0      0.0
  SINCE JUN 1      0.0                       T      0.0      0.0
  SINCE JUL 1      0.0                       0.0    0.0      0.0
  SNOW DEPTH       0

DEGREE DAYS
 HEATING
  YESTERDAY        0                         0      0        0
  MONTH TO DATE    0                         0      0        0
  SINCE JUN 1     45                        61    -16       15
  SINCE JUL 1      0                         5     -5        0

 COOLING
  YESTERDAY       12                         7      5       11
  MONTH TO DATE  304                       202    102      261
  SINCE JUN 1   1068                       652    416      884
  SINCE JAN 1   1122                       689    433      912
..................................................................


WIND (MPH)
  RESULTANT WIND SPEED   1   RESULTANT WIND DIRECTION   N (350)
  HIGHEST WIND SPEED    26   HIGHEST WIND DIRECTION     S (190)
  HIGHEST GUST SPEED    32   HIGHEST GUST DIRECTION     S (180)
  AVERAGE WIND SPEED     5.0



WEATHER CONDITIONS
 THE FOLLOWING WEATHER WAS RECORDED YESTERDAY.
  THUNDERSTORM
  LIGHT RAIN


RELATIVE HUMIDITY (PERCENT)
 HIGHEST    72          1100 PM
 LOWEST     19          1200 PM
 AVERAGE    46

..........................................................


THE RENO-TAHOE INTL AIRPORT NV CLIMATE NORMALS FOR TODAY
                         NORMAL    RECORD    YEAR
 MAXIMUM TEMPERATURE (F)   89        98      1969
                                             1942
                                             1931
 MINIMUM TEMPERATURE (F)   55        30      1960


SUNRISE AND SUNSET
AUGUST 23 2017........SUNRISE   619 AM PDT   SUNSET   743 PM PDT
AUGUST 24 2017........SUNRISE   620 AM PDT   SUNSET   742 PM PDT


-  INDICATES NEGATIVE NUMBERS.
R  INDICATES RECORD WAS SET OR TIED.
MM INDICATES DATA IS MISSING.
T  INDICATES TRACE AMOUNT.




$$
