000
CDUS45 KREV 040845
CLIRNO


CLIMATE REPORT
NATIONAL WEATHER SERVICE RENO NV
1245 AM PST WED MAR 4 2015


...................................

...THE RENO TAHOE AIRPORT NV CLIMATE SUMMARY FOR MARCH 3 2015...

CLIMATE NORMAL PERIOD 1981 TO 2010
CLIMATE RECORD PERIOD 1888 TO 2015


WEATHER ITEM   OBSERVED TIME   RECORD YEAR NORMAL DEPARTURE LAST
                VALUE   (LST)  VALUE       VALUE  FROM      YEAR
                                                  NORMAL
..................................................................
TEMPERATURE (F)
 YESTERDAY
  MAXIMUM         47    240 PM  71    1931  55     -8       56
                                      1910
  MINIMUM         31   1159 PM   5    1951  32     -1       33
  AVERAGE         39                        44     -5       45

PRECIPITATION (IN)
  YESTERDAY        0.00          0.36 1991   0.03  -0.03     0.00
  MONTH TO DATE    0.01                      0.11  -0.10      T
  SINCE OCT 1      2.92                      4.52  -1.60     2.03
  SINCE JAN 1      1.50                      2.16  -0.66     1.07

SNOWFALL (IN)
  YESTERDAY        0.0           3.1  1945   0.1   -0.1      0.0
  MONTH TO DATE    0.0                       0.4   -0.4      0.0
  SINCE MAR 1      0.0                       0.4   -0.4      0.0
  SINCE JUL 1      2.7                      19.4  -16.7      6.2
  SNOW DEPTH       0

DEGREE DAYS
 HEATING
  YESTERDAY       26                        21      5       20
  MONTH TO DATE   80                        65     15       61
  SINCE MAR 1     80                        65     15       61
  SINCE JUL 1   2945                      3703   -758     3645

 COOLING
  YESTERDAY        0                         0      0        0
  MONTH TO DATE    0                         0      0        0
  SINCE MAR 1      0                         0      0        0
  SINCE JAN 1      0                         0      0        0
..................................................................


WIND (MPH)
  RESULTANT WIND SPEED   4   RESULTANT WIND DIRECTION  NE (30)
  HIGHEST WIND SPEED    17   HIGHEST WIND DIRECTION    NE (40)
  HIGHEST GUST SPEED    24   HIGHEST GUST DIRECTION    NE (50)
  AVERAGE WIND SPEED     5.8



WEATHER CONDITIONS
 THE FOLLOWING WEATHER WAS RECORDED YESTERDAY.
  NO SIGNIFICANT WEATHER WAS OBSERVED.


RELATIVE HUMIDITY (PERCENT)
 HIGHEST    75          1200 AM
 LOWEST     31           500 PM
 AVERAGE    53

..........................................................


THE RENO TAHOE AIRPORT NV CLIMATE NORMALS FOR TODAY
                         NORMAL    RECORD    YEAR
 MAXIMUM TEMPERATURE (F)   56        74      1925
 MINIMUM TEMPERATURE (F)   32         7      1902


SUNRISE AND SUNSET
MARCH  4 2015.........SUNRISE   628 AM PST   SUNSET   554 PM PST
MARCH  5 2015.........SUNRISE   626 AM PST   SUNSET   556 PM PST


-  INDICATES NEGATIVE NUMBERS.
R  INDICATES RECORD WAS SET OR TIED.
MM INDICATES DATA IS MISSING.
T  INDICATES TRACE AMOUNT.




$$
