000
CDUS45 KREV 270840
CLIRNO


CLIMATE REPORT
NATIONAL WEATHER SERVICE RENO NV
140 AM PDT FRI MAR 27 2015


...................................

...THE RENO TAHOE AIRPORT NV CLIMATE SUMMARY FOR MARCH 26 2015...

CLIMATE NORMAL PERIOD 1981 TO 2010
CLIMATE RECORD PERIOD 1888 TO 2015


WEATHER ITEM   OBSERVED TIME   RECORD YEAR NORMAL DEPARTURE LAST
                VALUE   (LST)  VALUE       VALUE  FROM      YEAR
                                                  NORMAL
..................................................................
TEMPERATURE (F)
 YESTERDAY
  MAXIMUM         75    411 PM  77    1988  60     15       52
  MINIMUM         41    653 AM  11    1902  35      6       39
  AVERAGE         58                        47     11       46

PRECIPITATION (IN)
  YESTERDAY        0.00          0.71 1928   0.02  -0.02      T
  MONTH TO DATE    0.01                      0.68  -0.67     0.08
  SINCE OCT 1      2.92                      5.09  -2.17     2.11
  SINCE JAN 1      1.50                      2.73  -1.23     1.15

SNOWFALL (IN)
  YESTERDAY        0.0           4.4  1924   0.1   -0.1      0.0
  MONTH TO DATE    0.0                       1.8   -1.8      0.0
  SINCE MAR 1      0.0                       1.8   -1.8      0.0
  SINCE JUL 1      2.7                      20.8  -18.1      6.2
  SNOW DEPTH       0

DEGREE DAYS
 HEATING
  YESTERDAY        7                        18    -11       19
  MONTH TO DATE  364                       510   -146      420
  SINCE MAR 1    364                       510   -146      420
  SINCE JUL 1   3229                      4148   -919     4004

 COOLING
  YESTERDAY        0                         0      0        0
  MONTH TO DATE    0                         0      0        0
  SINCE MAR 1      0                         0      0        0
  SINCE JAN 1      0                         0      0        0
..................................................................


WIND (MPH)
  RESULTANT WIND SPEED   1   RESULTANT WIND DIRECTION   E (70)
  HIGHEST WIND SPEED    13   HIGHEST WIND DIRECTION    NE (60)
  HIGHEST GUST SPEED    17   HIGHEST GUST DIRECTION     E (80)
  AVERAGE WIND SPEED     3.6



WEATHER CONDITIONS
 THE FOLLOWING WEATHER WAS RECORDED YESTERDAY.
  NO SIGNIFICANT WEATHER WAS OBSERVED.


RELATIVE HUMIDITY (PERCENT)
 HIGHEST    65           600 AM
 LOWEST     19           300 PM
 AVERAGE    42

..........................................................


THE RENO TAHOE AIRPORT NV CLIMATE NORMALS FOR TODAY
                         NORMAL    RECORD    YEAR
 MAXIMUM TEMPERATURE (F)   60        75      1986
                                             1966
 MINIMUM TEMPERATURE (F)   35        13      1902


SUNRISE AND SUNSET
MARCH 27 2015.........SUNRISE   652 AM PDT   SUNSET   718 PM PDT
MARCH 28 2015.........SUNRISE   650 AM PDT   SUNSET   719 PM PDT


-  INDICATES NEGATIVE NUMBERS.
R  INDICATES RECORD WAS SET OR TIED.
MM INDICATES DATA IS MISSING.
T  INDICATES TRACE AMOUNT.




$$
