000
CDUS45 KREV 230836
CLIRNO


CLIMATE REPORT
NATIONAL WEATHER SERVICE RENO NV
135 AM PDT TUE SEP 23 2014


...................................

...THE RENO TAHOE AIRPORT NV CLIMATE SUMMARY FOR SEPTEMBER 22 2014...

CLIMATE NORMAL PERIOD 1981 TO 2010
CLIMATE RECORD PERIOD 1888 TO 2014


WEATHER ITEM   OBSERVED TIME   RECORD YEAR NORMAL DEPARTURE LAST
                VALUE   (LST)  VALUE       VALUE  FROM      YEAR
                                                  NORMAL
..................................................................
TEMPERATURE (F)
 YESTERDAY
  MAXIMUM         85    240 PM  94    2011  80      5       72
  MINIMUM         52    559 AM  23    1968  47      5       42
  AVERAGE         69                        63      6       57

PRECIPITATION (IN)
  YESTERDAY        0.00          0.37 1931   0.01  -0.01     0.00
  MONTH TO DATE    0.01                      0.22  -0.21      T
  SINCE OCT 1      4.25                      7.27  -3.02     6.08
  SINCE JAN 1      3.29                      4.91  -1.62     3.04

SNOWFALL (IN)
  YESTERDAY        0.0           0.0    MM   0.0    0.0      0.0
  MONTH TO DATE    0.0                       0.0    0.0      0.0
  SINCE SEP 1      0.0                       0.0    0.0      0.0
  SINCE JUL 1      0.0                       0.0    0.0       T
  SNOW DEPTH       0

DEGREE DAYS
 HEATING
  YESTERDAY        0                         4     -4        8
  MONTH TO DATE    0                        43    -43       22
  SINCE SEP 1      0                        43    -43       22
  SINCE JUL 1      4                        53    -49       22

 COOLING
  YESTERDAY        4                         2      2        0
  MONTH TO DATE  157                        77     80      139
  SINCE SEP 1    157                        77     80      139
  SINCE JAN 1   1193                       823    370     1172
..................................................................


WIND (MPH)
  RESULTANT WIND SPEED   3   RESULTANT WIND DIRECTION   W (290)
  HIGHEST WIND SPEED    21   HIGHEST WIND DIRECTION     W (290)
  HIGHEST GUST SPEED    27   HIGHEST GUST DIRECTION     W (290)
  AVERAGE WIND SPEED     4.4



WEATHER CONDITIONS
 THE FOLLOWING WEATHER WAS RECORDED YESTERDAY.
  HAZE


RELATIVE HUMIDITY (PERCENT)
 HIGHEST    77           600 AM
 LOWEST     22           300 PM
 AVERAGE    50

..........................................................


THE RENO TAHOE AIRPORT NV CLIMATE NORMALS FOR TODAY
                         NORMAL    RECORD    YEAR
 MAXIMUM TEMPERATURE (F)   79        93      2011
                                             2003
 MINIMUM TEMPERATURE (F)   46        27      1977
                                             1945
                                             1941


SUNRISE AND SUNSET
SEPTEMBER 23 2014.....SUNRISE   648 AM PDT   SUNSET   654 PM PDT
SEPTEMBER 24 2014.....SUNRISE   649 AM PDT   SUNSET   653 PM PDT


-  INDICATES NEGATIVE NUMBERS.
R  INDICATES RECORD WAS SET OR TIED.
MM INDICATES DATA IS MISSING.
T  INDICATES TRACE AMOUNT.




$$
