000
CDUS45 KREV 270836
CLIRNO


CLIMATE REPORT
NATIONAL WEATHER SERVICE RENO NV
135 AM PDT TUE JUN 27 2017


...................................

...THE RENO-TAHOE INTL AIRPORT NV CLIMATE SUMMARY FOR JUNE 26 2017...

CLIMATE NORMAL PERIOD 1981 TO 2010
CLIMATE RECORD PERIOD 1888 TO 2017


WEATHER ITEM   OBSERVED TIME   RECORD YEAR NORMAL DEPARTURE LAST
                VALUE   (LST)  VALUE       VALUE  FROM      YEAR
                                                  NORMAL
..................................................................
TEMPERATURE (F)
 YESTERDAY
  MAXIMUM         94   1242 PM 100    2015  87      7       98
                                      1968
  MINIMUM         67   1142 PM  29    1974  54     13       62
  AVERAGE         81                        71     10       80

PRECIPITATION (IN)
  YESTERDAY        0.00          0.49 1996   0.01  -0.01     0.00
                                      1989
  MONTH TO DATE    0.12                      0.47  -0.35      T
  SINCE OCT 1     15.06                      6.60   8.46     9.16
  SINCE JAN 1     11.27                      4.24   7.03     5.21

SNOWFALL (IN)
  YESTERDAY        0.0           0.0    MM   0.0    0.0      0.0
  MONTH TO DATE    0.0                       0.0    0.0      0.0
  SINCE JUN 1      0.0                       0.0    0.0      0.0
  SINCE JUL 1     27.0                      21.8    5.2     31.1
  SNOW DEPTH       0

DEGREE DAYS
 HEATING
  YESTERDAY        0                         1     -1        0
  MONTH TO DATE   45                        54     -9       15
  SINCE JUN 1     45                        54     -9       15
  SINCE JUL 1   4446                      4922   -476     4332

 COOLING
  YESTERDAY       16                         6     10       15
  MONTH TO DATE  235                       108    127      195
  SINCE JUN 1    235                       108    127      195
  SINCE JAN 1    289                       145    144      223
..................................................................


WIND (MPH)
  RESULTANT WIND SPEED   4   RESULTANT WIND DIRECTION   W (250)
  HIGHEST WIND SPEED    24   HIGHEST WIND DIRECTION     W (250)
  HIGHEST GUST SPEED    34   HIGHEST GUST DIRECTION     W (250)
  AVERAGE WIND SPEED     6.8



WEATHER CONDITIONS
 THE FOLLOWING WEATHER WAS RECORDED YESTERDAY.
  NO SIGNIFICANT WEATHER WAS OBSERVED.


RELATIVE HUMIDITY (PERCENT)
 HIGHEST    49           500 AM
 LOWEST     10          1200 PM
 AVERAGE    30

..........................................................


THE RENO-TAHOE INTL AIRPORT NV CLIMATE NORMALS FOR TODAY
                         NORMAL    RECORD    YEAR
 MAXIMUM TEMPERATURE (F)   88       101      2015
 MINIMUM TEMPERATURE (F)   55        32      1974


SUNRISE AND SUNSET
JUNE 27 2017..........SUNRISE   534 AM PDT   SUNSET   830 PM PDT
JUNE 28 2017..........SUNRISE   534 AM PDT   SUNSET   830 PM PDT


-  INDICATES NEGATIVE NUMBERS.
R  INDICATES RECORD WAS SET OR TIED.
MM INDICATES DATA IS MISSING.
T  INDICATES TRACE AMOUNT.




$$
