000
CDUS45 KREV 060838
CLIRNO


CLIMATE REPORT
NATIONAL WEATHER SERVICE RENO NV
137 AM PDT FRI MAY 6 2016


...................................

...THE RENO TAHOE AIRPORT NV CLIMATE SUMMARY FOR MAY 5 2016...

CLIMATE NORMAL PERIOD 1981 TO 2010
CLIMATE RECORD PERIOD 1888 TO 2016


WEATHER ITEM   OBSERVED TIME   RECORD YEAR NORMAL DEPARTURE LAST
                VALUE   (LST)  VALUE       VALUE  FROM      YEAR
                                                  NORMAL
..................................................................
TEMPERATURE (F)
 YESTERDAY
  MAXIMUM         58   1109 AM  87    1992  70    -12       78
                                      1990
                                      1989
  MINIMUM         42    922 AM  22    1960  43     -1       45
  AVERAGE         50                        56     -6       62

PRECIPITATION (IN)
  YESTERDAY        0.75R         0.43 1964   0.02   0.73     0.00
  MONTH TO DATE    0.76                      0.08   0.68      T
  SINCE OCT 1      8.76                      5.72   3.04     3.27
  SINCE JAN 1      4.81                      3.36   1.45     1.85

SNOWFALL (IN)
  YESTERDAY        0.2           7.0  1964   0.0    0.2      0.0
  MONTH TO DATE    0.2                       0.1    0.1      0.0
  SINCE MAR 1      7.0                       2.6    4.4       T
  SINCE JUL 1     31.1                      21.6    9.5      2.7
  SNOW DEPTH       0

DEGREE DAYS
 HEATING
  YESTERDAY       15                         9      6        3
  MONTH TO DATE   42                        48     -6        4
  SINCE MAR 1    850                      1072   -222      772
  SINCE JUL 1   4187                      4710   -523     3637

 COOLING
  YESTERDAY        0                         0      0        0
  MONTH TO DATE    0                         0      0        3
  SINCE MAR 1      0                         1     -1        3
  SINCE JAN 1      0                         1     -1        3
..................................................................


WIND (MPH)
  RESULTANT WIND SPEED   3   RESULTANT WIND DIRECTION   N (0)
  HIGHEST WIND SPEED    21   HIGHEST WIND DIRECTION     W (290)
  HIGHEST GUST SPEED    26   HIGHEST GUST DIRECTION     W (290)
  AVERAGE WIND SPEED     7.4



WEATHER CONDITIONS
 THE FOLLOWING WEATHER WAS RECORDED YESTERDAY.
  THUNDERSTORM
  RAIN
  LIGHT RAIN
  HAIL
  FOG


RELATIVE HUMIDITY (PERCENT)
 HIGHEST    93           800 PM
 LOWEST     51          1100 AM
 AVERAGE    72

..........................................................


THE RENO TAHOE AIRPORT NV CLIMATE NORMALS FOR TODAY
                         NORMAL    RECORD    YEAR
 MAXIMUM TEMPERATURE (F)   70        87      1989
                                             1987
 MINIMUM TEMPERATURE (F)   43        19      1896


SUNRISE AND SUNSET
MAY  6 2016...........SUNRISE   554 AM PDT   SUNSET   758 PM PDT
MAY  7 2016...........SUNRISE   553 AM PDT   SUNSET   759 PM PDT


-  INDICATES NEGATIVE NUMBERS.
R  INDICATES RECORD WAS SET OR TIED.
MM INDICATES DATA IS MISSING.
T  INDICATES TRACE AMOUNT.




$$
