000
CDUS41 KRNK 252126
CLIROA


CLIMATE REPORT
NATIONAL WEATHER SERVICE BLACKSBURG VA
524 PM EDT MON MAY 25 2015


...................................

...THE ROANOKE VA CLIMATE SUMMARY FOR MAY 25 2015...
VALID TODAY AS OF 0500 PM LOCAL TIME.

CLIMATE NORMAL PERIOD 1981 TO 2010
CLIMATE RECORD PERIOD 1912 TO 2015


WEATHER ITEM   OBSERVED TIME   RECORD YEAR NORMAL DEPARTURE LAST
                VALUE   (LST)  VALUE       VALUE  FROM      YEAR
                                                  NORMAL
..................................................................
TEMPERATURE (F)
 TODAY
  MAXIMUM         83    142 PM  94    1953  78      5       80
  MINIMUM         55    339 AM  38    1967  56     -1       52
  AVERAGE         69                        67      2       66

PRECIPITATION (IN)
  TODAY            0.00          1.06 1965   0.14  -0.14     0.00
  MONTH TO DATE    1.09                      3.17  -2.08     2.21
  SINCE MAR 1     10.40                     10.00   0.40     9.15
  SINCE JAN 1     14.32                     15.81  -1.49    15.43

SNOWFALL (IN)
  TODAY            0.0                                       0.0
  MONTH TO DATE    0.0                                       0.0
  SINCE MAR 1      1.9                                       5.6
  SINCE JUL 1     21.7                                      28.0
  SNOW DEPTH       0

DEGREE DAYS
 HEATING
  TODAY            0                         2     -2        0
  MONTH TO DATE   35                        91    -56       54
  SINCE MAR 1    815                       918   -103      964
  SINCE JUL 1   4244                      4123    121     4366

 COOLING
  TODAY            4                         4      0        1
  MONTH TO DATE  104                        61     43       87
  SINCE MAR 1    110                        90     20       99
  SINCE JAN 1    110                        90     20       99
..................................................................


WIND (MPH)
  HIGHEST WIND SPEED    17   HIGHEST WIND DIRECTION    SE (130)
  HIGHEST GUST SPEED    26   HIGHEST GUST DIRECTION    SE (140)
  AVERAGE WIND SPEED     3.9


SKY COVER
  AVERAGE SKY COVER 0.3


WEATHER CONDITIONS
 THE FOLLOWING WEATHER WAS RECORDED TODAY.
  NO SIGNIFICANT WEATHER WAS OBSERVED.


RELATIVE HUMIDITY (PERCENT)
 HIGHEST    93           300 AM
 LOWEST     43           300 PM
 AVERAGE    68

..........................................................


THE ROANOKE VA CLIMATE NORMALS FOR TOMORROW
                         NORMAL    RECORD    YEAR
 MAXIMUM TEMPERATURE (F)   78        94      1933
 MINIMUM TEMPERATURE (F)   56        40      1988
                                             1930


SUNRISE AND SUNSET
MAY 25 2015...........SUNRISE   604 AM EDT   SUNSET   830 PM EDT
MAY 26 2015...........SUNRISE   604 AM EDT   SUNSET   830 PM EDT


-  INDICATES NEGATIVE NUMBERS.
R  INDICATES RECORD WAS SET OR TIED.
MM INDICATES DATA IS MISSING.
T  INDICATES TRACE AMOUNT.


$$

PW
