717
CDUS41 KRNK 300649
CLIROA


CLIMATE REPORT
NATIONAL WEATHER SERVICE BLACKSBURG VA
248 AM EDT FRI SEP 30 2016


...................................

...THE ROANOKE VA CLIMATE SUMMARY FOR SEPTEMBER 29 2016...

CLIMATE NORMAL PERIOD 1981 TO 2010
CLIMATE RECORD PERIOD 1912 TO 2016


WEATHER ITEM   OBSERVED TIME   RECORD YEAR NORMAL DEPARTURE LAST
                VALUE   (LST)  VALUE       VALUE  FROM      YEAR
                                                  NORMAL
..................................................................
TEMPERATURE (F)
 YESTERDAY
  MAXIMUM         73    410 PM  93    1953  74     -1       75
  MINIMUM         64    407 AM  32    1942  52     12       68
  AVERAGE         69                        63      6       72

PRECIPITATION (IN)
  YESTERDAY        0.64          3.45 1924   0.12   0.52     1.74
  MONTH TO DATE    3.83                      3.77   0.06     8.48
  SINCE SEP 1      3.83                      3.77   0.06     8.48
  SINCE JAN 1     37.60                     31.90   5.70    39.91

SNOWFALL (IN)
  YESTERDAY        0.0                                       0.0
  MONTH TO DATE    0.0                                       0.0
  SINCE SEP 1      0.0                                       0.0
  SINCE JUL 1      0.0                                       0.0
  SNOW DEPTH       0

DEGREE DAYS
 HEATING
  YESTERDAY        0                         4     -4        0
  MONTH TO DATE    0                        42    -42       21
  SINCE SEP 1      0                        42    -42       21
  SINCE JUL 1      0                        43    -43       21

 COOLING
  YESTERDAY        4                         2      2        7
  MONTH TO DATE  261                       137    124      173
  SINCE SEP 1    261                       137    124      173
  SINCE JAN 1   1510                      1184    326     1389
..................................................................


WIND (MPH)
  HIGHEST WIND SPEED    22   HIGHEST WIND DIRECTION    SE (140)
  HIGHEST GUST SPEED    30   HIGHEST GUST DIRECTION    SE (150)
  AVERAGE WIND SPEED     5.5


SKY COVER
  AVERAGE SKY COVER 0.8


WEATHER CONDITIONS
 THE FOLLOWING WEATHER WAS RECORDED YESTERDAY.
  THUNDERSTORM
  HEAVY RAIN
  RAIN
  LIGHT RAIN
  FOG


RELATIVE HUMIDITY (PERCENT)
 HIGHEST   100           500 AM
 LOWEST     73           200 PM
 AVERAGE    87

..........................................................


THE ROANOKE VA CLIMATE NORMALS FOR TODAY
                         NORMAL    RECORD    YEAR
 MAXIMUM TEMPERATURE (F)   73        91      1953
 MINIMUM TEMPERATURE (F)   52        32      1942


SUNRISE AND SUNSET
SEPTEMBER 30 2016.....SUNRISE   715 AM EDT   SUNSET   704 PM EDT
OCTOBER  1 2016.......SUNRISE   716 AM EDT   SUNSET   702 PM EDT


-  INDICATES NEGATIVE NUMBERS.
R  INDICATES RECORD WAS SET OR TIED.
MM INDICATES DATA IS MISSING.
T  INDICATES TRACE AMOUNT.

$$
RCS
