769
CDUS41 KRNK 110937
CLIROA


CLIMATE REPORT
NATIONAL WEATHER SERVICE BLACKSBURG VA
436 AM EST THU FEB 11 2016


...................................

...THE ROANOKE VA CLIMATE SUMMARY FOR FEBRUARY 10 2016...

CLIMATE NORMAL PERIOD 1981 TO 2010
CLIMATE RECORD PERIOD 1912 TO 2016


WEATHER ITEM   OBSERVED TIME   RECORD YEAR NORMAL DEPARTURE LAST
                VALUE   (LST)  VALUE       VALUE  FROM      YEAR
                                                  NORMAL
..................................................................
TEMPERATURE (F)
 YESTERDAY
  MAXIMUM         31   1253 PM  71    2009  48    -17       47
                                      1959
  MINIMUM         19   1159 PM   0    1934  29    -10       32
  AVERAGE         25                        38    -13       40

PRECIPITATION (IN)
  YESTERDAY        T             1.93 1946   0.10  -0.10     0.03
  MONTH TO DATE    1.25                      1.03   0.22     0.23
  SINCE DEC 1      8.79                      6.89   1.90     4.08
  SINCE JAN 1      4.24                      3.95   0.29     1.54

SNOWFALL (IN)
  YESTERDAY        T                                         0.0
  MONTH TO DATE    T                                          T
  SINCE DEC 1     13.5                                       0.2
  SINCE JUL 1     13.5                                       0.7
  SNOW DEPTH       0

DEGREE DAYS
 HEATING
  YESTERDAY       40                        26     14       25
  MONTH TO DATE  268                       271     -3      242
  SINCE DEC 1   1699                      1959   -260     1836
  SINCE JUL 1   2341                      2763   -422     2714

 COOLING
  YESTERDAY        0                         0      0        0
  MONTH TO DATE    0                         0      0        0
  SINCE DEC 1      0                         0      0        0
  SINCE JAN 1      0                         0      0        0
..................................................................


WIND (MPH)
  HIGHEST WIND SPEED    26   HIGHEST WIND DIRECTION    NW (300)
  HIGHEST GUST SPEED    36   HIGHEST GUST DIRECTION     W (280)
  AVERAGE WIND SPEED    16.8


SKY COVER
  AVERAGE SKY COVER 0.8


WEATHER CONDITIONS
 THE FOLLOWING WEATHER WAS RECORDED YESTERDAY.
  LIGHT SNOW


RELATIVE HUMIDITY (PERCENT)
 HIGHEST    60           100 AM
 LOWEST     38           300 PM
 AVERAGE    49

..........................................................


THE ROANOKE VA CLIMATE NORMALS FOR TODAY
                         NORMAL    RECORD    YEAR
 MAXIMUM TEMPERATURE (F)   48        80      1932
 MINIMUM TEMPERATURE (F)   29         5      1936


SUNRISE AND SUNSET
FEBRUARY 11 2016......SUNRISE   714 AM EST   SUNSET   555 PM EST
FEBRUARY 12 2016......SUNRISE   713 AM EST   SUNSET   556 PM EST


-  INDICATES NEGATIVE NUMBERS.
R  INDICATES RECORD WAS SET OR TIED.
MM INDICATES DATA IS MISSING.
T  INDICATES TRACE AMOUNT.

$$
