000
CDUS41 KBUF 010705
CLIROC


CLIMATE REPORT
NATIONAL WEATHER SERVICE BUFFALO NY
305 AM EDT FRI AUG 1 2014


...................................

...THE ROCHESTER NY CLIMATE SUMMARY FOR JULY 31 2014...

CLIMATE NORMAL PERIOD 1981 TO 2010
CLIMATE RECORD PERIOD 1871 TO 2014


WEATHER ITEM   OBSERVED TIME   RECORD YEAR NORMAL DEPARTURE LAST
                VALUE   (LST)  VALUE       VALUE  FROM      YEAR
                                                  NORMAL
..................................................................
TEMPERATURE (F)
 YESTERDAY
  MAXIMUM         76    448 PM  98    1933  81     -5       81
  MINIMUM         59    652 AM  47    1891  61     -2       57
  AVERAGE         68                        71     -3       69

PRECIPITATION (IN)
  YESTERDAY        0.18          1.56 1945   0.11   0.07     0.00
  MONTH TO DATE    7.70                      3.33   4.37     4.41
  SINCE JUN 1      9.76                      6.67   3.09    10.68
  SINCE JAN 1     22.76                     19.13   3.63    22.51

SNOWFALL (IN)
  YESTERDAY        0.0           0.0    MM   0.0    0.0      0.0
  MONTH TO DATE    0.0                       0.0    0.0      0.0
  SINCE JUN 1      0.0                       0.0    0.0      0.0
  SINCE JUL 1      0.0                       0.0    0.0      0.0
  SNOW DEPTH       0

DEGREE DAYS
 HEATING
  YESTERDAY        0                         0      0        0
  MONTH TO DATE    7                         6      1        8
  SINCE JUN 1     36                        80    -44       66
  SINCE JUL 1      7                        12     -5        8

 COOLING
  YESTERDAY        3                         6     -3        4
  MONTH TO DATE  150                       193    -43      261
  SINCE JUN 1    300                       299      1      368
  SINCE JAN 1    339                       329     10      439
..................................................................


WIND (MPH)
  HIGHEST WIND SPEED    18   HIGHEST WIND DIRECTION     N (360)
  HIGHEST GUST SPEED    22   HIGHEST GUST DIRECTION     N (360)
  AVERAGE WIND SPEED     7.5


SKY COVER
  AVERAGE SKY COVER 0.7


WEATHER CONDITIONS
 THE FOLLOWING WEATHER WAS RECORDED YESTERDAY.
  THUNDERSTORM
  HEAVY RAIN
  RAIN
  LIGHT RAIN
  FOG


RELATIVE HUMIDITY (PERCENT)
 HIGHEST    93           100 AM
 LOWEST     38           500 PM
 AVERAGE    66

..........................................................


THE ROCHESTER NY CLIMATE NORMALS FOR TODAY
                         NORMAL    RECORD    YEAR
 MAXIMUM TEMPERATURE (F)   81        96      1955
                                             1933
 MINIMUM TEMPERATURE (F)   61        48      1964
                                             1947


SUNRISE AND SUNSET
AUGUST  1 2014........SUNRISE   601 AM EDT   SUNSET   832 PM EDT
AUGUST  2 2014........SUNRISE   602 AM EDT   SUNSET   831 PM EDT


-  INDICATES NEGATIVE NUMBERS.
R  INDICATES RECORD WAS SET OR TIED.
MM INDICATES DATA IS MISSING.
T  INDICATES TRACE AMOUNT.




$$
