000
CDUS41 KBUF 011019
CLIROC


CLIMATE REPORT
NATIONAL WEATHER SERVICE BUFFALO NY
617 AM EDT MON SEP 1 2014


...................................

...THE ROCHESTER NY CLIMATE SUMMARY FOR AUGUST 31 2014...

CLIMATE NORMAL PERIOD 1981 TO 2010
CLIMATE RECORD PERIOD 1871 TO 2014


WEATHER ITEM   OBSERVED TIME   RECORD YEAR NORMAL DEPARTURE LAST
                VALUE   (LST)  VALUE       VALUE  FROM      YEAR
                                                  NORMAL
..................................................................
TEMPERATURE (F)
 YESTERDAY
  MAXIMUM         78    435 PM  96    1881  77      1       82
  MINIMUM         68   1159 PM  43    1976  57     11       69
  AVERAGE         73                        67      6       76

PRECIPITATION (IN)
  YESTERDAY        0.13          2.32 2005   0.11   0.02     0.10
  MONTH TO DATE    2.27                      3.47  -1.20     2.70
  SINCE JUN 1     12.03                     10.14   1.89    13.38
  SINCE JAN 1     25.03                     22.60   2.43    25.21

SNOWFALL (IN)
  YESTERDAY        0.0           0.0    MM   0.0    0.0      0.0
  MONTH TO DATE    0.0                       0.0    0.0      0.0
  SINCE JUN 1      0.0                       0.0    0.0      0.0
  SINCE JUL 1      0.0                       0.0    0.0      0.0
  SNOW DEPTH       0

DEGREE DAYS
 HEATING
  YESTERDAY        0                         2     -2        0
  MONTH TO DATE   18                        22     -4       10
  SINCE JUN 1     54                       102    -48       76
  SINCE JUL 1     25                        34     -9       18

 COOLING
  YESTERDAY        8                         4      4       11
  MONTH TO DATE  125                       155    -30      152
  SINCE JUN 1    425                       454    -29      520
  SINCE JAN 1    464                       484    -20      591
..................................................................


WIND (MPH)
  HIGHEST WIND SPEED    22   HIGHEST WIND DIRECTION    SW (230)
  HIGHEST GUST SPEED    25   HIGHEST GUST DIRECTION    SW (230)
  AVERAGE WIND SPEED    10.3


SKY COVER
  AVERAGE SKY COVER 0.8


WEATHER CONDITIONS
 THE FOLLOWING WEATHER WAS RECORDED YESTERDAY.
  THUNDERSTORM
  LIGHT RAIN
  FOG


RELATIVE HUMIDITY (PERCENT)
 HIGHEST    93           600 AM
 LOWEST     74          1200 AM
 AVERAGE    84

..........................................................


THE ROCHESTER NY CLIMATE NORMALS FOR TODAY
                         NORMAL    RECORD    YEAR
 MAXIMUM TEMPERATURE (F)   77        95      1953
 MINIMUM TEMPERATURE (F)   57        43      1985


SUNRISE AND SUNSET
SEPTEMBER  1 2014.....SUNRISE   635 AM EDT   SUNSET   746 PM EDT
SEPTEMBER  2 2014.....SUNRISE   636 AM EDT   SUNSET   744 PM EDT


-  INDICATES NEGATIVE NUMBERS.
R  INDICATES RECORD WAS SET OR TIED.
MM INDICATES DATA IS MISSING.
T  INDICATES TRACE AMOUNT.

$$
