000
CDUS41 KBUF 231023
CLIROC


CLIMATE REPORT
NATIONAL WEATHER SERVICE BUFFALO NY
623 AM EDT SAT SEP 23 2017


...................................

...THE ROCHESTER NY CLIMATE SUMMARY FOR SEPTEMBER 22 2017...

CLIMATE NORMAL PERIOD 1981 TO 2010
CLIMATE RECORD PERIOD 1871 TO 2017


WEATHER ITEM   OBSERVED TIME   RECORD YEAR NORMAL DEPARTURE LAST
                VALUE   (LST)  VALUE       VALUE  FROM      YEAR
                                                  NORMAL
..................................................................
TEMPERATURE (F)
 YESTERDAY
  MAXIMUM         80    331 PM  93    1895  69     11       85
  MINIMUM         57    607 AM  36    1991  50      7       55
                                      1963
  AVERAGE         69                        59     10       70

PRECIPITATION (IN)
  YESTERDAY        0.00          1.33 1938   0.12  -0.12     0.00
  MONTH TO DATE    0.96                      2.49  -1.53     1.91
  SINCE SEP 1      0.96                      2.49  -1.53     1.91
  SINCE JAN 1     31.97                     25.09   6.88    19.56

SNOWFALL (IN)
  YESTERDAY        0.0           0.0    MM   0.0    0.0      0.0
  MONTH TO DATE    0.0                       0.0    0.0      0.0
  SINCE SEP 1      0.0                       0.0    0.0      0.0
  SINCE JUL 1      0.0                       0.0    0.0      0.0
  SNOW DEPTH       0

DEGREE DAYS
 HEATING
  YESTERDAY        0                         7     -7        0
  MONTH TO DATE   59                        83    -24       10
  SINCE SEP 1     59                        83    -24       10
  SINCE JUL 1     86                       117    -31       10

 COOLING
  YESTERDAY        4                         1      3        5
  MONTH TO DATE   59                        44     15      111
  SINCE SEP 1     59                        44     15      111
  SINCE JAN 1    575                       528     47      962
..................................................................


WIND (MPH)
  HIGHEST WIND SPEED    12   HIGHEST WIND DIRECTION    NE (50)
  HIGHEST GUST SPEED    15   HIGHEST GUST DIRECTION    NE (40)
  AVERAGE WIND SPEED     3.7


SKY COVER
  AVERAGE SKY COVER 0.5


WEATHER CONDITIONS
 THE FOLLOWING WEATHER WAS RECORDED YESTERDAY.
  FOG


RELATIVE HUMIDITY (PERCENT)
 HIGHEST   100          1200 AM
 LOWEST     35           400 PM
 AVERAGE    68

..........................................................


THE ROCHESTER NY CLIMATE NORMALS FOR TODAY
                         NORMAL    RECORD    YEAR
 MAXIMUM TEMPERATURE (F)   69        90      1936
 MINIMUM TEMPERATURE (F)   49        33      1947


SUNRISE AND SUNSET
SEPTEMBER 23 2017.....SUNRISE   659 AM EDT   SUNSET   706 PM EDT
SEPTEMBER 24 2017.....SUNRISE   700 AM EDT   SUNSET   704 PM EDT


-  INDICATES NEGATIVE NUMBERS.
R  INDICATES RECORD WAS SET OR TIED.
MM INDICATES DATA IS MISSING.
T  INDICATES TRACE AMOUNT.




$$
