000
CDUS41 KBUF 220705
CLIROC


CLIMATE REPORT
NATIONAL WEATHER SERVICE BUFFALO NY
305 AM EDT SAT JUL 22 2017


...................................

...THE ROCHESTER NY CLIMATE SUMMARY FOR JULY 21 2017...

CLIMATE NORMAL PERIOD 1981 TO 2010
CLIMATE RECORD PERIOD 1871 TO 2017


WEATHER ITEM   OBSERVED TIME   RECORD YEAR NORMAL DEPARTURE LAST
                VALUE   (LST)  VALUE       VALUE  FROM      YEAR
                                                  NORMAL
..................................................................
TEMPERATURE (F)
 YESTERDAY
  MAXIMUM         84    437 PM  98    2011  81      3       92
  MINIMUM         66   1140 PM  46    1965  61      5       58
  AVERAGE         75                        71      4       75

PRECIPITATION (IN)
  YESTERDAY        0.00          1.89 2010   0.12  -0.12     0.00
  MONTH TO DATE    3.59                      2.21   1.38     0.92
  SINCE JUN 1      7.13                      5.55   1.58     1.83
  SINCE JAN 1     27.11                     18.01   9.10    13.44

SNOWFALL (IN)
  YESTERDAY        0.0           0.0    MM   0.0    0.0      0.0
  MONTH TO DATE    0.0                       0.0    0.0      0.0
  SINCE JUN 1      0.0                       0.0    0.0      0.0
  SINCE JUL 1      0.0                       0.0    0.0      0.0
  SNOW DEPTH       0

DEGREE DAYS
 HEATING
  YESTERDAY        0                         0      0        0
  MONTH TO DATE    0                         6     -6        0
  SINCE JUN 1     45                        74    -29       47
  SINCE JUL 1      0                         6     -6        0

 COOLING
  YESTERDAY       10                         6      4       10
  MONTH TO DATE  146                       126     20      191
  SINCE JUN 1    279                       232     47      320
  SINCE JAN 1    321                       262     59      382
..................................................................


WIND (MPH)
  HIGHEST WIND SPEED    16   HIGHEST WIND DIRECTION     N (340)
  HIGHEST GUST SPEED    20   HIGHEST GUST DIRECTION    NW (330)
  AVERAGE WIND SPEED     5.9


SKY COVER
  AVERAGE SKY COVER 0.6


WEATHER CONDITIONS
 THE FOLLOWING WEATHER WAS RECORDED YESTERDAY.
  FOG
  FOG W/VISIBILITY <= 1/4 MILE


RELATIVE HUMIDITY (PERCENT)
 HIGHEST   100           400 AM
 LOWEST     47           600 PM
 AVERAGE    74

..........................................................


THE ROCHESTER NY CLIMATE NORMALS FOR TODAY
                         NORMAL    RECORD    YEAR
 MAXIMUM TEMPERATURE (F)   81        97      1955
 MINIMUM TEMPERATURE (F)   61        46      1970


SUNRISE AND SUNSET
JULY 22 2017..........SUNRISE   551 AM EDT   SUNSET   842 PM EDT
JULY 23 2017..........SUNRISE   552 AM EDT   SUNSET   841 PM EDT


-  INDICATES NEGATIVE NUMBERS.
R  INDICATES RECORD WAS SET OR TIED.
MM INDICATES DATA IS MISSING.
T  INDICATES TRACE AMOUNT.




$$
