000
CDUS45 KABQ 200828
CLIROW


CLIMATE REPORT
NATIONAL WEATHER SERVICE ALBUQUERQUE NM
228 AM MDT FRI OCT 20 2017


...................................

...THE ROSWELL NM CLIMATE SUMMARY FOR OCTOBER 19 2017...

CLIMATE NORMAL PERIOD 1981 TO 2010
CLIMATE RECORD PERIOD 1893 TO 2017


WEATHER ITEM   OBSERVED TIME   RECORD YEAR NORMAL DEPARTURE
                VALUE   (LST)  VALUE       VALUE  FROM
                                                  NORMAL
...............................................................
TEMPERATURE (F)
 YESTERDAY
  MAXIMUM         73    329 PM  91    2016  75     -2
  MINIMUM         53    657 AM  26    1968  45      8
                                      1966
                                      1917
  AVERAGE         63                        60      3

PRECIPITATION (IN)
  YESTERDAY        0.04          1.47 1983   0.04   0.00
  MONTH TO DATE    1.64                      0.79   0.85
  SINCE SEP 1      3.82                      2.32   1.50
  SINCE JAN 1     11.16                     11.25  -0.09

SNOWFALL (IN)
  YESTERDAY        0.0
  MONTH TO DATE    0.0
  SINCE SEP 1      0.0
  SINCE JUL 1      0.0

DEGREE DAYS
 HEATING
  YESTERDAY        2                         6     -4
  MONTH TO DATE   47                        67    -20
  SINCE SEP 1     53                        83    -30
  SINCE JUL 1     53                        83    -30

 COOLING
  YESTERDAY        0                         1     -1
  MONTH TO DATE   77                        33     44
  SINCE SEP 1    370                       260    110
  SINCE JAN 1   2161                      1784    377
...............................................................


WIND (MPH)
  HIGHEST WIND SPEED    23   HIGHEST WIND DIRECTION     S (190)
  HIGHEST GUST SPEED    29   HIGHEST GUST DIRECTION     S (200)
  AVERAGE WIND SPEED     7.0


SKY COVER
  AVERAGE SKY COVER 0.4


WEATHER CONDITIONS
 THE FOLLOWING WEATHER WAS RECORDED YESTERDAY.
  LIGHT RAIN


RELATIVE HUMIDITY (PERCENT)
 HIGHEST    84          1100 PM
 LOWEST     47           200 PM
 AVERAGE    66

..........................................................


THE ROSWELL NM CLIMATE NORMALS FOR TODAY
                         NORMAL    RECORD    YEAR
 MAXIMUM TEMPERATURE (F)   74        96      2007
 MINIMUM TEMPERATURE (F)   45        19      1898


SUNRISE AND SUNSET
OCTOBER 20 2017.......SUNRISE   707 AM MDT   SUNSET   618 PM MDT
OCTOBER 21 2017.......SUNRISE   708 AM MDT   SUNSET   617 PM MDT


-  INDICATES NEGATIVE NUMBERS.
R  INDICATES RECORD WAS SET OR TIED.
MM INDICATES DATA IS MISSING.
T  INDICATES TRACE AMOUNT.




$$
