000
CDUS45 KABQ 300837
CLIROW


CLIMATE REPORT
NATIONAL WEATHER SERVICE ALBUQUERQUE NM
235 AM MDT SAT MAY 30 2015


...................................

...THE ROSWELL NM CLIMATE SUMMARY FOR MAY 29 2015...

CLIMATE NORMAL PERIOD 1981 TO 2010
CLIMATE RECORD PERIOD 1893 TO 2015


WEATHER ITEM   OBSERVED TIME   RECORD YEAR NORMAL DEPARTURE
                VALUE   (LST)  VALUE       VALUE  FROM
                                                  NORMAL
...............................................................
TEMPERATURE (F)
 YESTERDAY
  MAXIMUM         90    400 PM 103    1951  90      0
  MINIMUM         53   1156 PM  40    1947  59     -6
  AVERAGE         72                        74     -2

PRECIPITATION (IN)
  YESTERDAY        0.88          3.04 1895   0.04   0.84
  MONTH TO DATE    3.35                      1.16   2.19
  SINCE MAR 1      5.38                      2.28   3.10
  SINCE JAN 1      7.29                      3.08   4.21

SNOWFALL (IN)
  YESTERDAY        0.0
  MONTH TO DATE    0.0
  SINCE MAR 1      T
  SINCE JUL 1     16.2

DEGREE DAYS
 HEATING
  YESTERDAY        0                         0      0
  MONTH TO DATE   26                        27     -1
  SINCE MAR 1    516                       578    -62
  SINCE JUL 1   3233                      3285    -52

 COOLING
  YESTERDAY        7                         9     -2
  MONTH TO DATE   83                       166    -83
  SINCE MAR 1     99                       206   -107
  SINCE JAN 1     99                       206   -107
...............................................................


WIND (MPH)
  HIGHEST WIND SPEED    25   HIGHEST WIND DIRECTION    NW (330)
  HIGHEST GUST SPEED    30   HIGHEST GUST DIRECTION     N (340)
  AVERAGE WIND SPEED     7.0


SKY COVER
  AVERAGE SKY COVER 0.0


WEATHER CONDITIONS
 THE FOLLOWING WEATHER WAS RECORDED YESTERDAY.
  THUNDERSTORM
  HEAVY RAIN
  LIGHT RAIN
  FOG


RELATIVE HUMIDITY (PERCENT)
 HIGHEST    89           400 AM
 LOWEST     16           500 PM
 AVERAGE    53

..........................................................


THE ROSWELL NM CLIMATE NORMALS FOR TODAY
                         NORMAL    RECORD    YEAR
 MAXIMUM TEMPERATURE (F)   90       107      1896
 MINIMUM TEMPERATURE (F)   59        47      1905
                                             1899


SUNRISE AND SUNSET
MAY 30 2015...........SUNRISE   550 AM MDT   SUNSET   801 PM MDT
MAY 31 2015...........SUNRISE   550 AM MDT   SUNSET   802 PM MDT


-  INDICATES NEGATIVE NUMBERS.
R  INDICATES RECORD WAS SET OR TIED.
MM INDICATES DATA IS MISSING.
T  INDICATES TRACE AMOUNT.

$$
