000
CDUS45 KABQ 300826
CLIROW


CLIMATE REPORT
NATIONAL WEATHER SERVICE ALBUQUERQUE NM
226 AM MDT TUE AUG 30 2016


...................................

...THE ROSWELL NM CLIMATE SUMMARY FOR AUGUST 29 2016...

CLIMATE NORMAL PERIOD 1981 TO 2010
CLIMATE RECORD PERIOD 1893 TO 2016


WEATHER ITEM   OBSERVED TIME   RECORD YEAR NORMAL DEPARTURE
                VALUE   (LST)  VALUE       VALUE  FROM
                                                  NORMAL
...............................................................
TEMPERATURE (F)
 YESTERDAY
  MAXIMUM         83    244 PM 103    2011  90     -7
  MINIMUM         64    432 AM  52    1961  64      0
  AVERAGE         74                        77     -3

PRECIPITATION (IN)
  YESTERDAY        0.00          2.03 1932   0.05  -0.05
  MONTH TO DATE    4.33                      1.86   2.47
  SINCE JUN 1      5.31                      5.65  -0.34
  SINCE JAN 1      7.24                      8.82  -1.58

SNOWFALL (IN)
  YESTERDAY        0.0
  MONTH TO DATE    0.0
  SINCE JUN 1      0.0
  SINCE JUL 1      0.0

DEGREE DAYS
 HEATING
  YESTERDAY        0                         0      0
  MONTH TO DATE    0                         0      0
  SINCE JUN 1      0                         1     -1
  SINCE JUL 1      0                         0      0

 COOLING
  YESTERDAY        9                        12     -3
  MONTH TO DATE  415                       403     12
  SINCE JUN 1   1565                      1276    289
  SINCE JAN 1   1743                      1501    242
...............................................................


WIND (MPH)
  HIGHEST WIND SPEED    21   HIGHEST WIND DIRECTION     E (80)
  HIGHEST GUST SPEED    24   HIGHEST GUST DIRECTION     E (80)
  AVERAGE WIND SPEED     8.3


SKY COVER
  AVERAGE SKY COVER 0.5


WEATHER CONDITIONS
 THE FOLLOWING WEATHER WAS RECORDED YESTERDAY.
  NO SIGNIFICANT WEATHER WAS OBSERVED.


RELATIVE HUMIDITY (PERCENT)
 HIGHEST    93           200 AM
 LOWEST     45          1100 AM
 AVERAGE    69

..........................................................


THE ROSWELL NM CLIMATE NORMALS FOR TODAY
                         NORMAL    RECORD    YEAR
 MAXIMUM TEMPERATURE (F)   90       104      2011
 MINIMUM TEMPERATURE (F)   64        52      1915


SUNRISE AND SUNSET
AUGUST 30 2016........SUNRISE   631 AM MDT   SUNSET   725 PM MDT
AUGUST 31 2016........SUNRISE   632 AM MDT   SUNSET   724 PM MDT


-  INDICATES NEGATIVE NUMBERS.
R  INDICATES RECORD WAS SET OR TIED.
MM INDICATES DATA IS MISSING.
T  INDICATES TRACE AMOUNT.




$$
