000
CDUS45 KABQ 300830
CLIROW


CLIMATE REPORT
NATIONAL WEATHER SERVICE ALBUQUERQUE NM
230 AM MDT TUE SEP 30 2014


...................................

...THE ROSWELL NM CLIMATE SUMMARY FOR SEPTEMBER 29 2014...

CLIMATE NORMAL PERIOD 1981 TO 2010
CLIMATE RECORD PERIOD 1893 TO 2014


WEATHER ITEM   OBSERVED TIME   RECORD YEAR NORMAL DEPARTURE
                VALUE   (LST)  VALUE       VALUE  FROM
                                                  NORMAL
...............................................................
TEMPERATURE (F)
 YESTERDAY
  MAXIMUM         83    245 PM  97    1994  81      2
  MINIMUM         55    615 AM  34    1908  53      2
  AVERAGE         69                        67      2

PRECIPITATION (IN)
  YESTERDAY        0.00          1.74 1932   0.05  -0.05
  MONTH TO DATE    4.84                      1.49   3.35
  SINCE SEP 1      4.84                      1.49   3.35
  SINCE JAN 1     17.08                     10.42   6.66

SNOWFALL (IN)
  YESTERDAY        0.0
  MONTH TO DATE    0.0
  SINCE SEP 1      0.0
  SINCE JUL 1      0.0

DEGREE DAYS
 HEATING
  YESTERDAY        0                         1     -1
  MONTH TO DATE   18                        12      6
  SINCE SEP 1     18                        12      6
  SINCE JUL 1     18                        12      6

 COOLING
  YESTERDAY        4                         4      0
  MONTH TO DATE  198                       224    -26
  SINCE SEP 1    198                       224    -26
  SINCE JAN 1   1883                      1748    135
...............................................................


WIND (MPH)
  HIGHEST WIND SPEED    31   HIGHEST WIND DIRECTION     S (160)
  HIGHEST GUST SPEED    37   HIGHEST GUST DIRECTION     S (160)
  AVERAGE WIND SPEED    12.4


SKY COVER
  AVERAGE SKY COVER 0.2


WEATHER CONDITIONS
 THE FOLLOWING WEATHER WAS RECORDED YESTERDAY.
  FOG
  FOG W/VISIBILITY <= 1/4 MILE


RELATIVE HUMIDITY (PERCENT)
 HIGHEST   100           700 AM
 LOWEST     46           200 PM
 AVERAGE    73

..........................................................


THE ROSWELL NM CLIMATE NORMALS FOR TODAY
                         NORMAL    RECORD    YEAR
 MAXIMUM TEMPERATURE (F)   81        99      1977
 MINIMUM TEMPERATURE (F)   53        37      1908


SUNRISE AND SUNSET
SEPTEMBER 30 2014.....SUNRISE   652 AM MDT   SUNSET   644 PM MDT
OCTOBER  1 2014.......SUNRISE   652 AM MDT   SUNSET   643 PM MDT


-  INDICATES NEGATIVE NUMBERS.
R  INDICATES RECORD WAS SET OR TIED.
MM INDICATES DATA IS MISSING.
T  INDICATES TRACE AMOUNT.




$$
