000
CDUS45 KABQ 240828
CLIROW


CLIMATE REPORT
NATIONAL WEATHER SERVICE ALBUQUERQUE NM
128 AM MST SAT JAN 24 2015


...................................

...THE ROSWELL NM CLIMATE SUMMARY FOR JANUARY 23 2015...

CLIMATE NORMAL PERIOD 1981 TO 2010
CLIMATE RECORD PERIOD 1893 TO 2015


WEATHER ITEM   OBSERVED TIME   RECORD YEAR NORMAL DEPARTURE
                VALUE   (LST)  VALUE       VALUE  FROM
                                                  NORMAL
...............................................................
TEMPERATURE (F)
 YESTERDAY
  MAXIMUM         37    401 PM  83    1972  56    -19
  MINIMUM          6    602 AM  -2    1918  27    -21
  AVERAGE         22                        41    -19

PRECIPITATION (IN)
  YESTERDAY        0.00          0.32 1948   0.02  -0.02
  MONTH TO DATE    0.78                      0.28   0.50
  SINCE DEC 1      0.89                      0.92  -0.03
  SINCE JAN 1      0.78                      0.28   0.50

SNOWFALL (IN)
  YESTERDAY        0.0
  MONTH TO DATE    8.6
  SINCE DEC 1     10.1
  SINCE JUL 1     11.9

DEGREE DAYS
 HEATING
  YESTERDAY       43                        24     19
  MONTH TO DATE  684                       574    110
  SINCE DEC 1   1370                      1338     32
  SINCE JUL 1   2027                      1984     43

 COOLING
  YESTERDAY        0                         0      0
  MONTH TO DATE    0                         0      0
  SINCE DEC 1      0                         0      0
  SINCE JAN 1      0                         0      0
...............................................................


WIND (MPH)
  HIGHEST WIND SPEED     9   HIGHEST WIND DIRECTION    NW (300)
  HIGHEST GUST SPEED    10   HIGHEST GUST DIRECTION     W (270)
  AVERAGE WIND SPEED     2.4


SKY COVER
  AVERAGE SKY COVER 0.0


WEATHER CONDITIONS
 THE FOLLOWING WEATHER WAS RECORDED YESTERDAY.
  FOG


RELATIVE HUMIDITY (PERCENT)
 HIGHEST    92           100 AM
 LOWEST     59           500 PM
 AVERAGE    76

..........................................................


THE ROSWELL NM CLIMATE NORMALS FOR TODAY
                         NORMAL    RECORD    YEAR
 MAXIMUM TEMPERATURE (F)   56        80      1999
 MINIMUM TEMPERATURE (F)   27         4      1926
                                             1899


SUNRISE AND SUNSET
JANUARY 24 2015.......SUNRISE   659 AM MST   SUNSET   522 PM MST
JANUARY 25 2015.......SUNRISE   658 AM MST   SUNSET   523 PM MST


-  INDICATES NEGATIVE NUMBERS.
R  INDICATES RECORD WAS SET OR TIED.
MM INDICATES DATA IS MISSING.
T  INDICATES TRACE AMOUNT.




$$
