000
CDUS45 KABQ 260832
CLIROW


CLIMATE REPORT
NATIONAL WEATHER SERVICE ALBUQUERQUE NM
230 AM MDT WED APR 26 2017


...................................

...THE ROSWELL NM CLIMATE SUMMARY FOR APRIL 25 2017...

CLIMATE NORMAL PERIOD 1981 TO 2010
CLIMATE RECORD PERIOD 1893 TO 2017


WEATHER ITEM   OBSERVED TIME   RECORD YEAR NORMAL DEPARTURE
                VALUE   (LST)  VALUE       VALUE  FROM
                                                  NORMAL
...............................................................
TEMPERATURE (F)
 YESTERDAY
  MAXIMUM         84    322 PM 102    2012  79      5
  MINIMUM         58   1159 PM  30    1968  48     10
  AVERAGE         71                        64      7

PRECIPITATION (IN)
  YESTERDAY        0.00          1.60 1919   0.02  -0.02
  MONTH TO DATE    1.21                      0.47   0.74
  SINCE MAR 1      1.53                      0.98   0.55
  SINCE JAN 1      2.78                      1.78   1.00

SNOWFALL (IN)
  YESTERDAY        0.0
  MONTH TO DATE    0.0
  SINCE MAR 1      0.0
  SINCE JUL 1      2.5

DEGREE DAYS
 HEATING
  YESTERDAY        0                         3     -3
  MONTH TO DATE   78                       149    -71
  SINCE MAR 1    253                       536   -283
  SINCE JUL 1   2398                      3243   -845

 COOLING
  YESTERDAY        6                         2      4
  MONTH TO DATE   69                        25     44
  SINCE MAR 1    103                        28     75
  SINCE JAN 1    103                        28     75
...............................................................


WIND (MPH)
  HIGHEST WIND SPEED    29   HIGHEST WIND DIRECTION     W (280)
  HIGHEST GUST SPEED    47   HIGHEST GUST DIRECTION     N (360)
  AVERAGE WIND SPEED    16.4


SKY COVER
  AVERAGE SKY COVER 0.1


WEATHER CONDITIONS
 THE FOLLOWING WEATHER WAS RECORDED YESTERDAY.
  NO SIGNIFICANT WEATHER WAS OBSERVED.


RELATIVE HUMIDITY (PERCENT)
 HIGHEST    47          1000 PM
 LOWEST     12           100 AM
 AVERAGE    30

..........................................................


THE ROSWELL NM CLIMATE NORMALS FOR TODAY
                         NORMAL    RECORD    YEAR
 MAXIMUM TEMPERATURE (F)   80        98      2012
 MINIMUM TEMPERATURE (F)   48        33      1961
                                             1960
                                             1921


SUNRISE AND SUNSET
APRIL 26 2017.........SUNRISE   615 AM MDT   SUNSET   737 PM MDT
APRIL 27 2017.........SUNRISE   614 AM MDT   SUNSET   738 PM MDT


-  INDICATES NEGATIVE NUMBERS.
R  INDICATES RECORD WAS SET OR TIED.
MM INDICATES DATA IS MISSING.
T  INDICATES TRACE AMOUNT.

$$
