910
CDUS43 KARX 280700
CLIRST


CLIMATE REPORT
NATIONAL WEATHER SERVICE LA CROSSE WI
149 AM CDT FRI APR 28 2017

...THE ROCHESTER MN CLIMATE SUMMARY FOR APRIL 27 2017...

CLIMATE NORMAL PERIOD 1981 TO 2010
CLIMATE RECORD PERIOD 1886 TO 2017

WEATHER ITEM   OBSERVED TIME   RECORD YEAR NORMAL DEPARTURE LAST
                VALUE   (LST)  VALUE       VALUE  FROM      YEAR
                                                  NORMAL
..................................................................
TEMPERATURE (F)
 YESTERDAY
  MAXIMUM         37    133 PM  86    1977  63    -26       48
  MINIMUM         32   1045 PM  19    1933  41     -9       39
  AVERAGE         35                        52    -17       44

PRECIPITATION (IN)
  YESTERDAY        0.02          1.33 1975   0.12  -0.10     0.34
  MONTH TO DATE    3.76                      2.86   0.90     0.92
  SINCE MAR 1      6.63                      4.74   1.89     4.90
  SINCE JAN 1     10.41                      6.43   3.98     6.30

SNOWFALL (IN)
  YESTERDAY        T             1.0  2002   0.0    0.0      0.0
  MONTH TO DATE    T                         3.1   -3.1      0.5
  SINCE JUL 1     52.7                      51.7    1.0     47.9
  SNOW DEPTH       0

DEGREE DAYS
 HEATING
  YESTERDAY       30                        13     17       21
  MONTH TO DATE  428                       515    -87      465
  SINCE JUL 1   6509                      7387   -878     6480

 COOLING
  YESTERDAY        0                         0      0        0
  MONTH TO DATE    0                         0      0        1
  SINCE JAN 1      0                         0      0        1
..................................................................

WIND (MPH)
  HIGHEST WIND SPEED    23   HIGHEST WIND DIRECTION     W (290)
  HIGHEST GUST SPEED    28   HIGHEST GUST DIRECTION     W (270)
  AVERAGE WIND SPEED    15.3

SKY COVER
  POSSIBLE SUNSHINE  MM
  AVERAGE SKY COVER 0.9

WEATHER CONDITIONS
 THE FOLLOWING WEATHER WAS RECORDED YESTERDAY.
  LIGHT RAIN
  LIGHT SNOW
  FOG

RELATIVE HUMIDITY (PERCENT)
 HIGHEST   100           300 AM
 LOWEST     75           700 PM
 AVERAGE    88
..........................................................

THE ROCHESTER MN CLIMATE NORMALS FOR TODAY
                         NORMAL    RECORD    YEAR
 MAXIMUM TEMPERATURE (F)   63        87      2004
                                             1952
 MINIMUM TEMPERATURE (F)   41        25      1913

SUNRISE AND SUNSET
APRIL 28 2017.........SUNRISE   606 AM CDT   SUNSET   810 PM CDT
APRIL 29 2017.........SUNRISE   604 AM CDT   SUNSET   811 PM CDT

-  INDICATES NEGATIVE NUMBERS.
R  INDICATES RECORD WAS SET OR TIED.
MM INDICATES DATA IS MISSING.
T  INDICATES TRACE AMOUNT.

$$

BOYNE
