000
CDUS43 KARX 270634
CLIRST


CLIMATE REPORT
NATIONAL WEATHER SERVICE LA CROSSE WI
134 AM CDT MON MAR 27 2017


...................................

...THE ROCHESTER MN CLIMATE SUMMARY FOR MARCH 26 2017...

CLIMATE NORMAL PERIOD 1981 TO 2010
CLIMATE RECORD PERIOD 1886 TO 2017


WEATHER ITEM   OBSERVED TIME   RECORD YEAR NORMAL DEPARTURE LAST
                VALUE   (LST)  VALUE       VALUE  FROM      YEAR
                                                  NORMAL
..................................................................
TEMPERATURE (F)
 YESTERDAY
  MAXIMUM         41    128 PM  77    2007  46     -5       47
  MINIMUM         34    732 AM  -4    1996  28      6       35
                                      1937
  AVERAGE         38                        37      1       41

PRECIPITATION (IN)
  YESTERDAY        T             1.17 1920   0.07  -0.07     0.09
  MONTH TO DATE    2.34                      1.49   0.85     2.54
  SINCE MAR 1      2.34                      1.49   0.85     2.54
  SINCE JAN 1      6.12                      3.18   2.94     3.94

SNOWFALL (IN)
  YESTERDAY        0.0           2.3  1974   0.2   -0.2      0.0
  MONTH TO DATE    8.4                       7.7    0.7     14.9
  SINCE JUL 1     52.7                      47.6    5.1     47.4
  SNOW DEPTH       0

DEGREE DAYS
 HEATING
  YESTERDAY       27                        28     -1       24
  MONTH TO DATE  922                       878     44      706
  SINCE JUL 1   5966                      6739   -773     5906

 COOLING
  YESTERDAY        0                         0      0        0
  MONTH TO DATE    0                         0      0        0
  SINCE JAN 1      0                         0      0        0
..................................................................


WIND (MPH)
  HIGHEST WIND SPEED    14   HIGHEST WIND DIRECTION     E (70)
  HIGHEST GUST SPEED    16   HIGHEST GUST DIRECTION     E (70)
  AVERAGE WIND SPEED     8.0


SKY COVER
  POSSIBLE SUNSHINE  MM
  AVERAGE SKY COVER 1.0


WEATHER CONDITIONS
 THE FOLLOWING WEATHER WAS RECORDED YESTERDAY.
  LIGHT RAIN
  FOG
  FOG W/VISIBILITY <= 1/4 MILE


RELATIVE HUMIDITY (PERCENT)
 HIGHEST   100          1200 AM
 LOWEST     92          1200 PM
 AVERAGE    96

..........................................................


THE ROCHESTER MN CLIMATE NORMALS FOR TODAY
                         NORMAL    RECORD    YEAR
 MAXIMUM TEMPERATURE (F)   46        74      1946
 MINIMUM TEMPERATURE (F)   29         2      1964


SUNRISE AND SUNSET
MARCH 27 2017.........SUNRISE   700 AM CDT   SUNSET   731 PM CDT
MARCH 28 2017.........SUNRISE   658 AM CDT   SUNSET   733 PM CDT


-  INDICATES NEGATIVE NUMBERS.
R  INDICATES RECORD WAS SET OR TIED.
MM INDICATES DATA IS MISSING.
T  INDICATES TRACE AMOUNT.




$$
