000
CDUS43 KARX 222130
CLIRST


CLIMATE REPORT
NATIONAL WEATHER SERVICE LA CROSSE WI
430 PM CDT FRI MAY 22 2015


...................................

...THE ROCHESTER MN CLIMATE SUMMARY FOR MAY 22 2015...
VALID TODAY AS OF 0400 PM LOCAL TIME.

CLIMATE NORMAL PERIOD 1981 TO 2010
CLIMATE RECORD PERIOD 1886 TO 2015


WEATHER ITEM   OBSERVED TIME   RECORD YEAR NORMAL DEPARTURE LAST
                VALUE   (LST)  VALUE       VALUE  FROM      YEAR
                                                  NORMAL
..................................................................
TEMPERATURE (F)
 TODAY
  MAXIMUM         72    235 PM  92    1964  71      1       71
  MINIMUM         45    449 AM  30    1963  49     -4       45
  AVERAGE         59                        60     -1       58

PRECIPITATION (IN)
  TODAY            0.00          1.06 1936   0.12  -0.12     0.00
  MONTH TO DATE    3.36                      2.53   0.83     1.77
  SINCE MAR 1      9.36                      7.65   1.71     8.56
  SINCE JAN 1     10.72                      9.34   1.38    11.32

SNOWFALL (IN)
  TODAY            0.0           0.0  2012   0.0    0.0      0.0
  MONTH TO DATE    0.0                       0.2   -0.2      0.0
  SINCE JUL 1     50.4                      52.1   -1.7     60.5
  SNOW DEPTH       0

DEGREE DAYS
 HEATING
  TODAY            6                         6      0        7
  MONTH TO DATE  199                       199      0      248
  SINCE JUL 1   8011                      7624    387     8903

 COOLING
  TODAY            0                         1     -1        0
  MONTH TO DATE    7                        15     -8        0
  SINCE JAN 1      7                        19    -12        0
..................................................................


WIND (MPH)
  HIGHEST WIND SPEED    10   HIGHEST WIND DIRECTION     N (350)
  HIGHEST GUST SPEED    14   HIGHEST GUST DIRECTION     N (350)
  AVERAGE WIND SPEED     6.3


SKY COVER
  POSSIBLE SUNSHINE  MM
  AVERAGE SKY COVER 0.0


WEATHER CONDITIONS
 THE FOLLOWING WEATHER WAS RECORDED TODAY.
  NO SIGNIFICANT WEATHER WAS OBSERVED.


RELATIVE HUMIDITY (PERCENT)
 HIGHEST    60           400 AM
 LOWEST     28           100 PM
 AVERAGE    44

..........................................................


THE ROCHESTER MN CLIMATE NORMALS FOR TOMORROW
                         NORMAL    RECORD    YEAR
 MAXIMUM TEMPERATURE (F)   71        89      1972
                                             1939
 MINIMUM TEMPERATURE (F)   50        25      1931


SUNRISE AND SUNSET
MAY 22 2015...........SUNRISE   538 AM CDT   SUNSET   836 PM CDT
MAY 23 2015...........SUNRISE   537 AM CDT   SUNSET   837 PM CDT


-  INDICATES NEGATIVE NUMBERS.
R  INDICATES RECORD WAS SET OR TIED.
MM INDICATES DATA IS MISSING.
T  INDICATES TRACE AMOUNT.




$$
