534
CDUS45 KCYS 270728
CLIRWL


CLIMATE REPORT
NATIONAL WEATHER SERVICE CHEYENNE WY
128 AM MDT TUE SEP 27 2016


...................................

...THE RAWLINS WY AIRPORT CLIMATE SUMMARY FOR SEPTEMBER 26 2016...

CLIMATE NORMAL PERIOD 1981 TO 2010
CLIMATE RECORD PERIOD 1951 TO 2016


WEATHER ITEM   OBSERVED TIME   RECORD YEAR NORMAL DEPARTURE LAST
                VALUE   (LST)  VALUE       VALUE  FROM      YEAR
                                                  NORMAL
..................................................................
TEMPERATURE (F)
 YESTERDAY
  MAXIMUM         68    404 PM  83    2015  66      2       83
                                      2014
                                      1963
  MINIMUM         30    615 AM  18    1996  36     -6       38
  AVERAGE         49                        51     -2       61

PRECIPITATION (IN)
  YESTERDAY        0.00          0.19 1979   0.03  -0.03     0.00
  MONTH TO DATE    0.63                      0.84  -0.21     0.64
  SINCE JAN 1      6.77                      7.39  -0.62     8.94

DEGREE DAYS
 HEATING
  YESTERDAY       16                        14      2        4
  MONTH TO DATE  238                       232      6      124
  SINCE SEP 1    238                       232      6      124
  SINCE JUL 1    329                       325      4      207

 COOLING
  YESTERDAY        0                         0      0        0
  MONTH TO DATE   15                         2     13       10
  SINCE SEP 1     15                         2     13       10
  SINCE JAN 1    235                       183     52      213
..................................................................


WIND (MPH)
  HIGHEST WIND SPEED    16   HIGHEST WIND DIRECTION     W (260)
  HIGHEST GUST SPEED    21   HIGHEST GUST DIRECTION     W (260)
  AVERAGE WIND SPEED     5.0


SKY COVER
  AVERAGE SKY COVER 0.0


WEATHER CONDITIONS
 THE FOLLOWING WEATHER WAS RECORDED YESTERDAY.
  NO SIGNIFICANT WEATHER WAS OBSERVED.


RELATIVE HUMIDITY (PERCENT)
 HIGHEST    92           500 AM
 LOWEST     29           200 PM
 AVERAGE    61

..........................................................


THE RAWLINS WY AIRPORT CLIMATE NORMALS FOR TODAY
                         NORMAL    RECORD    YEAR
 MAXIMUM TEMPERATURE (F)   65        82      2015
                                             2001
 MINIMUM TEMPERATURE (F)   36        16      1996


SUNRISE AND SUNSET
SEPTEMBER 27 2016.....SUNRISE   702 AM MDT   SUNSET   656 PM MDT
SEPTEMBER 28 2016.....SUNRISE   703 AM MDT   SUNSET   655 PM MDT


-  INDICATES NEGATIVE NUMBERS.
R  INDICATES RECORD WAS SET OR TIED.
MM INDICATES DATA IS MISSING.
T  INDICATES TRACE AMOUNT.




$$
