000
CDUS45 KCYS 232138
CLIRWL


CLIMATE REPORT
NATIONAL WEATHER SERVICE CHEYENNE WY
338 PM MDT TUE AUG 23 2016


...................................

...THE RAWLINS WY AIRPORT CLIMATE SUMMARY FOR AUGUST 23 2016...
VALID AS OF 0300 PM LOCAL TIME.

CLIMATE NORMAL PERIOD 1981 TO 2010
CLIMATE RECORD PERIOD 1951 TO 2016


WEATHER ITEM   OBSERVED TIME   RECORD YEAR NORMAL DEPARTURE LAST
                VALUE   (LST)  VALUE       VALUE  FROM      YEAR
                                                  NORMAL
..................................................................
TEMPERATURE (F)
 TODAY
  MAXIMUM         82    158 PM  91    2011  80      2       82
  MINIMUM         55    600 AM  35    1988  48      7       36
  AVERAGE         69                        64      5       59

PRECIPITATION (IN)
  TODAY            0.00          0.81 1980   0.02  -0.02     0.00
  MONTH TO DATE    0.08                      0.57  -0.49     0.30
  SINCE JAN 1      6.14                      6.36  -0.22     8.12

DEGREE DAYS
 HEATING
  TODAY            0                         2     -2        6
  MONTH TO DATE   50                        32     18       42
  SINCE JUN 1    120                       257   -137      145
  SINCE JUL 1     66                        67     -1       79

 COOLING
  TODAY            4                         1      3        0
  MONTH TO DATE   56                        56      0       62
  SINCE JUN 1    220                       173     47      184
  SINCE JAN 1    220                       173     47      184
..................................................................


WIND (MPH)
  HIGHEST WIND SPEED    26   HIGHEST WIND DIRECTION     W (280)
  HIGHEST GUST SPEED    35   HIGHEST GUST DIRECTION     W (260)
  AVERAGE WIND SPEED    15.6


SKY COVER
  AVERAGE SKY COVER 0.0


WEATHER CONDITIONS
 THE FOLLOWING WEATHER WAS RECORDED TODAY.
  NO SIGNIFICANT WEATHER WAS OBSERVED.


RELATIVE HUMIDITY (PERCENT)
 HIGHEST    43           400 AM
 LOWEST      7          1200 PM
 AVERAGE    25

..........................................................


THE RAWLINS WY AIRPORT CLIMATE NORMALS FOR TOMORROW
                         NORMAL    RECORD    YEAR
 MAXIMUM TEMPERATURE (F)   80        91      2011
 MINIMUM TEMPERATURE (F)   48        33      2010


SUNRISE AND SUNSET
AUGUST 23 2016........SUNRISE   626 AM MDT   SUNSET   756 PM MDT
AUGUST 24 2016........SUNRISE   627 AM MDT   SUNSET   754 PM MDT


-  INDICATES NEGATIVE NUMBERS.
R  INDICATES RECORD WAS SET OR TIED.
MM INDICATES DATA IS MISSING.
T  INDICATES TRACE AMOUNT.




$$
