000
CDUS45 KCYS 060325
CLIRWL


CLIMATE REPORT
NATIONAL WEATHER SERVICE CHEYENNE WY
925 PM MDT THU MAY 5 2016


...................................

...THE RAWLINS WY AIRPORT CLIMATE SUMMARY FOR MAY 5 2016...
VALID TODAY AS OF 0900 PM LOCAL TIME.

CLIMATE NORMAL PERIOD 1981 TO 2010
CLIMATE RECORD PERIOD 1951 TO 2016


WEATHER ITEM   OBSERVED TIME   RECORD YEAR NORMAL DEPARTURE LAST
                VALUE   (LST)  VALUE       VALUE  FROM      YEAR
                                                  NORMAL
..................................................................
TEMPERATURE (F)
 TODAY
  MAXIMUM         76    311 PM  81    2000  60     16       67
  MINIMUM         37    502 AM  16    2010  32      5       39
  AVERAGE         57                        46     11       53

PRECIPITATION (IN)
  TODAY            0.00          0.51 1993   0.04  -0.04     0.00
  MONTH TO DATE    0.00                      0.21  -0.21     0.07
  SINCE JAN 1      5.01                      2.72   2.29     1.97

DEGREE DAYS
 HEATING
  TODAY            8                        19    -11       12
  MONTH TO DATE   95                        98     -3       54
  SINCE MAR 1   1724                      1860   -136     1571
  SINCE JUL 1   7196                      7817   -621     6802

 COOLING
  TODAY            0                         0      0        0
  MONTH TO DATE    0                         0      0        0
  SINCE MAR 1      0                         0      0        0
  SINCE JAN 1      0                         0      0        0
..................................................................


WIND (MPH)
  HIGHEST WIND SPEED    16   HIGHEST WIND DIRECTION     W (280)
  HIGHEST GUST SPEED    22   HIGHEST GUST DIRECTION    SW (240)
  AVERAGE WIND SPEED     3.1


SKY COVER
  AVERAGE SKY COVER 0.1


WEATHER CONDITIONS
 THE FOLLOWING WEATHER WAS RECORDED TODAY.
  NO SIGNIFICANT WEATHER WAS OBSERVED.


RELATIVE HUMIDITY (PERCENT)
 HIGHEST    76           500 AM
 LOWEST     14           400 PM
 AVERAGE    45

..........................................................


THE RAWLINS WY AIRPORT CLIMATE NORMALS FOR TOMORROW
                         NORMAL    RECORD    YEAR
 MAXIMUM TEMPERATURE (F)   60        80      1966
 MINIMUM TEMPERATURE (F)   32        21      2012
                                             2010
                                             1999


SUNRISE AND SUNSET
MAY  5 2016...........SUNRISE   559 AM MDT   SUNSET   812 PM MDT
MAY  6 2016...........SUNRISE   558 AM MDT   SUNSET   813 PM MDT


-  INDICATES NEGATIVE NUMBERS.
R  INDICATES RECORD WAS SET OR TIED.
MM INDICATES DATA IS MISSING.
T  INDICATES TRACE AMOUNT.




$$
