000
CDUS45 KCYS 300729
CLIRWL


CLIMATE REPORT
NATIONAL WEATHER SERVICE CHEYENNE WY
129 AM MDT MON MAY 30 2016


...................................

...THE RAWLINS WY AIRPORT CLIMATE SUMMARY FOR MAY 29 2016...

CLIMATE NORMAL PERIOD 1981 TO 2010
CLIMATE RECORD PERIOD 1951 TO 2016


WEATHER ITEM   OBSERVED TIME   RECORD YEAR NORMAL DEPARTURE LAST
                VALUE   (LST)  VALUE       VALUE  FROM      YEAR
                                                  NORMAL
..................................................................
TEMPERATURE (F)
 YESTERDAY
  MAXIMUM         71    222 PM  85    2003  68      3       59
  MINIMUM         36    454 AM  25    1954  39     -3       40
  AVERAGE         54                        53      1       50

PRECIPITATION (IN)
  YESTERDAY        0.00          0.38 1990   0.05  -0.05     0.03
  MONTH TO DATE    0.31                      1.32  -1.01     3.89
  SINCE JAN 1      5.81                      3.83   1.98     5.79

DEGREE DAYS
 HEATING
  YESTERDAY       11                        12     -1       15
  MONTH TO DATE  485                       461     24      503
  SINCE MAR 1   2114                      2223   -109     2020
  SINCE JUL 1   7586                      8180   -594     7251

 COOLING
  YESTERDAY        0                         0      0        0
  MONTH TO DATE    0                         0      0        0
  SINCE MAR 1      0                         0      0        0
  SINCE JAN 1      0                         0      0        0
..................................................................


WIND (MPH)
  HIGHEST WIND SPEED    24   HIGHEST WIND DIRECTION     S (190)
  HIGHEST GUST SPEED    31   HIGHEST GUST DIRECTION     S (180)
  AVERAGE WIND SPEED    10.3


SKY COVER
  AVERAGE SKY COVER 0.1


WEATHER CONDITIONS
 THE FOLLOWING WEATHER WAS RECORDED YESTERDAY.
  NO SIGNIFICANT WEATHER WAS OBSERVED.


RELATIVE HUMIDITY (PERCENT)
 HIGHEST    82           500 AM
 LOWEST     24           200 PM
 AVERAGE    53

..........................................................


THE RAWLINS WY AIRPORT CLIMATE NORMALS FOR TODAY
                         NORMAL    RECORD    YEAR
 MAXIMUM TEMPERATURE (F)   69        87      2002
 MINIMUM TEMPERATURE (F)   39        26      2006


SUNRISE AND SUNSET
MAY 30 2016...........SUNRISE   537 AM MDT   SUNSET   836 PM MDT
MAY 31 2016...........SUNRISE   537 AM MDT   SUNSET   837 PM MDT


-  INDICATES NEGATIVE NUMBERS.
R  INDICATES RECORD WAS SET OR TIED.
MM INDICATES DATA IS MISSING.
T  INDICATES TRACE AMOUNT.




$$
