000
CDUS45 KPIH 212346
CLIRXE


CLIMATE REPORT
NATIONAL WEATHER SERVICE POCATELLO ID
443 PM MST TUE NOV 21 2017


...................................

...THE REXBURG ID CLIMATE SUMMARY FOR NOVEMBER 21 2017...
VALID TODAY AS OF 0400 PM LOCAL TIME.

CLIMATE NORMAL PERIOD 1981 TO 2010
CLIMATE RECORD PERIOD 1998 TO 2017


WEATHER ITEM   OBSERVED TIME   RECORD YEAR NORMAL DEPARTURE LAST
                VALUE   (LST)  VALUE       VALUE  FROM      YEAR
                                                  NORMAL
..................................................................
TEMPERATURE (F)
 TODAY
  MAXIMUM         41    117 PM  54    2006  37      4       48
  MINIMUM         34    645 AM   3    2015  19     15       35
  AVERAGE         38                        28     10       42

PRECIPITATION (IN)
  TODAY            0.00         MM      MM   0.03  -0.03     0.10
  MONTH TO DATE    0.69                      0.78  -0.09     0.11
  SINCE OCT 1      1.12                      1.89  -0.77     3.50
  SINCE JAN 1     11.48                     11.77  -0.29    11.23

SNOWFALL (IN)
  TODAY           MM
  MONTH TO DATE   MM
  SINCE SEP 1     MM
  SINCE JUL 1     MM
  SNOW DEPTH      MM

DEGREE DAYS
 HEATING
  TODAY           27                        37    -10       23
  MONTH TO DATE  601                       670    -69      477
  SINCE SEP 1   1616                      1584     32     1284
  SINCE JUL 1   1629                      1657    -28     1348

 COOLING
  TODAY            0                         0      0        0
  MONTH TO DATE    0                         0      0        0
  SINCE SEP 1     38                         6     32       14
  SINCE JAN 1    347                       208    139      261
..................................................................


WIND (MPH)
  HIGHEST WIND SPEED    12   HIGHEST WIND DIRECTION    SW (240)
  HIGHEST GUST SPEED    16   HIGHEST GUST DIRECTION    SW (230)
  AVERAGE WIND SPEED     1.8


SKY COVER
  POSSIBLE SUNSHINE  MM
  AVERAGE SKY COVER 1.0


WEATHER CONDITIONS
 THE FOLLOWING WEATHER WAS RECORDED TODAY.
  FOG


RELATIVE HUMIDITY (PERCENT)
 HIGHEST   100           700 AM
 LOWEST     92          1200 AM
 AVERAGE    96

..........................................................


THE REXBURG ID CLIMATE NORMALS FOR TOMORROW
                         NORMAL    RECORD    YEAR
 MAXIMUM TEMPERATURE (F)   36        51      2002
 MINIMUM TEMPERATURE (F)   18         2      2003


SUNRISE AND SUNSET
NOVEMBER 21 2017......SUNRISE   730 AM MST   SUNSET   456 PM MST
NOVEMBER 22 2017......SUNRISE   731 AM MST   SUNSET   455 PM MST


-  INDICATES NEGATIVE NUMBERS.
R  INDICATES RECORD WAS SET OR TIED.
MM INDICATES DATA IS MISSING.
T  INDICATES TRACE AMOUNT.




$$
