000
CDUS45 KPIH 250734
CLIRXE


CLIMATE REPORT
NATIONAL WEATHER SERVICE POCATELLO ID
132 AM MDT SUN SEP 25 2016


...................................

...THE REXBURG ID CLIMATE SUMMARY FOR SEPTEMBER 24 2016...

CLIMATE NORMAL PERIOD 1981 TO 2010
CLIMATE RECORD PERIOD 1998 TO 2016


WEATHER ITEM   OBSERVED TIME   RECORD YEAR NORMAL DEPARTURE LAST
                VALUE   (LST)  VALUE       VALUE  FROM      YEAR
                                                  NORMAL
..................................................................
TEMPERATURE (F)
 YESTERDAY
  MAXIMUM         62    316 PM  87    2001  68     -6       84
  MINIMUM         41    543 AM  22    2000  37      4       40
  AVERAGE         52                        52      0       62

PRECIPITATION (IN)
  YESTERDAY        T            MM      MM   0.04  -0.04     0.00
  MONTH TO DATE    1.78                      0.75   1.03     0.43
  SINCE OCT 1     10.89                     12.88  -1.99    10.34
  SINCE JAN 1      7.73                      9.67  -1.94     7.57

SNOWFALL (IN)
  YESTERDAY       MM
  MONTH TO DATE   MM
  SINCE SEP 1     MM
  SINCE JUL 1     MM
  SNOW DEPTH      MM

DEGREE DAYS
 HEATING
  YESTERDAY       13                        13      0        3
  MONTH TO DATE  207                       202      5      144
  SINCE SEP 1    207                       202      5      144
  SINCE JUL 1    271                       275     -4      219

 COOLING
  YESTERDAY        0                         0      0        0
  MONTH TO DATE   14                         5      9       12
  SINCE SEP 1     14                         5      9       12
  SINCE JAN 1    261                       207     54      301
..................................................................


WIND (MPH)
  HIGHEST WIND SPEED    15   HIGHEST WIND DIRECTION    SW (240)
  HIGHEST GUST SPEED    20   HIGHEST GUST DIRECTION    SW (230)
  AVERAGE WIND SPEED     7.4


SKY COVER
  POSSIBLE SUNSHINE  MM
  AVERAGE SKY COVER 0.6


WEATHER CONDITIONS
 THE FOLLOWING WEATHER WAS RECORDED YESTERDAY.
  NO SIGNIFICANT WEATHER WAS OBSERVED.


RELATIVE HUMIDITY (PERCENT)
 HIGHEST   100           700 AM
 LOWEST     32           300 PM
 AVERAGE    66

..........................................................


THE REXBURG ID CLIMATE NORMALS FOR TODAY
                         NORMAL    RECORD    YEAR
 MAXIMUM TEMPERATURE (F)   67        89      2015
                                             2001
 MINIMUM TEMPERATURE (F)   37        24      2000


SUNRISE AND SUNSET
SEPTEMBER 25 2016.....SUNRISE   718 AM MDT   SUNSET   718 PM MDT
SEPTEMBER 26 2016.....SUNRISE   720 AM MDT   SUNSET   716 PM MDT


-  INDICATES NEGATIVE NUMBERS.
R  INDICATES RECORD WAS SET OR TIED.
MM INDICATES DATA IS MISSING.
T  INDICATES TRACE AMOUNT.




$$
