000
CDUS45 KPIH 010731
CLIRXE


CLIMATE REPORT
NATIONAL WEATHER SERVICE POCATELLO ID
131 AM MDT MON SEP 1 2014


...................................

...THE REXBURG ID CLIMATE SUMMARY FOR AUGUST 31 2014...

CLIMATE NORMAL PERIOD 1981 TO 2010
CLIMATE RECORD PERIOD 1998 TO 2014


WEATHER ITEM   OBSERVED TIME   RECORD YEAR NORMAL DEPARTURE LAST
                VALUE   (LST)  VALUE       VALUE  FROM      YEAR
                                                  NORMAL
..................................................................
TEMPERATURE (F)
 YESTERDAY
  MAXIMUM         66    440 PM  89    1998  79    -13       86
  MINIMUM         48    728 AM  33    2006  45      3       46
  AVERAGE         57                        62     -5       66

PRECIPITATION (IN)
  YESTERDAY        0.32         MM      MM   0.04   0.28     0.00
  MONTH TO DATE    4.18                      0.96   3.22     0.16
  SINCE OCT 1     13.13                     12.13   1.00     8.67
  SINCE JAN 1     11.27                      8.92   2.35     5.28

SNOWFALL (IN)
  YESTERDAY       MM
  MONTH TO DATE   MM
  SINCE JUN 1     MM
  SINCE JUL 1     MM
  SNOW DEPTH      MM

DEGREE DAYS
 HEATING
  YESTERDAY        8                         4      4        0
  MONTH TO DATE   66                        42     24        0
  SINCE JUN 1    229                       245    -16      117
  SINCE JUL 1     74                        73      1        0

 COOLING
  YESTERDAY        0                         1     -1        1
  MONTH TO DATE   56                        88    -32      159
  SINCE JUN 1    222                       198     24      411
  SINCE JAN 1    222                       202     20      413
..................................................................


WIND (MPH)
  HIGHEST WIND SPEED    20   HIGHEST WIND DIRECTION    SW (210)
  HIGHEST GUST SPEED    26   HIGHEST GUST DIRECTION    SW (210)
  AVERAGE WIND SPEED     9.8


SKY COVER
  POSSIBLE SUNSHINE  MM
  AVERAGE SKY COVER 0.6


WEATHER CONDITIONS
 THE FOLLOWING WEATHER WAS RECORDED YESTERDAY.
  HEAVY RAIN
  RAIN
  LIGHT RAIN
  FOG


RELATIVE HUMIDITY (PERCENT)
 HIGHEST   100           800 AM
 LOWEST     44           400 PM
 AVERAGE    72

..........................................................


THE REXBURG ID CLIMATE NORMALS FOR TODAY
                         NORMAL    RECORD    YEAR
 MAXIMUM TEMPERATURE (F)   78        90      2013
 MINIMUM TEMPERATURE (F)   45        33      2006


SUNRISE AND SUNSET
SEPTEMBER  1 2014.....SUNRISE   651 AM MDT   SUNSET   803 PM MDT
SEPTEMBER  2 2014.....SUNRISE   652 AM MDT   SUNSET   801 PM MDT


-  INDICATES NEGATIVE NUMBERS.
R  INDICATES RECORD WAS SET OR TIED.
MM INDICATES DATA IS MISSING.
T  INDICATES TRACE AMOUNT.




$$
