000
CDUS45 KPIH 250738
CLIRXE


CLIMATE REPORT
NATIONAL WEATHER SERVICE POCATELLO ID
1237 AM MST THU DEC 25 2014


...................................

...THE REXBURG ID CLIMATE SUMMARY FOR DECEMBER 24 2014...

CLIMATE NORMAL PERIOD 1981 TO 2010
CLIMATE RECORD PERIOD 1998 TO 2014


WEATHER ITEM   OBSERVED TIME   RECORD YEAR NORMAL DEPARTURE LAST
                VALUE   (LST)  VALUE       VALUE  FROM      YEAR
                                                  NORMAL
..................................................................
TEMPERATURE (F)
 YESTERDAY
  MAXIMUM         37    206 PM  40    2005  28      9       37
                                      2003
  MINIMUM         24    840 AM  -9    2001  12     12       16
  AVERAGE         31                        20     11       27

PRECIPITATION (IN)
  YESTERDAY        0.26         MM      MM   0.05   0.21     0.04
  MONTH TO DATE    1.11                      0.75   0.36     0.63
  SINCE OCT 1      2.04                      2.90  -0.86     1.85
  SINCE JAN 1     16.14                     12.78   3.36     8.29

SNOWFALL (IN)
  YESTERDAY       MM
  MONTH TO DATE   MM
  SINCE DEC 1     MM
  SINCE JUL 1     MM
  SNOW DEPTH      MM

DEGREE DAYS
 HEATING
  YESTERDAY       34                        45    -11       38
  MONTH TO DATE  761                      1055   -294     1228
  SINCE DEC 1    761                      1055   -294     1228
  SINCE JUL 1   2571                      3067   -496     2991

 COOLING
  YESTERDAY        0                         0      0        0
  MONTH TO DATE    0                         0      0        0
  SINCE DEC 1      0                         0      0        0
  SINCE JAN 1    234                       208     26      452
..................................................................


WIND (MPH)
  HIGHEST WIND SPEED    15   HIGHEST WIND DIRECTION     S (190)
  HIGHEST GUST SPEED    21   HIGHEST GUST DIRECTION     S (190)
  AVERAGE WIND SPEED     5.5


SKY COVER
  POSSIBLE SUNSHINE  MM
  AVERAGE SKY COVER 0.7


WEATHER CONDITIONS
 THE FOLLOWING WEATHER WAS RECORDED YESTERDAY.
  SNOW
  LIGHT SNOW
  FOG


RELATIVE HUMIDITY (PERCENT)
 HIGHEST   100           700 PM
 LOWEST     47           100 PM
 AVERAGE    74

..........................................................


THE REXBURG ID CLIMATE NORMALS FOR TODAY
                         NORMAL    RECORD    YEAR
 MAXIMUM TEMPERATURE (F)   28        43      2005
 MINIMUM TEMPERATURE (F)   12       -10      2001


SUNRISE AND SUNSET
DECEMBER 25 2014......SUNRISE   800 AM MST   SUNSET   455 PM MST
DECEMBER 26 2014......SUNRISE   800 AM MST   SUNSET   456 PM MST


-  INDICATES NEGATIVE NUMBERS.
R  INDICATES RECORD WAS SET OR TIED.
MM INDICATES DATA IS MISSING.
T  INDICATES TRACE AMOUNT.




$$
