000
CDUS45 KPIH 232321
CLIRXE


CLIMATE REPORT
NATIONAL WEATHER SERVICE POCATELLO ID
520 PM MDT TUE SEP 23 2014


...................................

...THE REXBURG ID CLIMATE SUMMARY FOR SEPTEMBER 23 2014...
VALID TODAY AS OF 0500 PM LOCAL TIME.

CLIMATE NORMAL PERIOD 1981 TO 2010
CLIMATE RECORD PERIOD 1998 TO 2014


WEATHER ITEM   OBSERVED TIME   RECORD YEAR NORMAL DEPARTURE LAST
                VALUE   (LST)  VALUE       VALUE  FROM      YEAR
                                                  NORMAL
..................................................................
TEMPERATURE (F)
 TODAY
  MAXIMUM         75    349 PM  84    2009  68      7       65
                                      2001
  MINIMUM         48    652 AM  27    2000  37     11       44
  AVERAGE         62                        53      9       55

PRECIPITATION (IN)
  TODAY            0.00         MM      MM   0.04  -0.04     0.00
  MONTH TO DATE    0.64                      0.71  -0.07     0.80
  SINCE OCT 1     13.77                     12.84   0.93     9.47
  SINCE JAN 1     11.91                      9.63   2.28     6.08

SNOWFALL (IN)
  TODAY           MM
  MONTH TO DATE   MM
  SINCE SEP 1     MM
  SINCE JUL 1     MM
  SNOW DEPTH      MM

DEGREE DAYS
 HEATING
  TODAY            3                        12     -9       10
  MONTH TO DATE  145                       189    -44       42
  SINCE SEP 1    145                       189    -44       42
  SINCE JUL 1    219                       262    -43       42

 COOLING
  TODAY            0                         0      0        0
  MONTH TO DATE    7                         5      2       39
  SINCE SEP 1      7                         5      2       39
  SINCE JAN 1    229                       207     22      452
..................................................................


WIND (MPH)
  HIGHEST WIND SPEED    12   HIGHEST WIND DIRECTION     W (270)
  HIGHEST GUST SPEED    14   HIGHEST GUST DIRECTION     W (250)
  AVERAGE WIND SPEED     3.6


SKY COVER
  POSSIBLE SUNSHINE  MM
  AVERAGE SKY COVER 0.1


WEATHER CONDITIONS
 THE FOLLOWING WEATHER WAS RECORDED TODAY.
  NO SIGNIFICANT WEATHER WAS OBSERVED.


RELATIVE HUMIDITY (PERCENT)
 HIGHEST    93          1200 AM
 LOWEST     38           400 PM
 AVERAGE    66

..........................................................


THE REXBURG ID CLIMATE NORMALS FOR TOMORROW
                         NORMAL    RECORD    YEAR
 MAXIMUM TEMPERATURE (F)   68        87      2001
 MINIMUM TEMPERATURE (F)   37        22      2000


SUNRISE AND SUNSET
SEPTEMBER 23 2014.....SUNRISE   716 AM MDT   SUNSET   723 PM MDT
SEPTEMBER 24 2014.....SUNRISE   717 AM MDT   SUNSET   721 PM MDT


-  INDICATES NEGATIVE NUMBERS.
R  INDICATES RECORD WAS SET OR TIED.
MM INDICATES DATA IS MISSING.
T  INDICATES TRACE AMOUNT.




$$
