000
CDUS45 KPIH 270732
CLIRXE


CLIMATE REPORT
NATIONAL WEATHER SERVICE POCATELLO ID
1232 AM MST MON FEB 27 2017


...................................

...THE REXBURG ID CLIMATE SUMMARY FOR FEBRUARY 26 2017...

CLIMATE NORMAL PERIOD 1981 TO 2010
CLIMATE RECORD PERIOD 1998 TO 2017


WEATHER ITEM   OBSERVED TIME   RECORD YEAR NORMAL DEPARTURE LAST
                VALUE   (LST)  VALUE       VALUE  FROM      YEAR
                                                  NORMAL
..................................................................
TEMPERATURE (F)
 YESTERDAY
  MAXIMUM         26    559 PM  43    2014  36    -10       42
  MINIMUM          4    657 AM -15    2002  16    -12       15
  AVERAGE         15                        26    -11       29

PRECIPITATION (IN)
  YESTERDAY        0.01         MM      MM   0.03  -0.02     0.00
  MONTH TO DATE    1.08                      0.77   0.31     0.12
  SINCE OCT 1      7.98                      4.72   3.26     4.91
  SINCE JAN 1      2.22                      1.51   0.71     1.75

SNOWFALL (IN)
  YESTERDAY       MM
  MONTH TO DATE   MM
  SINCE DEC 1     MM
  SINCE JUL 1     MM
  SNOW DEPTH      MM

DEGREE DAYS
 HEATING
  YESTERDAY       50                        39     11       36
  MONTH TO DATE  925                      1119   -194     1046
  SINCE DEC 1   4062                      3884    178     3748
  SINCE JUL 1   5709                      5896   -187     5482

 COOLING
  YESTERDAY        0                         0      0        0
  MONTH TO DATE    0                         0      0        0
  SINCE DEC 1      0                         0      0        0
  SINCE JAN 1      0                         0      0        0
..................................................................


WIND (MPH)
  HIGHEST WIND SPEED    14   HIGHEST WIND DIRECTION     S (180)
  HIGHEST GUST SPEED    19   HIGHEST GUST DIRECTION     S (190)
  AVERAGE WIND SPEED     5.2


SKY COVER
  POSSIBLE SUNSHINE  MM
  AVERAGE SKY COVER 0.7


WEATHER CONDITIONS
 THE FOLLOWING WEATHER WAS RECORDED YESTERDAY.
  LIGHT SNOW
  FOG
  HAZE


RELATIVE HUMIDITY (PERCENT)
 HIGHEST   100           700 AM
 LOWEST     62           300 PM
 AVERAGE    81

..........................................................


THE REXBURG ID CLIMATE NORMALS FOR TODAY
                         NORMAL    RECORD    YEAR
 MAXIMUM TEMPERATURE (F)   37        47      2014
 MINIMUM TEMPERATURE (F)   16        -2      2002


SUNRISE AND SUNSET
FEBRUARY 27 2017......SUNRISE   707 AM MST   SUNSET   614 PM MST
FEBRUARY 28 2017......SUNRISE   705 AM MST   SUNSET   615 PM MST


-  INDICATES NEGATIVE NUMBERS.
R  INDICATES RECORD WAS SET OR TIED.
MM INDICATES DATA IS MISSING.
T  INDICATES TRACE AMOUNT.




$$
