000
CDUS46 KSTO 250045
CLISAC

CLIMATE REPORT
NATIONAL WEATHER SERVICE SACRAMENTO, CA
543 PM PDT TUE MAY 24 2016


...................................

...THE SACRAMENTO EXEC. AIRPORT CA CLIMATE SUMMARY FOR MAY 24 2016...
VALID TODAY AS OF 0500 PM LOCAL TIME.

CLIMATE NORMAL PERIOD 1981 TO 2010
CLIMATE RECORD PERIOD 1930 TO 2016


WEATHER ITEM   OBSERVED TIME   RECORD YEAR NORMAL DEPARTURE LAST
                VALUE   (LST)  VALUE       VALUE  FROM      YEAR
                                                  NORMAL
..................................................................
TEMPERATURE (F)
 TODAY
  MAXIMUM         75    239 PM 100    1982  82     -7       82
  MINIMUM         53    536 AM  40    1953  53      0       54
  AVERAGE         64

PRECIPITATION (IN)
  TODAY            0.00          0.57 1993   0.02  -0.02     0.00
  MONTH TO DATE    0.39                      0.56  -0.17     0.07
  SINCE OCT 1     16.19                     17.85  -1.66    15.34
  SINCE JAN 1     12.75                     11.57   1.18     4.96

SNOWFALL (IN)
  TODAY            0.0          MM      MM   0.0             0.0
  MONTH TO DATE    0.0                       0.0             0.0
  SINCE MAR 1      0.0                       0.0             0.0
  SINCE JUL 1      0.0                       0.0             0.0

DEGREE DAYS
 HEATING
  TODAY            1

 COOLING
  TODAY            0
..................................................................


WIND (MPH)
  RESULTANT WIND SPEED   6   RESULTANT WIND DIRECTION   S (190)
  HIGHEST WIND SPEED    18   HIGHEST WIND DIRECTION    SW (230)
  HIGHEST GUST SPEED    23   HIGHEST GUST DIRECTION    SW (230)


SKY COVER
  POSSIBLE SUNSHINE  MM
  AVERAGE SKY COVER 0.3


WEATHER CONDITIONS
 THE FOLLOWING WEATHER WAS RECORDED TODAY.
  FOG


RELATIVE HUMIDITY (PERCENT)
 HIGHEST    89
 LOWEST     41
 AVERAGE    65

..........................................................


THE SACRAMENTO EXEC. AIRPORT CA CLIMATE NORMALS FOR TOMORROW
                         NORMAL    RECORD    YEAR
 MAXIMUM TEMPERATURE (F)   82       100      1951
 MINIMUM TEMPERATURE (F)   53        43      1980


SUNRISE AND SUNSET
MAY 24 2016...........SUNRISE   547 AM PDT   SUNSET   819 PM PDT
MAY 25 2016...........SUNRISE   547 AM PDT   SUNSET   820 PM PDT


-  INDICATES NEGATIVE NUMBERS.
R  INDICATES RECORD WAS SET OR TIED.
MM INDICATES DATA IS MISSING.
T  INDICATES TRACE AMOUNT.




&&
....................................................................

SACRAMENTO CITY CLIMATE DATA FOR TUESDAY MAY 24 2016

HIGH...   77  RECORD HIGH   100 IN 2001    NORMAL    HIGH   83
LOW....   54  RECORD LOW     43 IN 1953    NORMAL    LOW    55

RAIN SINCE MIDNIGHT....  0.00   RECORD THIS DATE....... 0.62 IN 1993
TOTAL THIS MONTH.......  0.59   NORMAL SINCE OCT 1ST.........  19.57
TOTAL SINCE OCT 1ST... 16.97   PERCENT OF NORMAL.............  87%


$$
NNNN
