000
CDUS46 KSTO 220850
CLISAC

CLIMATE REPORT
NATIONAL WEATHER SERVICE SACRAMENTO, CA
1240 AM PST SUN JAN 22 2017


...............................................................

...THE SACRAMENTO EXEC. AIRPORT CA CLIMATE SUMMARY FOR JANUARY 21 2017...

CLIMATE NORMAL PERIOD 1981 TO 2010
CLIMATE RECORD PERIOD 1930 TO 2017


WEATHER ITEM   OBSERVED TIME   RECORD YEAR NORMAL DEPARTURE LAST
                VALUE   (LST)  VALUE       VALUE  FROM      YEAR
                                                  NORMAL
..................................................................
TEMPERATURE (F)
 YESTERDAY
  MAXIMUM         54    106 PM  70    2014  54      0       64
  MINIMUM         45    310 AM  26    1963  39      6       48
  AVERAGE         50

PRECIPITATION (IN)
  YESTERDAY        0.29          3.05 1967   0.11   0.18     0.00
  MONTH TO DATE    9.42                      2.46   6.96     4.72
  SINCE OCT 1     18.87                      8.74  10.13     8.16
  SINCE JAN 1      9.42                      2.46   6.96     4.72

SNOWFALL (IN)
  YESTERDAY       MM            MM      MM   0.0             0.0
  MONTH TO DATE    0.0                       0.0             0.0
  SINCE DEC 1      0.0                       0.0             0.0
  SINCE JUL 1      0.0                       0.0             0.0

DEGREE DAYS
 HEATING
  YESTERDAY       15

 COOLING
  YESTERDAY        0
..................................................................


WIND (MPH)
  RESULTANT WIND SPEED  10   RESULTANT WIND DIRECTION   S (160)
  HIGHEST WIND SPEED    21   HIGHEST WIND DIRECTION    SE (130)
  HIGHEST GUST SPEED    32   HIGHEST GUST DIRECTION    SE (150)


SKY COVER
  POSSIBLE SUNSHINE  MM
  AVERAGE SKY COVER 0.8


WEATHER CONDITIONS
 THE FOLLOWING WEATHER WAS RECORDED YESTERDAY.
  LIGHT RAIN
  FOG


RELATIVE HUMIDITY (PERCENT)
 HIGHEST    93
 LOWEST     77
 AVERAGE    85

..........................................................


THE SACRAMENTO EXEC. AIRPORT CA CLIMATE NORMALS FOR TODAY
                         NORMAL    RECORD    YEAR
 MAXIMUM TEMPERATURE (F)   55        71      2011
 MINIMUM TEMPERATURE (F)   39        25      1962


SUNRISE AND SUNSET
JANUARY 22 2017.......SUNRISE   719 AM PST   SUNSET   517 PM PST
JANUARY 23 2017.......SUNRISE   718 AM PST   SUNSET   518 PM PST


-  INDICATES NEGATIVE NUMBERS.
R  INDICATES RECORD WAS SET OR TIED.
MM INDICATES DATA IS MISSING.
T  INDICATES TRACE AMOUNT.

&&
....................................................................

SACRAMENTO CITY CLIMATE DATA FOR SATURDAY JANUARY 21 2017

HIGH...   55  RECORD HIGH    70 IN 1976    NORMAL    HIGH   55
LOW....   45  RECORD LOW     22 IN 1937    NORMAL    LOW    41

RAIN SINCE MIDNIGHT....  0.23   RECORD THIS DATE....... 3.14 IN 1943
TOTAL THIS MONTH.......  9.44   NORMAL SINCE OCT 1ST.........  9.69
TOTAL SINCE OCT 1ST...  18.95   PERCENT OF NORMAL.............  196%


$$
NNNN
