000
CDUS46 KSTO 250842
CLISAC

CLIMATE REPORT
NATIONAL WEATHER SERVICE SACRAMENTO, CA
1240 AM PST THU DEC 25 2014


...................................

...THE SACRAMENTO EXEC. AIRPORT CA CLIMATE SUMMARY FOR DECEMBER 24 2014...

CLIMATE NORMAL PERIOD 1981 TO 2010
CLIMATE RECORD PERIOD 1930 TO 2014


WEATHER ITEM   OBSERVED TIME   RECORD YEAR NORMAL DEPARTURE LAST
                VALUE   (LST)  VALUE       VALUE  FROM      YEAR
                                                  NORMAL
..................................................................
TEMPERATURE (F)
 YESTERDAY
  MAXIMUM         60    412 PM  65    2013  52      8       65
                                      1964
  MINIMUM         45    221 AM  19    1990  38      7       35
  AVERAGE         53

PRECIPITATION (IN)
  YESTERDAY        0.01          1.88 1983   0.12  -0.11     0.00
  MONTH TO DATE    8.60                      2.46   6.14     0.43
  SINCE JUL 1     10.85                      5.83   5.02     1.90
  SINCE JAN 1     18.74                     17.73   1.01     5.81

SNOWFALL (IN)
  YESTERDAY       MM             0.0  2001   0.0             0.0
  MONTH TO DATE    0.0                       0.0             0.0
  SINCE DEC 1      0.0                       0.0             0.0
  SINCE JUL 1      0.0                       0.0             0.0

DEGREE DAYS
 HEATING
  YESTERDAY       12

 COOLING
  YESTERDAY        0
..................................................................


WIND (MPH)
  RESULTANT WIND SPEED   3   RESULTANT WIND DIRECTION   W (250)
  HIGHEST WIND SPEED    21   HIGHEST WIND DIRECTION     W (280)
  HIGHEST GUST SPEED    28   HIGHEST GUST DIRECTION    SW (220)


SKY COVER
  POSSIBLE SUNSHINE  MM
  AVERAGE SKY COVER 0.6


WEATHER CONDITIONS
 THE FOLLOWING WEATHER WAS RECORDED YESTERDAY.
  LIGHT RAIN
  FOG
  FOG W/VISIBILITY <= 1/4 MILE


RELATIVE HUMIDITY (PERCENT)
 HIGHEST   100
 LOWEST     50
 AVERAGE    75

..........................................................


THE SACRAMENTO EXEC. AIRPORT CA CLIMATE NORMALS FOR TODAY
                         NORMAL    RECORD    YEAR
 MAXIMUM TEMPERATURE (F)   52        64      2013
 MINIMUM TEMPERATURE (F)   38        22      1990


SUNRISE AND SUNSET
DECEMBER 25 2014......SUNRISE   722 AM PST   SUNSET   451 PM PST
DECEMBER 26 2014......SUNRISE   722 AM PST   SUNSET   451 PM PST


-  INDICATES NEGATIVE NUMBERS.
R  INDICATES RECORD WAS SET OR TIED.
MM INDICATES DATA IS MISSING.
T  INDICATES TRACE AMOUNT.






&&
....................................................................

SACRAMENTO CITY CLIMATE DATA FOR WEDNESDAY DECEMBER 24 2014

HIGH...   59  RECORD HIGH    66 IN 2013    NORMAL    HIGH   53
LOW....   48  RECORD LOW     23 IN 1990    NORMAL    LOW    40

RAIN SINCE MIDNIGHT....  0.08   RECORD THIS DATE....... 2.21 IN 1983
TOTAL THIS MONTH.......  7.63   NORMAL SEASON TO DATE.........  6.48
TOTAL SINCE JULY 1ST...  9.84   PERCENT OF NORMAL.............  151%


$$
