000
CDUS46 KSTO 300042
CLISAC

CLIMATE REPORT
NATIONAL WEATHER SERVICE SACRAMENTO, CA
541 PM PDT WED MAR 29 2017


...................................

...THE SACRAMENTO EXEC. AIRPORT CA CLIMATE SUMMARY FOR MARCH 29 2017...
VALID TODAY AS OF 0500 PM LOCAL TIME.

CLIMATE NORMAL PERIOD 1981 TO 2010
CLIMATE RECORD PERIOD 1930 TO 2017


WEATHER ITEM   OBSERVED TIME   RECORD YEAR NORMAL DEPARTURE LAST
                VALUE   (LST)  VALUE       VALUE  FROM      YEAR
                                                  NORMAL
..................................................................
TEMPERATURE (F)
 TODAY
  MAXIMUM         76    330 PM  84    2015  67      9       67
  MINIMUM         46    622 AM  33    1967  45      1       44
  AVERAGE         61

PRECIPITATION (IN)
  TODAY            0.00          0.72 1982   0.07  -0.07     0.00
  MONTH TO DATE    2.38                      2.63  -0.25     5.07
  SINCE OCT 1     30.00                     16.02  13.98    14.77
  SINCE JAN 1     20.55                      9.74  10.81    11.33

SNOWFALL (IN)
  TODAY            0.0          MM      MM   0.0             0.0
  MONTH TO DATE    0.0                       0.0             0.0
  SINCE MAR 1      0.0                       0.0             0.0
  SINCE JUL 1      0.0                       0.0             0.0

DEGREE DAYS
 HEATING
  TODAY            4

 COOLING
  TODAY            0
..................................................................


WIND (MPH)
  RESULTANT WIND SPEED   0   RESULTANT WIND DIRECTION   W (270)
  HIGHEST WIND SPEED    12   HIGHEST WIND DIRECTION    SW (210)
  HIGHEST GUST SPEED    14   HIGHEST GUST DIRECTION    SW (220)


SKY COVER
  POSSIBLE SUNSHINE  MM
  AVERAGE SKY COVER 0.0


WEATHER CONDITIONS
 THE FOLLOWING WEATHER WAS RECORDED TODAY.
  NO SIGNIFICANT WEATHER WAS OBSERVED.


RELATIVE HUMIDITY (PERCENT)
 HIGHEST   100
 LOWEST     38
 AVERAGE    69

..........................................................


THE SACRAMENTO EXEC. AIRPORT CA CLIMATE NORMALS FOR TOMORROW
                         NORMAL    RECORD    YEAR
 MAXIMUM TEMPERATURE (F)   67        83      2001
 MINIMUM TEMPERATURE (F)   45        33      1972


SUNRISE AND SUNSET
MARCH 29 2017.........SUNRISE   655 AM PDT   SUNSET   727 PM PDT
MARCH 30 2017.........SUNRISE   653 AM PDT   SUNSET   728 PM PDT


-  INDICATES NEGATIVE NUMBERS.
R  INDICATES RECORD WAS SET OR TIED.
MM INDICATES DATA IS MISSING.
T  INDICATES TRACE AMOUNT.

&&
....................................................................

SACRAMENTO CITY CLIMATE DATA FOR WEDNESDAY MARCH 29 2017

HIGH...   79  RECORD HIGH    86 IN 2015    NORMAL    HIGH   69
LOW....   50  RECORD LOW     36 IN 1897    NORMAL    LOW    47

RAIN SINCE MIDNIGHT....  0.00   RECORD THIS DATE....... 0.96 IN 1940
TOTAL THIS MONTH.......  2.74   NORMAL SINCE OCT 1ST.........  17.51
TOTAL SINCE OCT 1ST...  30.28   PERCENT OF NORMAL.............  173%


$$
NNNN
