000
CDUS46 KSTO 300037
CLISAC

CLIMATE REPORT
NATIONAL WEATHER SERVICE SACRAMENTO, CA
534 PM PDT SAT AUG 29 2015


...................................

...THE SACRAMENTO EXEC. AIRPORT CA CLIMATE SUMMARY FOR AUGUST 29 2015...
VALID TODAY AS OF 0500 PM LOCAL TIME.

CLIMATE NORMAL PERIOD 1981 TO 2010
CLIMATE RECORD PERIOD 1930 TO 2015


WEATHER ITEM   OBSERVED TIME   RECORD YEAR NORMAL DEPARTURE LAST
                VALUE   (LST)  VALUE       VALUE  FROM      YEAR
                                                  NORMAL
..................................................................
TEMPERATURE (F)
 TODAY
  MAXIMUM         86    349 PM 105    2007  90     -4       91
                                      1987
  MINIMUM         68    638 AM  50    1955  58     10       61
  AVERAGE         77

PRECIPITATION (IN)
  TODAY            0.00          0.07 1953   0.00   0.00     0.00
  MONTH TO DATE    T                         0.04  -0.04      T
  SINCE OCT 1     15.41                     18.22  -2.81     9.21
  SINCE JAN 1      5.03                     11.94  -6.91     7.90

SNOWFALL (IN)
  TODAY            0.0          MM      MM   0.0             0.0
  MONTH TO DATE    0.0                       0.0             0.0
  SINCE JUN 1      0.0                       0.0             0.0
  SINCE JUL 1      0.0                       0.0             0.0

DEGREE DAYS
 HEATING
  TODAY            0

 COOLING
  TODAY           12
..................................................................


WIND (MPH)
  RESULTANT WIND SPEED   9   RESULTANT WIND DIRECTION  SW (210)
  HIGHEST WIND SPEED    17   HIGHEST WIND DIRECTION    SW (240)
  HIGHEST GUST SPEED    23   HIGHEST GUST DIRECTION    SW (230)


SKY COVER
  POSSIBLE SUNSHINE  MM
  AVERAGE SKY COVER 0.1


WEATHER CONDITIONS
 THE FOLLOWING WEATHER WAS RECORDED TODAY.
  NO SIGNIFICANT WEATHER WAS OBSERVED.


RELATIVE HUMIDITY (PERCENT)
 HIGHEST    81
 LOWEST     34
 AVERAGE    58

..........................................................


THE SACRAMENTO EXEC. AIRPORT CA CLIMATE NORMALS FOR TOMORROW
                         NORMAL    RECORD    YEAR
 MAXIMUM TEMPERATURE (F)   90       107      1968
 MINIMUM TEMPERATURE (F)   57        51      1989
                                             1957


SUNRISE AND SUNSET
AUGUST 29 2015........SUNRISE   633 AM PDT   SUNSET   741 PM PDT
AUGUST 30 2015........SUNRISE   633 AM PDT   SUNSET   739 PM PDT


-  INDICATES NEGATIVE NUMBERS.
R  INDICATES RECORD WAS SET OR TIED.
MM INDICATES DATA IS MISSING.
T  INDICATES TRACE AMOUNT.

&&
....................................................................

SACRAMENTO CITY CLIMATE DATA FOR SATURDAY AUGUST 29 2015

HIGH...   87  RECORD HIGH   108 IN 1987    NORMAL    HIGH   91
LOW....   67  RECORD LOW     49 IN 1880    NORMAL    LOW    60

RAIN SINCE MIDNIGHT....  0.00   RECORD THIS DATE....... 0.67 IN 1953
TOTAL THIS MONTH.......  0.00   NORMAL SINCE OCT 1ST.........  19.92
TOTAL SINCE OCT 1ST...  13.80   PERCENT OF NORMAL.............  69%


$$
NNNN
