000
CDUS46 KSTO 170843
CLISAC

CLIMATE REPORT
NATIONAL WEATHER SERVICE SACRAMENTO, CA
1242 AM PST SUN DEC 17 2017


...................................

...THE SACRAMENTO EXEC. AIRPORT CA CLIMATE SUMMARY FOR DECEMBER 16 2017...

CLIMATE NORMAL PERIOD 1981 TO 2010
CLIMATE RECORD PERIOD 1930 TO 2017


WEATHER ITEM   OBSERVED TIME   RECORD YEAR NORMAL DEPARTURE LAST
                VALUE   (LST)  VALUE       VALUE  FROM      YEAR
                                                  NORMAL
..................................................................
TEMPERATURE (F)
 YESTERDAY
  MAXIMUM         62    246 PM  68    1958  53      9       55
  MINIMUM         38    211 AM  25    1967  38      0       37
  AVERAGE         50

PRECIPITATION (IN)
  YESTERDAY        0.00          0.99 2014   0.10  -0.10      T
  MONTH TO DATE    0.03                      1.55  -1.52     3.34
  SINCE OCT 1      2.31                      4.58  -2.27     9.18
  SINCE JAN 1     25.94                     16.82   9.12    21.93

SNOWFALL (IN)
  YESTERDAY        0.0           0.0  2001   0.0            MM
  MONTH TO DATE    0.0                       0.0             0.0
  SINCE DEC 1      0.0                       0.0             0.0
  SINCE JUL 1      0.0                       0.0             0.0

DEGREE DAYS
 HEATING
  YESTERDAY       15

 COOLING
  YESTERDAY        0
..................................................................


WIND (MPH)
  RESULTANT WIND SPEED  19   RESULTANT WIND DIRECTION  NW (330)
  HIGHEST WIND SPEED    37   HIGHEST WIND DIRECTION    NW (330)
  HIGHEST GUST SPEED    46   HIGHEST GUST DIRECTION     N (340)


SKY COVER
  POSSIBLE SUNSHINE  MM
  AVERAGE SKY COVER 0.0


WEATHER CONDITIONS
 THE FOLLOWING WEATHER WAS RECORDED YESTERDAY.
  FOG


RELATIVE HUMIDITY (PERCENT)
 HIGHEST   100
 LOWEST     20
 AVERAGE    60

..........................................................


THE SACRAMENTO EXEC. AIRPORT CA CLIMATE NORMALS FOR TODAY
                         NORMAL    RECORD    YEAR
 MAXIMUM TEMPERATURE (F)   53        65      1996
                                             1958
 MINIMUM TEMPERATURE (F)   38        26      1965


SUNRISE AND SUNSET
DECEMBER 17 2017......SUNRISE   718 AM PST   SUNSET   447 PM PST
DECEMBER 18 2017......SUNRISE   718 AM PST   SUNSET   447 PM PST


-  INDICATES NEGATIVE NUMBERS.
R  INDICATES RECORD WAS SET OR TIED.
MM INDICATES DATA IS MISSING.
T  INDICATES TRACE AMOUNT.

&&
....................................................................

SACRAMENTO CITY CLIMATE DATA FOR SATURDAY DECEMBER 16 2017

HIGH...   61  RECORD HIGH    70 IN 1958    NORMAL    HIGH   54
LOW....   42  RECORD LOW     26 IN 1892    NORMAL    LOW    40

RAIN SINCE MIDNIGHT....  0.00   RECORD THIS DATE....... 0.95 IN 2002
TOTAL THIS MONTH.......  0.03   NORMAL SINCE OCT 1ST..........  5.15
TOTAL SINCE OCT 1ST....  2.62   PERCENT OF NORMAL..............  51%

$$
