000
CDUS46 KSGX 281417
CLISAN


CLIMATE REPORT
NATIONAL WEATHER SERVICE SAN DIEGO, CA
617 AM PST FRI NOV 28 2014


...................................

...THE SAN DIEGO/LINDBERGH FIELD CA CLIMATE SUMMARY FOR NOVEMBER 27 2014...

CLIMATE NORMAL PERIOD 1981 TO 2010
CLIMATE RECORD PERIOD 1850 TO 2014


WEATHER ITEM   OBSERVED TIME   RECORD YEAR NORMAL DEPARTURE LAST
                VALUE   (LST)  VALUE       VALUE  FROM      YEAR
                                                  NORMAL
..................................................................
TEMPERATURE (F)
 YESTERDAY
  MAXIMUM         85R   141 PM  83    1903  67     18       72
  MINIMUM         55    456 AM  40    1948  51      4       57
                                      1878
  AVERAGE         70                        59     11       65

PRECIPITATION (IN)
  YESTERDAY        0.00          1.26 2008   0.05  -0.05     0.00
  MONTH TO DATE    0.37                      0.89  -0.52     1.47
  SINCE JUL 1      0.45                      1.66  -1.21     1.77
  SINCE JAN 1      3.27                      8.69  -5.42     5.10

SNOWFALL (IN)
  YESTERDAY        0.0
  MONTH TO DATE    0.0
  SINCE JAN 1      0.0
  SINCE JUL 1      0.0
  SNOW DEPTH       0

DEGREE DAYS
 HEATING
  YESTERDAY        0                         6     -6        0
  MONTH TO DATE   18                       105    -87       39
  SINCE SEP 1     18                       125   -107       61
  SINCE JUL 1     18                       126   -108       61

 COOLING
  YESTERDAY        5                         0      5        0
  MONTH TO DATE   47                        11     36       23
  SINCE SEP 1    588                       250    338      282
  SINCE JAN 1   1490                       718    772      761
..................................................................


WIND (MPH)
  RESULTANT WIND SPEED   1   RESULTANT WIND DIRECTION   W (290)
  HIGHEST WIND SPEED    10   HIGHEST WIND DIRECTION    NW (310)
  HIGHEST GUST SPEED    13   HIGHEST GUST DIRECTION    NW (310)
  AVERAGE WIND SPEED     1.4


SKY COVER
  POSSIBLE SUNSHINE  MM
  AVERAGE SKY COVER 0.2


WEATHER CONDITIONS
 THE FOLLOWING WEATHER WAS RECORDED YESTERDAY.
  NO SIGNIFICANT WEATHER WAS OBSERVED.


RELATIVE HUMIDITY (PERCENT)
 HIGHEST    59           700 PM
 LOWEST     10          1200 PM
 AVERAGE    35

..........................................................


THE SAN DIEGO/LINDBERGH FIELD CA CLIMATE NORMALS FOR TODAY
                         NORMAL    RECORD    YEAR
 MAXIMUM TEMPERATURE (F)   67        82      1980
 MINIMUM TEMPERATURE (F)   51        36      1919


SUNRISE AND SUNSET
NOVEMBER 28 2014......SUNRISE   630 AM PST   SUNSET   443 PM PST
NOVEMBER 29 2014......SUNRISE   631 AM PST   SUNSET   443 PM PST


-  INDICATES NEGATIVE NUMBERS.
R  INDICATES RECORD WAS SET OR TIED.
MM INDICATES DATA IS MISSING.
T  INDICATES TRACE AMOUNT.




$$
