000
CDUS46 KSGX 140124
CLISAN


CLIMATE REPORT
NATIONAL WEATHER SERVICE SAN DIEGO, CA
524 PM PST WED DEC 13 2017


...................................

...THE SAN DIEGO INTL AIRPORT CA CLIMATE SUMMARY FOR DECEMBER 13 2017...
VALID TODAY AS OF 0500 PM LOCAL TIME.

CLIMATE NORMAL PERIOD 1981 TO 2010
CLIMATE RECORD PERIOD 1874 TO 2017


WEATHER ITEM   OBSERVED TIME   RECORD YEAR NORMAL DEPARTURE LAST
                VALUE   (LST)  VALUE       VALUE  FROM      YEAR
                                                  NORMAL
..................................................................
TEMPERATURE (F)
 TODAY
  MAXIMUM         78    240 PM  81    2010  65     13       67
                                      1952
  MINIMUM         49    612 AM  35    1901  48      1       53
  AVERAGE         64                        56      8       60

PRECIPITATION (IN)
  TODAY            0.00          1.56 2012   0.04  -0.04     0.00
  MONTH TO DATE    0.00                      0.56  -0.56     0.00
  SINCE OCT 1      0.02                      2.14  -2.12     0.68
  SINCE JAN 1      7.85                      9.37  -1.52     6.01

DEGREE DAYS
 HEATING
  TODAY            1                         9     -8        5
  MONTH TO DATE   26                       103    -77       72
  SINCE DEC 1     26                       103    -77       72
  SINCE JUL 1     64                       248   -184      122

 COOLING
  TODAY            0                         0      0        0
  MONTH TO DATE    3                         0      3        0
  SINCE DEC 1      3                         0      3        0
  SINCE JAN 1   1192                       720    472     1163
..................................................................


WIND (MPH)
  RESULTANT WIND SPEED   1   RESULTANT WIND DIRECTION   W (290)
  HIGHEST WIND SPEED     9   HIGHEST WIND DIRECTION    NW (320)
  HIGHEST GUST SPEED    11   HIGHEST GUST DIRECTION    NW (320)
  AVERAGE WIND SPEED     1.7


SKY COVER
  POSSIBLE SUNSHINE  MM
  AVERAGE SKY COVER 0.2


WEATHER CONDITIONS
 THE FOLLOWING WEATHER WAS RECORDED TODAY.
  NO SIGNIFICANT WEATHER WAS OBSERVED.


RELATIVE HUMIDITY (PERCENT)
 HIGHEST    34           900 AM
 LOWEST      7           100 PM
 AVERAGE    21

..........................................................


THE SAN DIEGO INTL AIRPORT CA CLIMATE NORMALS FOR TOMORROW
                         NORMAL    RECORD    YEAR
 MAXIMUM TEMPERATURE (F)   65        83      1953
 MINIMUM TEMPERATURE (F)   48        36      1878


SUNRISE AND SUNSET
DECEMBER 13 2017......SUNRISE   642 AM PST   SUNSET   444 PM PST
DECEMBER 14 2017......SUNRISE   643 AM PST   SUNSET   444 PM PST


-  INDICATES NEGATIVE NUMBERS.
R  INDICATES RECORD WAS SET OR TIED.
MM INDICATES DATA IS MISSING.
T  INDICATES TRACE AMOUNT.




$$
