031
CDUS46 KSGX 030016
CLISAN


CLIMATE REPORT
NATIONAL WEATHER SERVICE SAN DIEGO, CA
516 PM PDT MON MAY 2 2016


...................................

...THE SAN DIEGO/LINDBERGH FIELD CA CLIMATE SUMMARY FOR MAY 2 2016...
VALID TODAY AS OF 0500 PM LOCAL TIME.

CLIMATE NORMAL PERIOD 1981 TO 2010
CLIMATE RECORD PERIOD 1874 TO 2016


WEATHER ITEM   OBSERVED TIME   RECORD YEAR NORMAL DEPARTURE LAST
                VALUE   (LST)  VALUE       VALUE  FROM      YEAR
                                                  NORMAL
..................................................................
TEMPERATURE (F)
 TODAY
  MAXIMUM         70    127 PM  93    2004  68      2       70
  MINIMUM         58    545 AM  45    1883  58      0       61
  AVERAGE         64                        63      1       66

PRECIPITATION (IN)
  TODAY            0.00          0.23 1905   0.01  -0.01     0.00
  MONTH TO DATE    0.00                      0.02  -0.02     0.00
  SINCE OCT 1      7.42                      9.97  -2.55     6.52
  SINCE JAN 1      4.57                      6.86  -2.29     1.65

DEGREE DAYS
 HEATING
  TODAY            1                         3     -2        0
  MONTH TO DATE    2                         6     -4        0
  SINCE MAR 1     98                       297   -199       57
  SINCE JUL 1    638                      1155   -517      403

 COOLING
  TODAY            0                         1     -1        1
  MONTH TO DATE    0                         2     -2        7
  SINCE MAR 1     54                        21     33      154
  SINCE JAN 1     99                        26     73      176
..................................................................


WIND (MPH)
  RESULTANT WIND SPEED   7   RESULTANT WIND DIRECTION  NW (300)
  HIGHEST WIND SPEED    17   HIGHEST WIND DIRECTION     W (290)
  HIGHEST GUST SPEED    22   HIGHEST GUST DIRECTION     W (290)
  AVERAGE WIND SPEED     7.5


SKY COVER
  POSSIBLE SUNSHINE  MM
  AVERAGE SKY COVER 0.4


WEATHER CONDITIONS
 THE FOLLOWING WEATHER WAS RECORDED TODAY.
  NO SIGNIFICANT WEATHER WAS OBSERVED.


RELATIVE HUMIDITY (PERCENT)
 HIGHEST    80           400 AM
 LOWEST     57          1000 AM
 AVERAGE    69

..........................................................


THE SAN DIEGO/LINDBERGH FIELD CA CLIMATE NORMALS FOR TOMORROW
                         NORMAL    RECORD    YEAR
 MAXIMUM TEMPERATURE (F)   68        93      2004
 MINIMUM TEMPERATURE (F)   58        45      1915


SUNRISE AND SUNSET
MAY  2 2016...........SUNRISE   600 AM PDT   SUNSET   732 PM PDT
MAY  3 2016...........SUNRISE   559 AM PDT   SUNSET   732 PM PDT


-  INDICATES NEGATIVE NUMBERS.
R  INDICATES RECORD WAS SET OR TIED.
MM INDICATES DATA IS MISSING.
T  INDICATES TRACE AMOUNT.




$$
