276
CDUS44 KEWX 302235
CLISAT


CLIMATE REPORT
NATIONAL WEATHER SERVICE AUSTIN/SAN ANTONIO, TX
533 PM CDT TUE AUG 30 2016


...................................

...THE SAN ANTONIO CLIMATE SUMMARY FOR AUGUST 30 2016...
VALID TODAY AS OF 530 PM LOCAL TIME.

CLIMATE NORMAL PERIOD 1981 TO 2010
CLIMATE RECORD PERIOD 1886 TO 2016


WEATHER ITEM   OBSERVED TIME   RECORD YEAR NORMAL DEPARTURE LAST
                VALUE   (LST)  VALUE       VALUE  FROM      YEAR
                                                  NORMAL
..................................................................
TEMPERATURE (F)
 TODAY
  MAXIMUM         86    232 PM 103    2013  95     -9       94
                                      1901
  MINIMUM         74    450 AM  59    1893  74      0       75
  AVERAGE         80                        84     -4       85

PRECIPITATION (IN)
  TODAY            T             2.04 2001   0.11  -0.11      T
  MONTH TO DATE    4.91                      1.99   2.92     0.29
  SINCE JUN 1      7.63                      8.87  -1.24     6.78
  SINCE JAN 1     29.45                     20.84   8.61    30.06

SNOWFALL (IN)
  TODAY            0.0
  MONTH TO DATE    0.0
  SINCE JUN 1      0.0
  SINCE JUL 1      0.0
  SNOW DEPTH       0

DEGREE DAYS
 HEATING
  TODAY            0                         0      0        0
  MONTH TO DATE    0                         0      0        0
  SINCE JUN 1      0                         0      0        0
  SINCE JUL 1      0                         0      0        0

 COOLING
  TODAY           15                        19     -4       20
  MONTH TO DATE  574                       616    -42      679
  SINCE JUN 1   1782                      1747     35     1832
  SINCE JAN 1   2407                      2376     31     2477
..................................................................


WIND (MPH)
  HIGHEST WIND SPEED    17   HIGHEST WIND DIRECTION    NE (40)
  HIGHEST GUST SPEED    23   HIGHEST GUST DIRECTION    NE (60)
  AVERAGE WIND SPEED     8.2


SKY COVER
  AVERAGE SKY COVER 0.8


WEATHER CONDITIONS
 THE FOLLOWING WEATHER WAS RECORDED TODAY.
  LIGHT RAIN


RELATIVE HUMIDITY (PERCENT)
 HIGHEST    93          1200 AM
 LOWEST     61           100 PM
 AVERAGE    77

..........................................................


THE SAN ANTONIO CLIMATE NORMALS FOR TOMORROW
                         NORMAL    RECORD    YEAR
 MAXIMUM TEMPERATURE (F)   94       103      2000
                                             1954
 MINIMUM TEMPERATURE (F)   73        58      1915


SUNRISE AND SUNSET
AUGUST 30 2016........SUNRISE   710 AM CDT   SUNSET   758 PM CDT
AUGUST 31 2016........SUNRISE   711 AM CDT   SUNSET   756 PM CDT


-  INDICATES NEGATIVE NUMBERS.
R  INDICATES RECORD WAS SET OR TIED.
MM INDICATES DATA IS MISSING.
T  INDICATES TRACE AMOUNT.




$$
