000
CDUS44 KEWX 280719
CLISAT


CLIMATE REPORT
NATIONAL WEATHER SERVICE AUSTIN/SAN ANTONIO, TX
219 AM CDT THU AUG 28 2014


...................................

...THE SAN ANTONIO CLIMATE SUMMARY FOR AUGUST 27 2014...

CLIMATE NORMAL PERIOD 1981 TO 2010
CLIMATE RECORD PERIOD 1886 TO 2014


WEATHER ITEM   OBSERVED TIME   RECORD YEAR NORMAL DEPARTURE LAST
                VALUE   (LST)  VALUE       VALUE  FROM      YEAR
                                                  NORMAL
..................................................................
TEMPERATURE (F)
 YESTERDAY
  MAXIMUM         99    423 PM 106    2011  95      4       95
  MINIMUM         76    641 AM  62    1891  74      2       75
  AVERAGE         88                        85      3       85

PRECIPITATION (IN)
  YESTERDAY        0.00          1.68 1923   0.10  -0.10      T
                                      1898
  MONTH TO DATE    0.08                      1.67  -1.59     0.85
  SINCE JUN 1      8.71                      8.55   0.16     3.60
  SINCE JAN 1     16.07                     20.52  -4.45    23.44

SNOWFALL (IN)
  YESTERDAY        0.0
  MONTH TO DATE    0.0
  SINCE JUN 1      0.0
  SINCE JUL 1      0.0
  SNOW DEPTH       0

DEGREE DAYS
 HEATING
  YESTERDAY        0                         0      0        0
  MONTH TO DATE    0                         0      0        0
  SINCE JUN 1      0                         0      0        0
  SINCE JUL 1      0                         0      0        0

 COOLING
  YESTERDAY       23                        20      3       20
  MONTH TO DATE  631                       559     72      642
  SINCE JUN 1   1806                      1690    116     1879
  SINCE JAN 1   2510                      2319    191     2496
..................................................................


WIND (MPH)
  HIGHEST WIND SPEED    17   HIGHEST WIND DIRECTION    SE (120)
  HIGHEST GUST SPEED    21   HIGHEST GUST DIRECTION    SE (130)
  AVERAGE WIND SPEED     5.7


SKY COVER
  AVERAGE SKY COVER 0.2


WEATHER CONDITIONS
 THE FOLLOWING WEATHER WAS RECORDED YESTERDAY.
  NO SIGNIFICANT WEATHER WAS OBSERVED.


RELATIVE HUMIDITY (PERCENT)
 HIGHEST    79           200 AM
 LOWEST     28           600 PM
 AVERAGE    54

..........................................................


THE SAN ANTONIO CLIMATE NORMALS FOR TODAY
                         NORMAL    RECORD    YEAR
 MAXIMUM TEMPERATURE (F)   95       110      2011
 MINIMUM TEMPERATURE (F)   74        62      1992
                                             1906


SUNRISE AND SUNSET
AUGUST 28 2014........SUNRISE   709 AM CDT   SUNSET   800 PM CDT
AUGUST 29 2014........SUNRISE   710 AM CDT   SUNSET   759 PM CDT


-  INDICATES NEGATIVE NUMBERS.
R  INDICATES RECORD WAS SET OR TIED.
MM INDICATES DATA IS MISSING.
T  INDICATES TRACE AMOUNT.




$$
