000
CDUS44 KEWX 042239
CLISAT


CLIMATE REPORT
NATIONAL WEATHER SERVICE AUSTIN/SAN ANTONIO, TX
538 PM CDT SAT JUL 4 2015


...................................

...THE SAN ANTONIO CLIMATE SUMMARY FOR JULY 4 2015...
VALID TODAY AS OF 538 PM LOCAL TIME.

CLIMATE NORMAL PERIOD 1981 TO 2010
CLIMATE RECORD PERIOD 1886 TO 2015


WEATHER ITEM   OBSERVED TIME   RECORD YEAR NORMAL DEPARTURE LAST
                VALUE   (LST)  VALUE       VALUE  FROM      YEAR
                                                  NORMAL
..................................................................
TEMPERATURE (F)
 TODAY
  MAXIMUM         92    427 PM 103    2009  94     -2       92
  MINIMUM         77    614 AM  64    1924  74      3       72
  AVERAGE         85                        84      1       82

PRECIPITATION (IN)
  TODAY            0.00          1.97 2003   0.12  -0.12     0.01
  MONTH TO DATE    0.07                      0.50  -0.43     0.01
  SINCE JUN 1      6.49                      4.64   1.85     5.39
  SINCE JAN 1     29.77                     16.61  13.16    12.75

SNOWFALL (IN)
  TODAY            0.0
  MONTH TO DATE    0.0
  SINCE JUN 1      0.0
  SINCE JUL 1      0.0
  SNOW DEPTH       0

DEGREE DAYS
 HEATING
  TODAY            0                         0      0        0
  MONTH TO DATE    0                         0      0        0
  SINCE JUN 1      0                         0      0        0
  SINCE JUL 1      0                         0      0        0

 COOLING
  TODAY           20                        19      1       17
  MONTH TO DATE   70                        76     -6       74
  SINCE JUN 1    576                       599    -23      625
  SINCE JAN 1   1221                      1228     -7     1329
..................................................................


WIND (MPH)
  HIGHEST WIND SPEED    20   HIGHEST WIND DIRECTION     S (160)
  HIGHEST GUST SPEED    27   HIGHEST GUST DIRECTION    SE (150)
  AVERAGE WIND SPEED    10.8


SKY COVER
  AVERAGE SKY COVER 0.7


WEATHER CONDITIONS
 THE FOLLOWING WEATHER WAS RECORDED TODAY.
  NO SIGNIFICANT WEATHER WAS OBSERVED.


RELATIVE HUMIDITY (PERCENT)
 HIGHEST    88           200 AM
 LOWEST     49           300 PM
 AVERAGE    69

..........................................................


THE SAN ANTONIO CLIMATE NORMALS FOR TOMORROW
                         NORMAL    RECORD    YEAR
 MAXIMUM TEMPERATURE (F)   94       104      2009
 MINIMUM TEMPERATURE (F)   74        65      1903


SUNRISE AND SUNSET
JULY  4 2015..........SUNRISE   639 AM CDT   SUNSET   838 PM CDT
JULY  5 2015..........SUNRISE   639 AM CDT   SUNSET   838 PM CDT


-  INDICATES NEGATIVE NUMBERS.
R  INDICATES RECORD WAS SET OR TIED.
MM INDICATES DATA IS MISSING.
T  INDICATES TRACE AMOUNT.




$$
