000
CDUS44 KEWX 210714
CLISAT


CLIMATE REPORT
NATIONAL WEATHER SERVICE AUSTIN/SAN ANTONIO, TX
213 AM CDT SUN SEP 21 2014


...................................

...THE SAN ANTONIO CLIMATE SUMMARY FOR SEPTEMBER 20 2014...

CLIMATE NORMAL PERIOD 1981 TO 2010
CLIMATE RECORD PERIOD 1886 TO 2014


WEATHER ITEM   OBSERVED TIME   RECORD YEAR NORMAL DEPARTURE LAST
                VALUE   (LST)  VALUE       VALUE  FROM      YEAR
                                                  NORMAL
..................................................................
TEMPERATURE (F)
 YESTERDAY
  MAXIMUM         90    444 PM 100    1947  89      1       83
  MINIMUM         75    525 AM  51    1981  68      7       73
  AVERAGE         83                        78      5       78

PRECIPITATION (IN)
  YESTERDAY        0.13          3.21 1995   0.10   0.03     0.60
  MONTH TO DATE    1.10                      2.08  -0.98     1.55
  SINCE SEP 1      1.10                      2.08  -0.98     1.55
  SINCE JAN 1     17.17                     23.02  -5.85    24.99

SNOWFALL (IN)
  YESTERDAY        0.0
  MONTH TO DATE    0.0
  SINCE SEP 1      0.0
  SINCE JUL 1      0.0
  SNOW DEPTH       0

DEGREE DAYS
 HEATING
  YESTERDAY        0                         0      0        0
  MONTH TO DATE    0                         0      0        0
  SINCE SEP 1      0                         0      0        0
  SINCE JUL 1      0                         0      0        0

 COOLING
  YESTERDAY       18                        13      5       13
  MONTH TO DATE  379                       323     56      414
  SINCE SEP 1    379                       323     56      414
  SINCE JAN 1   2979                      2714    265     3007
..................................................................


WIND (MPH)
  HIGHEST WIND SPEED    17   HIGHEST WIND DIRECTION    SE (130)
  HIGHEST GUST SPEED    23   HIGHEST GUST DIRECTION     E (90)
  AVERAGE WIND SPEED     7.9


SKY COVER
  AVERAGE SKY COVER 0.8


WEATHER CONDITIONS
 THE FOLLOWING WEATHER WAS RECORDED YESTERDAY.
  LIGHT RAIN


RELATIVE HUMIDITY (PERCENT)
 HIGHEST    94           200 AM
 LOWEST     52           400 PM
 AVERAGE    73

..........................................................


THE SAN ANTONIO CLIMATE NORMALS FOR TODAY
                         NORMAL    RECORD    YEAR
 MAXIMUM TEMPERATURE (F)   89       100      1909
 MINIMUM TEMPERATURE (F)   68        53      1913


SUNRISE AND SUNSET
SEPTEMBER 21 2014.....SUNRISE   722 AM CDT   SUNSET   732 PM CDT
SEPTEMBER 22 2014.....SUNRISE   722 AM CDT   SUNSET   730 PM CDT


-  INDICATES NEGATIVE NUMBERS.
R  INDICATES RECORD WAS SET OR TIED.
MM INDICATES DATA IS MISSING.
T  INDICATES TRACE AMOUNT.




$$
