000
CDUS44 KEWX 262247
CLISAT


CLIMATE REPORT
NATIONAL WEATHER SERVICE AUSTIN/SAN ANTONIO, TX
547 PM CDT FRI MAY 26 2017


...................................

...THE SAN ANTONIO CLIMATE SUMMARY FOR MAY 26 2017...
VALID TODAY AS OF 0547 PM LOCAL TIME.

CLIMATE NORMAL PERIOD 1981 TO 2010
CLIMATE RECORD PERIOD 1886 TO 2017


WEATHER ITEM   OBSERVED TIME   RECORD YEAR NORMAL DEPARTURE LAST
                VALUE   (LST)  VALUE       VALUE  FROM      YEAR
                                                  NORMAL
..................................................................
TEMPERATURE (F)
 TODAY
  MAXIMUM         91    422 PM 100    1989  89      2       91
  MINIMUM         75    659 AM  54    1947  69      6       78
  AVERAGE         83                        79      4       85

PRECIPITATION (IN)
  TODAY            T             3.27 1970   0.14  -0.14      T
  MONTH TO DATE    0.77                      3.25  -2.48     4.89
  SINCE MAR 1      5.75                      7.66  -1.91    14.64
  SINCE JAN 1     12.08                     11.21   0.87    17.57

SNOWFALL (IN)
  TODAY            0.0
  MONTH TO DATE    0.0
  SINCE MAR 1      0.0
  SINCE JUL 1      0.0
  SNOW DEPTH       0

DEGREE DAYS
 HEATING
  TODAY            0                         0      0        0
  MONTH TO DATE    0                         0      0        1
  SINCE MAR 1     60                       193   -133       89
  SINCE JUL 1    778                      1494   -716     1038

 COOLING
  TODAY           18                        14      4       20
  MONTH TO DATE  260                       296    -36      255
  SINCE MAR 1    593                       529     64      529
  SINCE JAN 1    693                       555    138      558
..................................................................


WIND (MPH)
  HIGHEST WIND SPEED    17   HIGHEST WIND DIRECTION     S (170)
  HIGHEST GUST SPEED    22   HIGHEST GUST DIRECTION     S (160)
  AVERAGE WIND SPEED    10.6


SKY COVER
  AVERAGE SKY COVER 1.0


WEATHER CONDITIONS
 THE FOLLOWING WEATHER WAS RECORDED TODAY.
  LIGHT RAIN
  FOG


RELATIVE HUMIDITY (PERCENT)
 HIGHEST    94           700 AM
 LOWEST     52           400 PM
 AVERAGE    73

..........................................................


THE SAN ANTONIO CLIMATE NORMALS FOR TOMORROW
                         NORMAL    RECORD    YEAR
 MAXIMUM TEMPERATURE (F)   90       100      2011
 MINIMUM TEMPERATURE (F)   70        52      1901


SUNRISE AND SUNSET
MAY 26 2017...........SUNRISE   636 AM CDT   SUNSET   826 PM CDT
MAY 27 2017...........SUNRISE   636 AM CDT   SUNSET   827 PM CDT


-  INDICATES NEGATIVE NUMBERS.
R  INDICATES RECORD WAS SET OR TIED.
MM INDICATES DATA IS MISSING.
T  INDICATES TRACE AMOUNT.




$$
