000
CDUS44 KEWX 300727
CLISAT


CLIMATE REPORT
NATIONAL WEATHER SERVICE AUSTIN/SAN ANTONIO, TX
225 AM CDT SAT JUL 30 2016


...................................

...THE SAN ANTONIO CLIMATE SUMMARY FOR JULY 29 2016...

CLIMATE NORMAL PERIOD 1981 TO 2010
CLIMATE RECORD PERIOD 1886 TO 2016


WEATHER ITEM   OBSERVED TIME   RECORD YEAR NORMAL DEPARTURE LAST
                VALUE   (LST)  VALUE       VALUE  FROM      YEAR
                                                  NORMAL
..................................................................
TEMPERATURE (F)
 YESTERDAY
  MAXIMUM         95    349 PM 103    1946  96     -1       99
                                      1912
  MINIMUM         73    241 AM  67    1994  75     -2       77
                                      1903
  AVERAGE         84                        85     -1       88

PRECIPITATION (IN)
  YESTERDAY        0.00          0.96 1893   0.06  -0.06     0.00
  MONTH TO DATE    0.33                      2.63  -2.30     0.07
  SINCE JUN 1      2.72                      6.77  -4.05     6.49
  SINCE JAN 1     24.54                     18.74   5.80    29.77

SNOWFALL (IN)
  YESTERDAY        0.0
  MONTH TO DATE    0.0
  SINCE JUN 1      0.0
  SINCE JUL 1      0.0
  SNOW DEPTH       0

DEGREE DAYS
 HEATING
  YESTERDAY        0                         0      0        0
  MONTH TO DATE    0                         0      0        0
  SINCE JUN 1      0                         0      0        0
  SINCE JUL 1      0                         0      0        0

 COOLING
  YESTERDAY       19                        20     -1       23
  MONTH TO DATE  645                       566     79      600
  SINCE JUN 1   1164                      1089     75     1106
  SINCE JAN 1   1789                      1718     71     1751
..................................................................


WIND (MPH)
  HIGHEST WIND SPEED    18   HIGHEST WIND DIRECTION    SE (140)
  HIGHEST GUST SPEED    22   HIGHEST GUST DIRECTION    SE (140)
  AVERAGE WIND SPEED     6.8


SKY COVER
  AVERAGE SKY COVER 0.7


WEATHER CONDITIONS
 THE FOLLOWING WEATHER WAS RECORDED YESTERDAY.
  NO SIGNIFICANT WEATHER WAS OBSERVED.


RELATIVE HUMIDITY (PERCENT)
 HIGHEST    88           600 AM
 LOWEST     44           400 PM
 AVERAGE    66

..........................................................


THE SAN ANTONIO CLIMATE NORMALS FOR TODAY
                         NORMAL    RECORD    YEAR
 MAXIMUM TEMPERATURE (F)   96       104      1960
                                             1912
 MINIMUM TEMPERATURE (F)   75        68      1949


SUNRISE AND SUNSET
JULY 30 2016..........SUNRISE   653 AM CDT   SUNSET   827 PM CDT
JULY 31 2016..........SUNRISE   653 AM CDT   SUNSET   827 PM CDT


-  INDICATES NEGATIVE NUMBERS.
R  INDICATES RECORD WAS SET OR TIED.
MM INDICATES DATA IS MISSING.
T  INDICATES TRACE AMOUNT.




$$
