000
CDUS44 KEWX 280715
CLISAT


CLIMATE REPORT
NATIONAL WEATHER SERVICE AUSTIN/SAN ANTONIO, TX
113 AM CST SAT FEB 28 2015


...................................

...THE SAN ANTONIO CLIMATE SUMMARY FOR FEBRUARY 27 2015...

CLIMATE NORMAL PERIOD 1981 TO 2010
CLIMATE RECORD PERIOD 1886 TO 2015


WEATHER ITEM   OBSERVED TIME   RECORD YEAR NORMAL DEPARTURE LAST
                VALUE   (LST)  VALUE       VALUE  FROM      YEAR
                                                  NORMAL
..................................................................
TEMPERATURE (F)
 YESTERDAY
  MAXIMUM         38    152 AM  90    2009  69    -31       59
                                      1918
  MINIMUM         33   1018 PM  17    2002  47    -14       32
  AVERAGE         36                        58    -22       46

PRECIPITATION (IN)
  YESTERDAY        0.02          1.03 1889   0.08  -0.06     0.00
  MONTH TO DATE    0.41                      1.72  -1.31     0.42
  SINCE DEC 1      5.32                      5.39  -0.07     1.20
  SINCE JAN 1      4.08                      3.48   0.60     0.65

SNOWFALL (IN)
  YESTERDAY        0.0
  MONTH TO DATE    T
  SINCE DEC 1      T
  SINCE JUL 1      T
  SNOW DEPTH       0

DEGREE DAYS
 HEATING
  YESTERDAY       29                         8     21       19
  MONTH TO DATE  309                       275     34      263
  SINCE DEC 1   1040                      1082    -42     1103
  SINCE JUL 1   1287                      1293     -6     1331

 COOLING
  YESTERDAY        0                         1     -1        0
  MONTH TO DATE   13                        23    -10       62
  SINCE DEC 1     20                        44    -24       83
  SINCE JAN 1     13                        30    -17       65
..................................................................


WIND (MPH)
  HIGHEST WIND SPEED    18   HIGHEST WIND DIRECTION    NE (30)
  HIGHEST GUST SPEED    26   HIGHEST GUST DIRECTION    NE (40)
  AVERAGE WIND SPEED    11.1


SKY COVER
  AVERAGE SKY COVER 1.0


WEATHER CONDITIONS
 THE FOLLOWING WEATHER WAS RECORDED YESTERDAY.
  LIGHT RAIN
  FOG
  HAZE


RELATIVE HUMIDITY (PERCENT)
 HIGHEST    89           300 PM
 LOWEST     52           300 AM
 AVERAGE    71

..........................................................


THE SAN ANTONIO CLIMATE NORMALS FOR TODAY
                         NORMAL    RECORD    YEAR
 MAXIMUM TEMPERATURE (F)   70        94      1940
 MINIMUM TEMPERATURE (F)   47        24      1890


SUNRISE AND SUNSET
FEBRUARY 28 2015......SUNRISE   701 AM CST   SUNSET   632 PM CST
MARCH  1 2015.........SUNRISE   700 AM CST   SUNSET   633 PM CST


-  INDICATES NEGATIVE NUMBERS.
R  INDICATES RECORD WAS SET OR TIED.
MM INDICATES DATA IS MISSING.
T  INDICATES TRACE AMOUNT.




$$
