000
CDUS44 KEWX 202246
CLISAT


CLIMATE REPORT
NATIONAL WEATHER SERVICE AUSTIN/SAN ANTONIO, TX
546 PM CDT THU JUL 20 2017


...................................

...THE SAN ANTONIO CLIMATE SUMMARY FOR JULY 20 2017...
VALID TODAY AS OF 0546 PM LOCAL TIME.

CLIMATE NORMAL PERIOD 1981 TO 2010
CLIMATE RECORD PERIOD 1886 TO 2017


WEATHER ITEM   OBSERVED TIME   RECORD YEAR NORMAL DEPARTURE LAST
                VALUE   (LST)  VALUE       VALUE  FROM      YEAR
                                                  NORMAL
..................................................................
TEMPERATURE (F)
 TODAY
  MAXIMUM        100    421 PM 101    2009  95      5       97
                                      2000
                                      1996
  MINIMUM         76    602 AM  66    1947  75      1       76
  AVERAGE         88                        85      3       87

PRECIPITATION (IN)
  TODAY            0.00          1.27 1988   0.06  -0.06     0.00
  MONTH TO DATE    0.15                      2.10  -1.95     0.01
  SINCE JUN 1      0.55                      6.24  -5.69     2.40
  SINCE JAN 1     13.62                     18.21  -4.59    24.22

SNOWFALL (IN)
  TODAY            0.0
  MONTH TO DATE    0.0
  SINCE JUN 1      0.0
  SINCE JUL 1      0.0
  SNOW DEPTH       0

DEGREE DAYS
 HEATING
  TODAY            0                         0      0        0
  MONTH TO DATE    0                         0      0        0
  SINCE JUN 1      0                         0      0        0
  SINCE JUL 1      0                         0      0        0

 COOLING
  TODAY           23                        20      3       22
  MONTH TO DATE  441                       386     55      460
  SINCE JUN 1    998                       909     89      979
  SINCE JAN 1   1770                      1538    232     1604
..................................................................


WIND (MPH)
  HIGHEST WIND SPEED    17   HIGHEST WIND DIRECTION    SE (120)
  HIGHEST GUST SPEED    22   HIGHEST GUST DIRECTION    SE (120)
  AVERAGE WIND SPEED     6.9


SKY COVER
  AVERAGE SKY COVER 0.3


WEATHER CONDITIONS
 THE FOLLOWING WEATHER WAS RECORDED TODAY.
  NO SIGNIFICANT WEATHER WAS OBSERVED.


RELATIVE HUMIDITY (PERCENT)
 HIGHEST    94           600 AM
 LOWEST     33           200 PM
 AVERAGE    64

..........................................................


THE SAN ANTONIO CLIMATE NORMALS FOR TOMORROW
                         NORMAL    RECORD    YEAR
 MAXIMUM TEMPERATURE (F)   95       102      1911
 MINIMUM TEMPERATURE (F)   75        65      1923


SUNRISE AND SUNSET
JULY 20 2017..........SUNRISE   647 AM CDT   SUNSET   833 PM CDT
JULY 21 2017..........SUNRISE   648 AM CDT   SUNSET   833 PM CDT


-  INDICATES NEGATIVE NUMBERS.
R  INDICATES RECORD WAS SET OR TIED.
MM INDICATES DATA IS MISSING.
T  INDICATES TRACE AMOUNT.




$$
