000
CDUS42 KCHS 250531
CLISAV


CLIMATE REPORT
NATIONAL WEATHER SERVICE CHARLESTON SC
1230 AM EST SUN JAN 25 2015


...................................

...THE SAVANNAH GA CLIMATE SUMMARY FOR JANUARY 24 2015...

CLIMATE NORMAL PERIOD 1981 TO 2010
CLIMATE RECORD PERIOD 1871 TO 2015


WEATHER ITEM   OBSERVED TIME   RECORD YEAR NORMAL DEPARTURE LAST
                VALUE   (LST)  VALUE       VALUE  FROM      YEAR
                                                  NORMAL
..................................................................
TEMPERATURE (F)
 YESTERDAY
  MAXIMUM         67    437 AM  80    2002  61      6       42
                                      1974
  MINIMUM         42   1059 PM  17    2003  39      3       25
  AVERAGE         55                        50      5       34

PRECIPITATION (IN)
  YESTERDAY        0.99          2.53 1984   0.12   0.87     0.00
  MONTH TO DATE    4.12                      2.81   1.31     2.10
  SINCE DEC 1      8.14                      5.76   2.38     4.48
  SINCE JAN 1      4.12                      2.81   1.31     2.10

SNOWFALL (IN)
  YESTERDAY        0.0                       0.0    0.0
  SINCE DEC 1      0.0                       0.2   -0.2
  SINCE JUL 1      0.0                       0.2   -0.2

DEGREE DAYS
 HEATING
  YESTERDAY       10                        15     -5       31
  MONTH TO DATE  341                       381    -40      424
  SINCE DEC 1    625                       804   -179      694
  SINCE JUL 1    917                      1071   -154      950

 COOLING
  YESTERDAY        0                         0      0        0
  MONTH TO DATE    5                         0      5        3
  SINCE DEC 1     11                         9      2       41
  SINCE JAN 1      5                         0      5        3
..................................................................


WIND (MPH)
  HIGHEST WIND SPEED    30   HIGHEST WIND DIRECTION     W (280)
  HIGHEST GUST SPEED    37   HIGHEST GUST DIRECTION     W (280)
  AVERAGE WIND SPEED    15.0


SKY COVER
  POSSIBLE SUNSHINE  MM
  AVERAGE SKY COVER 0.4


WEATHER CONDITIONS
 THE FOLLOWING WEATHER WAS RECORDED YESTERDAY.
  HEAVY RAIN
  RAIN
  LIGHT RAIN
  FOG


RELATIVE HUMIDITY (PERCENT)
 HIGHEST   100           300 AM
 LOWEST     40           400 PM
 AVERAGE    70

..........................................................


THE SAVANNAH GA CLIMATE NORMALS FOR TODAY
                         NORMAL    RECORD    YEAR
 MAXIMUM TEMPERATURE (F)   61        82      1974
                                             1949
                                             1937
 MINIMUM TEMPERATURE (F)   39        19      2003
                                             1963


SUNRISE AND SUNSET
JANUARY 25 2015.......SUNRISE   723 AM EST   SUNSET   552 PM EST
JANUARY 26 2015.......SUNRISE   722 AM EST   SUNSET   553 PM EST


-  INDICATES NEGATIVE NUMBERS.
R  INDICATES RECORD WAS SET OR TIED.
MM INDICATES DATA IS MISSING.
T  INDICATES TRACE AMOUNT.




$$
