000
CDUS42 KCHS 120520
CLISAV


CLIMATE REPORT
NATIONAL WEATHER SERVICE CHARLESTON SC
120 AM EDT SAT JUL 12 2014


...................................

...THE SAVANNAH GA CLIMATE SUMMARY FOR JULY 11 2014...

CLIMATE NORMAL PERIOD 1981 TO 2010
CLIMATE RECORD PERIOD 1871 TO 2014


WEATHER ITEM   OBSERVED TIME   RECORD YEAR NORMAL DEPARTURE LAST
                VALUE   (LST)  VALUE       VALUE  FROM      YEAR
                                                  NORMAL
..................................................................
TEMPERATURE (F)
 YESTERDAY
  MAXIMUM         88    110 PM 103    1980  93     -5       91
                                      1879
  MINIMUM         74    622 AM  64    1898  73      1       75
  AVERAGE         81                        83     -2       83

PRECIPITATION (IN)
  YESTERDAY        0.01          2.67 1959   0.18  -0.17     1.27
  MONTH TO DATE    0.13                      1.87  -1.74     3.11
  SINCE JUN 1     11.77                      7.82   3.95    11.39
  SINCE JAN 1     27.56                     24.08   3.48    30.93

DEGREE DAYS
 HEATING
  YESTERDAY        0                         0      0        0
  MONTH TO DATE    0                         0      0        0
  SINCE JUN 1      0                         0      0        0
  SINCE JUL 1      0                         0      0        0

 COOLING
  YESTERDAY       16                        18     -2       18
  MONTH TO DATE  200                       190     10      182
  SINCE JUN 1    691                       636     55      650
  SINCE JAN 1   1180                      1039    141     1008
..................................................................


WIND (MPH)
  HIGHEST WIND SPEED    20   HIGHEST WIND DIRECTION     E (100)
  HIGHEST GUST SPEED    23   HIGHEST GUST DIRECTION     E (100)
  AVERAGE WIND SPEED     2.4


SKY COVER
  POSSIBLE SUNSHINE  MM
  AVERAGE SKY COVER 0.6


WEATHER CONDITIONS
 THE FOLLOWING WEATHER WAS RECORDED YESTERDAY.
  THUNDERSTORM
  LIGHT RAIN


RELATIVE HUMIDITY (PERCENT)
 HIGHEST    93           500 AM
 LOWEST     65          1100 AM
 AVERAGE    79

..........................................................


THE SAVANNAH GA CLIMATE NORMALS FOR TODAY
                         NORMAL    RECORD    YEAR
 MAXIMUM TEMPERATURE (F)   93       105      1879
 MINIMUM TEMPERATURE (F)   73        63      1963
                                             1898


SUNRISE AND SUNSET
JULY 12 2014..........SUNRISE   627 AM EDT   SUNSET   833 PM EDT
JULY 13 2014..........SUNRISE   628 AM EDT   SUNSET   833 PM EDT


-  INDICATES NEGATIVE NUMBERS.
R  INDICATES RECORD WAS SET OR TIED.
MM INDICATES DATA IS MISSING.
T  INDICATES TRACE AMOUNT.




$$
