000
CDUS42 KCHS 260527
CLISAV


CLIMATE REPORT
NATIONAL WEATHER SERVICE CHARLESTON SC
1227 AM EST FRI DEC 26 2014


...................................

...THE SAVANNAH GA CLIMATE SUMMARY FOR DECEMBER 25 2014...

CLIMATE NORMAL PERIOD 1981 TO 2010
CLIMATE RECORD PERIOD 1871 TO 2014


WEATHER ITEM   OBSERVED TIME   RECORD YEAR NORMAL DEPARTURE LAST
                VALUE   (LST)  VALUE       VALUE  FROM      YEAR
                                                  NORMAL
..................................................................
TEMPERATURE (F)
 YESTERDAY
  MAXIMUM         64   1205 AM  80    2008  61      3       54
                                      1984
  MINIMUM         40   1105 PM  10    1983  39      1       35
  AVERAGE         52                        50      2       45

PRECIPITATION (IN)
  YESTERDAY        T             1.92 1873   0.10  -0.10     0.00
  MONTH TO DATE    3.89                      2.35   1.54     1.55
  SINCE DEC 1      3.89                      2.35   1.54     1.55
  SINCE JAN 1     50.43                     47.36   3.07    53.24

SNOWFALL (IN)
  YESTERDAY       MM                         0.0   MM
  SINCE DEC 1      0.0                       0.1   -0.1
  SINCE JUL 1      0.0                       0.1   -0.1

DEGREE DAYS
 HEATING
  YESTERDAY       13                        15     -2       20
  MONTH TO DATE  234                       329    -95      202
  SINCE DEC 1    234                       329    -95      202
  SINCE JUL 1    526                       596    -70      458

 COOLING
  YESTERDAY        0                         0      0        0
  MONTH TO DATE    5                         3      2       38
  SINCE DEC 1      5                         3      2       38
  SINCE JAN 1   2731                      2452    279     2491
..................................................................


WIND (MPH)
  HIGHEST WIND SPEED    22   HIGHEST WIND DIRECTION     W (280)
  HIGHEST GUST SPEED    28   HIGHEST GUST DIRECTION     W (280)
  AVERAGE WIND SPEED     7.7


SKY COVER
  POSSIBLE SUNSHINE  MM
  AVERAGE SKY COVER 0.6


WEATHER CONDITIONS
 THE FOLLOWING WEATHER WAS RECORDED YESTERDAY.
  LIGHT RAIN


RELATIVE HUMIDITY (PERCENT)
 HIGHEST    93          1100 PM
 LOWEST     42           300 PM
 AVERAGE    68

..........................................................


THE SAVANNAH GA CLIMATE NORMALS FOR TODAY
                         NORMAL    RECORD    YEAR
 MAXIMUM TEMPERATURE (F)   61        79      1987
 MINIMUM TEMPERATURE (F)   39         9      1983


SUNRISE AND SUNSET
DECEMBER 26 2014......SUNRISE   724 AM EST   SUNSET   527 PM EST
DECEMBER 27 2014......SUNRISE   724 AM EST   SUNSET   528 PM EST


-  INDICATES NEGATIVE NUMBERS.
R  INDICATES RECORD WAS SET OR TIED.
MM INDICATES DATA IS MISSING.
T  INDICATES TRACE AMOUNT.




$$
