000
CDUS42 KCHS 260614
CLISAV


CLIMATE REPORT
NATIONAL WEATHER SERVICE CHARLESTON SC
213 AM EDT FRI AUG 26 2016


...................................

...THE SAVANNAH GA CLIMATE SUMMARY FOR AUGUST 25 2016...

CLIMATE NORMAL PERIOD 1981 TO 2010
CLIMATE RECORD PERIOD 1871 TO 2016


WEATHER ITEM   OBSERVED TIME   RECORD YEAR NORMAL DEPARTURE LAST
                VALUE   (LST)  VALUE       VALUE  FROM      YEAR
                                                  NORMAL
..................................................................
TEMPERATURE (F)
 YESTERDAY
  MAXIMUM         94    245 PM  99    1938  90      4       94
  MINIMUM         68    621 AM  62    1997  72     -4       74
  AVERAGE         81                        81      0       84

PRECIPITATION (IN)
  YESTERDAY        0.00          5.75 1995   0.21  -0.21      T
  MONTH TO DATE    3.00                      5.35  -2.35     5.91
  SINCE JUN 1     11.17                     16.90  -5.73    16.90
  SINCE JAN 1     33.84                     33.16   0.68    34.23

DEGREE DAYS
 HEATING
  YESTERDAY        0                         0      0        0
  MONTH TO DATE    0                         0      0        0
  SINCE JUN 1      0                         0      0        0
  SINCE JUL 1      0                         0      0        0

 COOLING
  YESTERDAY       16                        16      0       19
  MONTH TO DATE  499                       418     81      436
  SINCE JUN 1   1676                      1410    266     1528
  SINCE JAN 1   2204                      1813    391     2063
..................................................................


WIND (MPH)
  HIGHEST WIND SPEED    16   HIGHEST WIND DIRECTION    SE (120)
  HIGHEST GUST SPEED    21   HIGHEST GUST DIRECTION     E (110)
  AVERAGE WIND SPEED     6.7


SKY COVER
  POSSIBLE SUNSHINE  MM
  AVERAGE SKY COVER 0.2


WEATHER CONDITIONS
 THE FOLLOWING WEATHER WAS RECORDED YESTERDAY.
  NO SIGNIFICANT WEATHER WAS OBSERVED.


RELATIVE HUMIDITY (PERCENT)
 HIGHEST    90           100 AM
 LOWEST     39           300 PM
 AVERAGE    65

..........................................................


THE SAVANNAH GA CLIMATE NORMALS FOR TODAY
                         NORMAL    RECORD    YEAR
 MAXIMUM TEMPERATURE (F)   90        99      1938
                                             1936
 MINIMUM TEMPERATURE (F)   72        63      1997
                                             1952
                                             1942


SUNRISE AND SUNSET
AUGUST 26 2016........SUNRISE   657 AM EDT   SUNSET   756 PM EDT
AUGUST 27 2016........SUNRISE   657 AM EDT   SUNSET   755 PM EDT


-  INDICATES NEGATIVE NUMBERS.
R  INDICATES RECORD WAS SET OR TIED.
MM INDICATES DATA IS MISSING.
T  INDICATES TRACE AMOUNT.




$$
