000
CDUS42 KCHS 182112
CLISAV


CLIMATE REPORT
NATIONAL WEATHER SERVICE CHARLESTON SC
511 PM EDT THU SEP 18 2014


...................................

...THE SAVANNAH GA CLIMATE SUMMARY FOR SEPTEMBER 18 2014...
VALID TODAY AS OF 0500 PM LOCAL TIME.

CLIMATE NORMAL PERIOD 1981 TO 2010
CLIMATE RECORD PERIOD 1871 TO 2014


WEATHER ITEM   OBSERVED TIME   RECORD YEAR NORMAL DEPARTURE LAST
                VALUE   (LST)  VALUE       VALUE  FROM      YEAR
                                                  NORMAL
..................................................................
TEMPERATURE (F)
 TODAY
  MAXIMUM         89    116 PM 100    1931  86      3       83
  MINIMUM         69    622 AM  56    1910  67      2       65
  AVERAGE         79                        76      3       74

PRECIPITATION (IN)
  TODAY            0.07          6.33 1928   0.15  -0.08     0.00
  MONTH TO DATE    4.44                      2.95   1.49     0.85
  SINCE SEP 1      4.44                      2.95   1.49     0.85
  SINCE JAN 1     39.50                     37.32   2.18    48.02

DEGREE DAYS
 HEATING
  TODAY            0                         0      0        0
  MONTH TO DATE    0                         0      0        0
  SINCE SEP 1      0                         0      0        0
  SINCE JUL 1      0                         0      0        0

 COOLING
  TODAY           14                        12      2        9
  MONTH TO DATE  301                       242     59      286
  SINCE SEP 1    301                       242     59      286
  SINCE JAN 1   2414                      2149    265     2135
..................................................................


WIND (MPH)
  HIGHEST WIND SPEED    15   HIGHEST WIND DIRECTION    SE (130)
  HIGHEST GUST SPEED    18   HIGHEST GUST DIRECTION     S (160)
  AVERAGE WIND SPEED     2.9


SKY COVER
  POSSIBLE SUNSHINE  MM
  AVERAGE SKY COVER 0.4


WEATHER CONDITIONS
 THE FOLLOWING WEATHER WAS RECORDED TODAY.
  RAIN
  FOG
  FOG W/VISIBILITY <= 1/4 MILE


RELATIVE HUMIDITY (PERCENT)
 HIGHEST    97           400 AM
 LOWEST     59          1200 PM
 AVERAGE    78

..........................................................


THE SAVANNAH GA CLIMATE NORMALS FOR TOMORROW
                         NORMAL    RECORD    YEAR
 MAXIMUM TEMPERATURE (F)   85        98      1942
                                             1925
 MINIMUM TEMPERATURE (F)   67        48      1981


SUNRISE AND SUNSET
SEPTEMBER 18 2014.....SUNRISE   710 AM EDT   SUNSET   727 PM EDT
SEPTEMBER 19 2014.....SUNRISE   711 AM EDT   SUNSET   725 PM EDT


-  INDICATES NEGATIVE NUMBERS.
R  INDICATES RECORD WAS SET OR TIED.
MM INDICATES DATA IS MISSING.
T  INDICATES TRACE AMOUNT.




$$
