000
CDUS46 KLOX 300909
CLISBA


CLIMATE REPORT
NATIONAL WEATHER SERVICE LOS ANGELES/OXNARD CA
208 AM PDT SUN APR 30 2017


...................................

...THE SANTA BARBARA AIRPORT CA CLIMATE SUMMARY FOR APRIL 29 2017...

CLIMATE NORMAL PERIOD 1981 TO 2010
CLIMATE RECORD PERIOD 1940 TO 2017


WEATHER ITEM   OBSERVED TIME   RECORD YEAR NORMAL DEPARTURE LAST
                VALUE   (LST)  VALUE       VALUE  FROM      YEAR
                                                  NORMAL
..................................................................
TEMPERATURE (F)
 YESTERDAY
  MAXIMUM         77    225 PM  85    2014  68      9       66
  MINIMUM         49    429 AM  39    2002  50     -1       51
  AVERAGE         63                        59      4       59

PRECIPITATION (IN)
  YESTERDAY        0.00          0.46 1983   0.02  -0.02     0.00
  MONTH TO DATE    0.41                      0.98  -0.57     0.54
  SINCE OCT 1     24.11                     16.92   7.19    10.19
  SINCE JAN 1     19.30                     11.62   7.68     9.31

SNOWFALL (IN)
  YESTERDAY        0.0
  MONTH TO DATE    0.0
  SINCE MAR 1      0.0
  SINCE JUL 1      0.0

DEGREE DAYS
 HEATING
  YESTERDAY        2                         6     -4        6
  MONTH TO DATE  133                       223    -90      115
  SINCE MAR 1    338                       519   -181      308
  SINCE JUL 1   1706                      2120   -414     1371

 COOLING
  YESTERDAY        0                         0      0        0
  MONTH TO DATE   22                         0     22        2
  SINCE MAR 1     22                         2     20        8
  SINCE JAN 1     22                         2     20       10
..................................................................


WIND (MPH)
  HIGHEST WIND SPEED    15   HIGHEST WIND DIRECTION     W (260)
  HIGHEST GUST SPEED    19   HIGHEST GUST DIRECTION     W (260)
  AVERAGE WIND SPEED     5.2


SKY COVER
  POSSIBLE SUNSHINE  MM
  AVERAGE SKY COVER 0.0


WEATHER CONDITIONS
 THE FOLLOWING WEATHER WAS RECORDED YESTERDAY.
  NO SIGNIFICANT WEATHER WAS OBSERVED.


RELATIVE HUMIDITY (PERCENT)
 HIGHEST    77           600 AM
 LOWEST     16          1200 AM
 AVERAGE    47

..........................................................


THE SANTA BARBARA AIRPORT CA CLIMATE NORMALS FOR TODAY
                         NORMAL    RECORD    YEAR
 MAXIMUM TEMPERATURE (F)   68        90      2014
 MINIMUM TEMPERATURE (F)   50        40      1990


SUNRISE AND SUNSET
APRIL 30 2017.........SUNRISE   610 AM PDT   SUNSET   743 PM PDT
MAY  1 2017...........SUNRISE   609 AM PDT   SUNSET   744 PM PDT


-  INDICATES NEGATIVE NUMBERS.
R  INDICATES RECORD WAS SET OR TIED.
MM INDICATES DATA IS MISSING.
T  INDICATES TRACE AMOUNT.




$$
