000
CDUS46 KLOX 280112
CLISBA


CLIMATE REPORT
NATIONAL WEATHER SERVICE LOS ANGELES/OXNARD CA
612 PM PDT WED MAY 27 2015


...................................

...THE SANTA BARBARA AIRPORT CA CLIMATE SUMMARY FOR MAY 27 2015...
VALID TODAY AS OF 0600 PM LOCAL TIME.

CLIMATE NORMAL PERIOD 1981 TO 2010
CLIMATE RECORD PERIOD 1940 TO 2015


WEATHER ITEM   OBSERVED TIME   RECORD YEAR NORMAL DEPARTURE LAST
                VALUE   (LST)  VALUE       VALUE  FROM      YEAR
                                                  NORMAL
..................................................................
TEMPERATURE (F)
 TODAY
  MAXIMUM         68    246 PM  95    1960  69     -1       69
  MINIMUM         55    459 AM  44    1987  52      3       57
  AVERAGE         62                        61      1       63

PRECIPITATION (IN)
  TODAY            0.00          0.69 1990   0.01  -0.01     0.00
  MONTH TO DATE    0.32                      0.32   0.00      T
  SINCE OCT 1      9.32                     17.26  -7.94     6.49
  SINCE JAN 1      3.03                     11.96  -8.93     5.20

SNOWFALL (IN)
  TODAY            0.0
  MONTH TO DATE    0.0
  SINCE MAR 1      0.0
  SINCE JUL 1      0.0

DEGREE DAYS
 HEATING
  TODAY            3                         4     -1        2
  MONTH TO DATE  160                       143     17       46
  SINCE MAR 1    424                       667   -243      371
  SINCE JUL 1   1249                      2268  -1019     1606

 COOLING
  TODAY            0                         0      0        0
  MONTH TO DATE    0                         0      0       52
  SINCE MAR 1     38                         7     31       68
  SINCE JAN 1     38                         7     31       68
..................................................................


WIND (MPH)
  HIGHEST WIND SPEED    15   HIGHEST WIND DIRECTION     W (250)
  HIGHEST GUST SPEED    19   HIGHEST GUST DIRECTION    SW (240)
  AVERAGE WIND SPEED     7.6


SKY COVER
  POSSIBLE SUNSHINE  MM
  AVERAGE SKY COVER 0.3


WEATHER CONDITIONS
 THE FOLLOWING WEATHER WAS RECORDED TODAY.
  NO SIGNIFICANT WEATHER WAS OBSERVED.


RELATIVE HUMIDITY (PERCENT)
 HIGHEST    86           100 AM
 LOWEST     58           200 PM
 AVERAGE    72

..........................................................


THE SANTA BARBARA AIRPORT CA CLIMATE NORMALS FOR TOMORROW
                         NORMAL    RECORD    YEAR
 MAXIMUM TEMPERATURE (F)   69        85      1978
 MINIMUM TEMPERATURE (F)   52        44      2008
                                             1991


SUNRISE AND SUNSET
MAY 27 2015...........SUNRISE   550 AM PDT   SUNSET   803 PM PDT
MAY 28 2015...........SUNRISE   550 AM PDT   SUNSET   804 PM PDT


-  INDICATES NEGATIVE NUMBERS.
R  INDICATES RECORD WAS SET OR TIED.
MM INDICATES DATA IS MISSING.
T  INDICATES TRACE AMOUNT.




$$
