000
CDUS43 KIWX 290026
CLISBN


CLIMATE REPORT
NATIONAL WEATHER SERVICE NORTHERN INDIANA
726 PM EST FRI NOV 28 2014


...................................

...THE SOUTH BEND CLIMATE SUMMARY FOR NOVEMBER 28 2014...
VALID AS OF 0700 PM LOCAL TIME.

CLIMATE NORMAL PERIOD 1981 TO 2010
CLIMATE RECORD PERIOD 1893 TO 2014


WEATHER ITEM   OBSERVED TIME   RECORD YEAR NORMAL DEPARTURE LAST
                VALUE   (LST)  VALUE       VALUE  FROM      YEAR
                                                  NORMAL
..................................................................
TEMPERATURE (F)
 TODAY
  MAXIMUM         29    659 PM  67    1909  42    -13       32
  MINIMUM         15    356 AM   1    1930  29    -14       19
  AVERAGE         22                        35    -13       26

PRECIPITATION (IN)
  TODAY            0.01          1.20 1968   0.11  -0.10      T
  MONTH TO DATE    3.37                      3.06   0.31     2.63
  SINCE SEP 1     11.76                      9.91   1.85    11.10
  SINCE JAN 1     39.97                     35.18   4.79    38.02

SNOWFALL (IN)
  TODAY            0.2           4.3  1966   0.2    0.0      0.1
  MONTH TO DATE   19.1                       4.2   14.9      8.9
  SINCE SEP 1     19.3                       4.6   14.7      9.2
  SINCE JUL 1     19.3                       4.6   14.7      9.2
  SNOW DEPTH       2

DEGREE DAYS
 HEATING
  TODAY           43                        30     13       39
  MONTH TO DATE  870                       667    203      728
  SINCE SEP 1   1375                      1190    185     1198
  SINCE JUL 1   1403                      1208    195     1227

 COOLING
  TODAY            0                         0      0        0
  MONTH TO DATE    0                         0      0        0
  SINCE SEP 1     78                        91    -13      148
  SINCE JAN 1    771                       773     -2      828
..................................................................


WIND (MPH)
  RESULTANT WIND SPEED   7   RESULTANT WIND DIRECTION   S (190)
  HIGHEST WIND SPEED    18   HIGHEST WIND DIRECTION    SE (150)
  HIGHEST GUST SPEED    22   HIGHEST GUST DIRECTION    SE (150)
  AVERAGE WIND SPEED     9.6


SKY COVER
  POSSIBLE SUNSHINE  MM
  AVERAGE SKY COVER 0.8


WEATHER CONDITIONS
 THE FOLLOWING WEATHER WAS RECORDED TODAY.
  LIGHT SNOW
  FOG
  HAZE


RELATIVE HUMIDITY (PERCENT)
 HIGHEST    84           500 AM
 LOWEST     68          1200 AM
 AVERAGE    76

..........................................................


THE SOUTH BEND CLIMATE NORMALS FOR TOMORROW
                         NORMAL    RECORD    YEAR
 MAXIMUM TEMPERATURE (F)   41        74      1905
 MINIMUM TEMPERATURE (F)   28         4      1929


SUNRISE AND SUNSET
NOVEMBER 28 2014......SUNRISE   750 AM EST   SUNSET   517 PM EST
NOVEMBER 29 2014......SUNRISE   751 AM EST   SUNSET   516 PM EST


-  INDICATES NEGATIVE NUMBERS.
R  INDICATES RECORD WAS SET OR TIED.
MM INDICATES DATA IS MISSING.
T  INDICATES TRACE AMOUNT.




$$
