000
CDUS43 KIWX 290525
CLISBN


CLIMATE REPORT
NATIONAL WEATHER SERVICE NORTHERN INDIANA
1224 AM EST THU JAN 29 2015


...................................

...THE SOUTH BEND CLIMATE SUMMARY FOR JANUARY 28 2015...

CLIMATE NORMAL PERIOD 1981 TO 2010
CLIMATE RECORD PERIOD 1893 TO 2015


WEATHER ITEM   OBSERVED TIME   RECORD YEAR NORMAL DEPARTURE LAST
                VALUE   (LST)  VALUE       VALUE  FROM      YEAR
                                                  NORMAL
..................................................................
TEMPERATURE (F)
 YESTERDAY
  MAXIMUM         31   1159 PM  58    2002  31      0        2
  MINIMUM         12    539 AM -16    1963  18     -6      -14
  AVERAGE         22                        24     -2       -6

PRECIPITATION (IN)
  YESTERDAY        0.00          0.82 1969   0.07  -0.07     0.00
  MONTH TO DATE    1.83                      2.10  -0.27     3.05
  SINCE DEC 1      3.30                      4.71  -1.41     5.38
  SINCE JAN 1      1.83                      2.10  -0.27     3.05

SNOWFALL (IN)
  YESTERDAY        0.0           3.8  1977   0.7   -0.7      0.0
  MONTH TO DATE   21.3                      18.6    2.7     45.9
  SINCE DEC 1     21.5                      35.9  -14.4     64.4
  SINCE JUL 1     40.8                      41.1   -0.3     73.6
  SNOW DEPTH       2

DEGREE DAYS
 HEATING
  YESTERDAY       43                        41      2       71
  MONTH TO DATE 1199                      1140     59     1268
  SINCE DEC 1   2177                      2262    -85     2465
  SINCE JUL 1   3619                      3531     88     3754

 COOLING
  YESTERDAY        0                         0      0        0
  MONTH TO DATE    0                         0      0        0
  SINCE DEC 1      0                         0      0        0
  SINCE JAN 1      0                         0      0        0
..................................................................


WIND (MPH)
  HIGHEST WIND SPEED    23   HIGHEST WIND DIRECTION     S (160)
  HIGHEST GUST SPEED    30   HIGHEST GUST DIRECTION    SE (150)
  AVERAGE WIND SPEED    10.2


SKY COVER
  AVERAGE SKY COVER 0.0


WEATHER CONDITIONS
 THE FOLLOWING WEATHER WAS RECORDED YESTERDAY.
  NO SIGNIFICANT WEATHER WAS OBSERVED.


RELATIVE HUMIDITY (PERCENT)
 HIGHEST    80           100 AM
 LOWEST     49           100 PM
 AVERAGE    65

..........................................................


THE SOUTH BEND CLIMATE NORMALS FOR TODAY
                         NORMAL    RECORD    YEAR
 MAXIMUM TEMPERATURE (F)   32        59      2013
 MINIMUM TEMPERATURE (F)   18       -12      1899


SUNRISE AND SUNSET
JANUARY 29 2015.......SUNRISE   800 AM EST   SUNSET   557 PM EST
JANUARY 30 2015.......SUNRISE   800 AM EST   SUNSET   558 PM EST


-  INDICATES NEGATIVE NUMBERS.
R  INDICATES RECORD WAS SET OR TIED.
MM INDICATES DATA IS MISSING.
T  INDICATES TRACE AMOUNT.




$$
