000
CDUS43 KIWX 250529
CLISBN


CLIMATE REPORT
NATIONAL WEATHER SERVICE NORTHERN INDIANA
128 AM EDT WED MAY 25 2016


...................................

...THE SOUTH BEND CLIMATE SUMMARY FOR MAY 24 2016...

CLIMATE NORMAL PERIOD 1981 TO 2010
CLIMATE RECORD PERIOD 1893 TO 2016


WEATHER ITEM   OBSERVED TIME   RECORD YEAR NORMAL DEPARTURE LAST
                VALUE   (LST)  VALUE       VALUE  FROM      YEAR
                                                  NORMAL
..................................................................
TEMPERATURE (F)
 YESTERDAY
  MAXIMUM         85    423 PM  90    2007  72     13       84
  MINIMUM         51    426 AM  33    1925  51      0       54
  AVERAGE         68                        62      6       69

PRECIPITATION (IN)
  YESTERDAY        0.00          1.94 1927   0.13  -0.13     0.00
  MONTH TO DATE    2.39                      2.91  -0.52     3.05
  SINCE MAR 1     11.23                      8.56   2.67     6.23
  SINCE JAN 1     15.01                     12.80   2.21    10.13

SNOWFALL (IN)
  YESTERDAY        0.0           0.0  2002   0.0    0.0      0.0
                                      2001
  MONTH TO DATE    0.0                       0.0    0.0      0.0
  SINCE MAR 1     10.9                       8.5    2.4      6.1
  SINCE JUL 1     70.2                      66.6    3.6     83.9
  SNOW DEPTH       0

DEGREE DAYS
 HEATING
  YESTERDAY        0                         5     -5        0
  MONTH TO DATE  261                       193     68      121
  SINCE MAR 1   1475                      1535    -60     1496
  SINCE JUL 1   5605                      6224   -619     6593

 COOLING
  YESTERDAY        3                         2      1        4
  MONTH TO DATE    3                        30    -27       51
  SINCE MAR 1      7                        40    -33       53
  SINCE JAN 1      7                        40    -33       53
..................................................................


WIND (MPH)
  HIGHEST WIND SPEED    20   HIGHEST WIND DIRECTION    SW (210)
  HIGHEST GUST SPEED    25   HIGHEST GUST DIRECTION    SW (220)
  AVERAGE WIND SPEED     8.7


SKY COVER
  AVERAGE SKY COVER 0.0


WEATHER CONDITIONS
 THE FOLLOWING WEATHER WAS RECORDED YESTERDAY.
  NO SIGNIFICANT WEATHER WAS OBSERVED.


RELATIVE HUMIDITY (PERCENT)
 HIGHEST    59           600 AM
 LOWEST     27           500 PM
 AVERAGE    43

..........................................................


THE SOUTH BEND CLIMATE NORMALS FOR TODAY
                         NORMAL    RECORD    YEAR
 MAXIMUM TEMPERATURE (F)   73        91      1977
 MINIMUM TEMPERATURE (F)   52        28      1925


SUNRISE AND SUNSET
MAY 25 2016...........SUNRISE   617 AM EDT   SUNSET   908 PM EDT
MAY 26 2016...........SUNRISE   616 AM EDT   SUNSET   909 PM EDT


-  INDICATES NEGATIVE NUMBERS.
R  INDICATES RECORD WAS SET OR TIED.
MM INDICATES DATA IS MISSING.
T  INDICATES TRACE AMOUNT.




$$
