000
CDUS41 KAKQ 230833
CLISBY


CLIMATE REPORT
NATIONAL WEATHER SERVICE WAKEFIELD, VA
433 AM EDT WED APR 23 2014


...................................

...THE SALISBURY MD CLIMATE SUMMARY FOR APRIL 22 2014...

CLIMATE NORMAL PERIOD 1981 TO 2010
CLIMATE RECORD PERIOD 1900 TO 2014


WEATHER ITEM   OBSERVED TIME   RECORD YEAR NORMAL DEPARTURE LAST
                VALUE   (LST)  VALUE       VALUE  FROM      YEAR
                                                  NORMAL
..................................................................
TEMPERATURE (F)
 YESTERDAY
  MAXIMUM         79    301 PM  94    1985  67     12       56
  MINIMUM         41    416 AM  30    1975  45     -4       36
  AVERAGE         60                        56      4       46

PRECIPITATION (IN)
  YESTERDAY        T             1.93 2012   0.10  -0.10     0.00
  MONTH TO DATE    1.93                      2.72  -0.79     2.42
  SINCE MAR 1      4.50                      7.14  -2.64     7.27
  SINCE JAN 1      8.48                     14.10  -5.62    13.97

SNOWFALL (IN)
  YESTERDAY        0.0           0.0  2002   0.0    0.0
                                      2001
  MONTH TO DATE    0.0                       0.2   -0.2
  SINCE NOV 1     22.5                       9.3   13.2
  SINCE JUL 1     22.5                       9.3   13.2
  SNOW DEPTH       0

DEGREE DAYS
 HEATING
  YESTERDAY        5                        10     -5       19
  MONTH TO DATE  222                       277    -55      199
  SINCE MAR 1    911                       907      4      896
  SINCE JUL 1   4051                      4212   -161     3674

 COOLING
  YESTERDAY        0                         1     -1        0
  MONTH TO DATE   14                         9      5       46
  SINCE MAR 1     14                        11      3       46
  SINCE JAN 1     14                        11      3       46
..................................................................


WIND (MPH)
  HIGHEST WIND SPEED    21   HIGHEST WIND DIRECTION     S (200)
  HIGHEST GUST SPEED    25   HIGHEST GUST DIRECTION     S (200)
  AVERAGE WIND SPEED     5.4


SKY COVER
  POSSIBLE SUNSHINE  MM
  AVERAGE SKY COVER 0.2


WEATHER CONDITIONS
 THE FOLLOWING WEATHER WAS RECORDED YESTERDAY.
  LIGHT RAIN


RELATIVE HUMIDITY (PERCENT)
 HIGHEST    89           100 AM
 LOWEST     26          1200 PM
 AVERAGE    58

..........................................................


THE SALISBURY MD CLIMATE NORMALS FOR TODAY
                         NORMAL    RECORD    YEAR
 MAXIMUM TEMPERATURE (F)   67        91      1960
 MINIMUM TEMPERATURE (F)   45        30      1936


SUNRISE AND SUNSET
APRIL 23 2014.........SUNRISE   615 AM EDT   SUNSET   746 PM EDT
APRIL 24 2014.........SUNRISE   614 AM EDT   SUNSET   747 PM EDT


-  INDICATES NEGATIVE NUMBERS.
R  INDICATES RECORD WAS SET OR TIED.
MM INDICATES DATA IS MISSING.
T  INDICATES TRACE AMOUNT.




$$
