000
CDUS41 KAKQ 242227
CLISBY


CLIMATE REPORT
NATIONAL WEATHER SERVICE WAKEFIELD, VA
527 PM EST TUE JAN 24 2017


...................................

...THE SALISBURY MD CLIMATE SUMMARY FOR JANUARY 24 2017...
VALID TODAY AS OF 0500 PM LOCAL TIME.

CLIMATE NORMAL PERIOD 1981 TO 2010
CLIMATE RECORD PERIOD 1900 TO 2017


WEATHER ITEM   OBSERVED TIME   RECORD YEAR NORMAL DEPARTURE LAST
                VALUE   (LST)  VALUE       VALUE  FROM      YEAR
                                                  NORMAL
..................................................................
TEMPERATURE (F)
 TODAY
  MAXIMUM         47    239 PM  74    1967  44      3       35
  MINIMUM         39    926 AM   3    1918  27     12       23
  AVERAGE         43

PRECIPITATION (IN)
  TODAY            0.01          1.40 1999   0.12  -0.11      T
  MONTH TO DATE    3.18                      2.76   0.42     3.18
  SINCE DEC 1      6.11                      6.47  -0.36     7.67
  SINCE JAN 1      3.18                      2.76   0.42     3.18

SNOWFALL (IN)
  TODAY           MM
  MONTH TO DATE    9.1
  SINCE NOV 1      9.1
  SINCE JUL 1      9.1
  SNOW DEPTH       0

DEGREE DAYS
 HEATING
  TODAY           22
  MONTH TO DATE  587
  SINCE DEC 1   1367
  SINCE JUL 1   2027

 COOLING
  TODAY            0
  MONTH TO DATE    0
  SINCE DEC 1      0
  SINCE JAN 1      0
..................................................................


WIND (MPH)
  RESULTANT WIND SPEED  14   RESULTANT WIND DIRECTION  NW (320)
  HIGHEST WIND SPEED    23   HIGHEST WIND DIRECTION    NW (300)
  HIGHEST GUST SPEED    34   HIGHEST GUST DIRECTION    NW (320)


SKY COVER
  POSSIBLE SUNSHINE  MM
  AVERAGE SKY COVER 0.9


WEATHER CONDITIONS
 THE FOLLOWING WEATHER WAS RECORDED TODAY.
  LIGHT RAIN
  FOG


RELATIVE HUMIDITY (PERCENT)
 HIGHEST   100
 LOWEST     60
 AVERAGE    80

..........................................................


THE SALISBURY MD CLIMATE NORMALS FOR TOMORROW
                         NORMAL    RECORD    YEAR
 MAXIMUM TEMPERATURE (F)   44        75      1950
 MINIMUM TEMPERATURE (F)   27         4      2003


SUNRISE AND SUNSET
JANUARY 24 2017.......SUNRISE   713 AM EST   SUNSET   516 PM EST
JANUARY 25 2017.......SUNRISE   712 AM EST   SUNSET   517 PM EST


-  INDICATES NEGATIVE NUMBERS.
R  INDICATES RECORD WAS SET OR TIED.
MM INDICATES DATA IS MISSING.
T  INDICATES TRACE AMOUNT.




$$
