000
CDUS41 KAKQ 210830
CLISBY


CLIMATE REPORT
NATIONAL WEATHER SERVICE WAKEFIELD, VA
430 AM EDT SUN SEP 21 2014


...................................

...THE SALISBURY MD CLIMATE SUMMARY FOR SEPTEMBER 20 2014...

CLIMATE NORMAL PERIOD 1981 TO 2010
CLIMATE RECORD PERIOD 1900 TO 2014


WEATHER ITEM   OBSERVED TIME   RECORD YEAR NORMAL DEPARTURE LAST
                VALUE   (LST)  VALUE       VALUE  FROM      YEAR
                                                  NORMAL
..................................................................
TEMPERATURE (F)
 YESTERDAY
  MAXIMUM         81    129 PM  90    1983  77      4       81
  MINIMUM         57    340 AM  38    1916  56      1       49
  AVERAGE         69                        67      2       65

PRECIPITATION (IN)
  YESTERDAY        0.00          4.00 1938   0.14  -0.14     0.00
  MONTH TO DATE    3.03                      2.64   0.39     0.32
  SINCE SEP 1      3.03                      2.64   0.39     0.32
  SINCE JAN 1     23.31                     33.71 -10.40    40.00

SNOWFALL (IN)
  YESTERDAY        0.0           0.0  2002   0.0    0.0
                                      2001
  MONTH TO DATE    0.0                       0.0    0.0
  SINCE NOV 1     22.5                       9.3   13.2
  SINCE JUL 1      0.0                       0.0    0.0
  SNOW DEPTH       0

DEGREE DAYS
 HEATING
  YESTERDAY        0                         2     -2        0
  MONTH TO DATE    0                        15    -15       15
  SINCE SEP 1      0                        15    -15       15
  SINCE JUL 1      0                        17    -17       15

 COOLING
  YESTERDAY        4                         4      0        0
  MONTH TO DATE  177                       117     60      159
  SINCE SEP 1    177                       117     60      159
  SINCE JAN 1   1299                      1100    199     1522
..................................................................


WIND (MPH)
  HIGHEST WIND SPEED    16   HIGHEST WIND DIRECTION     E (110)
  HIGHEST GUST SPEED    20   HIGHEST GUST DIRECTION     E (100)
  AVERAGE WIND SPEED     4.8


SKY COVER
  POSSIBLE SUNSHINE  MM
  AVERAGE SKY COVER 0.6


WEATHER CONDITIONS
 THE FOLLOWING WEATHER WAS RECORDED YESTERDAY.
  FOG
  HAZE


RELATIVE HUMIDITY (PERCENT)
 HIGHEST    93           600 AM
 LOWEST     45           100 PM
 AVERAGE    69

..........................................................


THE SALISBURY MD CLIMATE NORMALS FOR TODAY
                         NORMAL    RECORD    YEAR
 MAXIMUM TEMPERATURE (F)   77        95      1931
 MINIMUM TEMPERATURE (F)   56        34      1956


SUNRISE AND SUNSET
SEPTEMBER 21 2014.....SUNRISE   649 AM EDT   SUNSET   701 PM EDT
SEPTEMBER 22 2014.....SUNRISE   650 AM EDT   SUNSET   659 PM EDT


-  INDICATES NEGATIVE NUMBERS.
R  INDICATES RECORD WAS SET OR TIED.
MM INDICATES DATA IS MISSING.
T  INDICATES TRACE AMOUNT.




$$
