000
CDUS41 KAKQ 140629
CLISBY


CLIMATE REPORT
NATIONAL WEATHER SERVICE WAKEFIELD, VA
129 AM EST THU DEC 14 2017


...................................

...THE SALISBURY MD CLIMATE SUMMARY FOR DECEMBER 13 2017...

CLIMATE NORMAL PERIOD 1981 TO 2010
CLIMATE RECORD PERIOD 1900 TO 2017


WEATHER ITEM   OBSERVED TIME   RECORD YEAR NORMAL DEPARTURE LAST
                VALUE   (LST)  VALUE       VALUE  FROM      YEAR
                                                  NORMAL
..................................................................
TEMPERATURE (F)
 YESTERDAY
  MAXIMUM         35   1031 PM  70    2015  49    -14       45
  MINIMUM         22    723 AM   6    1958  30     -8       31
  AVERAGE         29                        40    -11       38

PRECIPITATION (IN)
  YESTERDAY        T             1.55 1909   0.13  -0.13      T
  MONTH TO DATE    1.06                      1.65  -0.59     2.04
  SINCE DEC 1      1.06                      1.65  -0.59     2.04
  SINCE JAN 1     51.06                     43.62   7.44    53.54

SNOWFALL (IN)
  YESTERDAY        T             5.0  1989   0.1   -0.1
  MONTH TO DATE    6.9                       0.7    6.2
  SINCE NOV 1      6.9                       0.9    6.0
  SINCE JUL 1      6.9                       0.9    6.0
  SNOW DEPTH       0

DEGREE DAYS
 HEATING
  YESTERDAY       36                        26     10       27
  MONTH TO DATE  328                       308     20      315
  SINCE DEC 1    328                       308     20      315
  SINCE JUL 1    999                      1126   -127      975

 COOLING
  YESTERDAY        0                         0      0        0
  MONTH TO DATE    0                         0      0        0
  SINCE DEC 1      0                         0      0        0
  SINCE JAN 1   1415                      1153    262     1481
..................................................................


WIND (MPH)
  HIGHEST WIND SPEED    26   HIGHEST WIND DIRECTION    NW (300)
  HIGHEST GUST SPEED    36   HIGHEST GUST DIRECTION    NW (300)
  AVERAGE WIND SPEED    14.3


SKY COVER
  POSSIBLE SUNSHINE  MM
  AVERAGE SKY COVER 0.4


WEATHER CONDITIONS
 THE FOLLOWING WEATHER WAS RECORDED YESTERDAY.
  LIGHT SNOW
  FOG


RELATIVE HUMIDITY (PERCENT)
 HIGHEST    61          1000 PM
 LOWEST     36           300 PM
 AVERAGE    49

..........................................................


THE SALISBURY MD CLIMATE NORMALS FOR TODAY
                         NORMAL    RECORD    YEAR
 MAXIMUM TEMPERATURE (F)   48        73      2015
 MINIMUM TEMPERATURE (F)   30         6      1958


SUNRISE AND SUNSET
DECEMBER 14 2017......SUNRISE   711 AM EST   SUNSET   442 PM EST
DECEMBER 15 2017......SUNRISE   712 AM EST   SUNSET   443 PM EST


-  INDICATES NEGATIVE NUMBERS.
R  INDICATES RECORD WAS SET OR TIED.
MM INDICATES DATA IS MISSING.
T  INDICATES TRACE AMOUNT.




$$
