000
CDUS41 KAKQ 241041
CLISBY


CLIMATE REPORT
NATIONAL WEATHER SERVICE WAKEFIELD, VA
640 AM EDT MON JUL 24 2017


...................................

...THE SALISBURY MD CLIMATE SUMMARY FOR JULY 23 2017...

CLIMATE NORMAL PERIOD 1981 TO 2010
CLIMATE RECORD PERIOD 1900 TO 2017


WEATHER ITEM   OBSERVED TIME   RECORD YEAR NORMAL DEPARTURE LAST
                VALUE   (LST)  VALUE       VALUE  FROM      YEAR
                                                  NORMAL
..................................................................
TEMPERATURE (F)
 YESTERDAY
  MAXIMUM         88    221 PM 103    2011  87      1       94
  MINIMUM         72    223 AM  52    1974  67      5       76
  AVERAGE         80                        77      3       85

PRECIPITATION (IN)
  YESTERDAY        2.12          2.86 1988   0.15   1.97     0.00
  MONTH TO DATE    5.37                      3.05   2.32     3.21
  SINCE JUN 1      7.36                      6.76   0.60     9.54
  SINCE JAN 1     23.89                     25.31  -1.42    28.27

SNOWFALL (IN)
  YESTERDAY        0.0           0.0  2002   0.0    0.0
                                      2001
  MONTH TO DATE    0.0                       0.0    0.0
  SINCE NOV 1      9.6                       9.3    0.3
  SINCE JUL 1      0.0                       0.0    0.0
  SNOW DEPTH       0

DEGREE DAYS
 HEATING
  YESTERDAY        0                         0      0        0
  MONTH TO DATE    0                         0      0        0
  SINCE JUN 1     15                        19     -4        1
  SINCE JUL 1      0                         0      0        0

 COOLING
  YESTERDAY       15                        12      3       20
  MONTH TO DATE  371                       271    100      316
  SINCE JUN 1    649                       498    151      529
  SINCE JAN 1    787                       582    205      614
..................................................................


WIND (MPH)
  HIGHEST WIND SPEED     8   HIGHEST WIND DIRECTION    SW (240)
  HIGHEST GUST SPEED    36   HIGHEST GUST DIRECTION    NW (300)
  AVERAGE WIND SPEED     3.6


SKY COVER
  POSSIBLE SUNSHINE  MM
  AVERAGE SKY COVER 0.3


WEATHER CONDITIONS
 THE FOLLOWING WEATHER WAS RECORDED YESTERDAY.
  HEAVY RAIN
  LIGHT RAIN
  FOG


RELATIVE HUMIDITY (PERCENT)
 HIGHEST   100           500 AM
 LOWEST     68           100 PM
 AVERAGE    84

..........................................................


THE SALISBURY MD CLIMATE NORMALS FOR TODAY
                         NORMAL    RECORD    YEAR
 MAXIMUM TEMPERATURE (F)   87       101      2010
 MINIMUM TEMPERATURE (F)   67        53      1947


SUNRISE AND SUNSET
JULY 24 2017..........SUNRISE   558 AM EDT   SUNSET   819 PM EDT
JULY 25 2017..........SUNRISE   559 AM EDT   SUNSET   818 PM EDT


-  INDICATES NEGATIVE NUMBERS.
R  INDICATES RECORD WAS SET OR TIED.
MM INDICATES DATA IS MISSING.
T  INDICATES TRACE AMOUNT.




$$
