000
CDUS46 KSTO 160842
CLISCK


CLIMATE REPORT
NATIONAL WEATHER SERVICE SACRAMENTO, CA
1241 AM PST SAT DEC 16 2017


...................................

...THE STOCKTON AIRPORT CA CLIMATE SUMMARY FOR DECEMBER 15 2017...

CLIMATE NORMAL PERIOD 1981 TO 2010
CLIMATE RECORD PERIOD 1948 TO 2017


WEATHER ITEM   OBSERVED TIME   RECORD YEAR NORMAL DEPARTURE LAST
                VALUE   (LST)  VALUE       VALUE  FROM      YEAR
                                                  NORMAL
..................................................................
TEMPERATURE (F)
 YESTERDAY
  MAXIMUM         59    357 PM  69    1958  54      5       58
  MINIMUM         30    635 AM  24    1975  37     -7       53
  AVERAGE         45

PRECIPITATION (IN)
  YESTERDAY        0.00          0.93 2014   0.07  -0.07     0.79
  MONTH TO DATE    T                         0.97  -0.97     1.40
  SINCE OCT 1      0.91                      3.48  -2.57     5.45
  SINCE JAN 1     16.54                     12.81   3.73    17.57

SNOWFALL (IN)
  YESTERDAY        0.0           0.0  2001
  MONTH TO DATE    0.0
  SINCE DEC 1      0.0
  SINCE JUL 1      0.0
  SNOW DEPTH       0

DEGREE DAYS
 HEATING
  YESTERDAY       20                        20      0        9
  MONTH TO DATE  255                       278    -23      222
  SINCE DEC 1    255                       278    -23      222
  SINCE JUL 1    559                       735   -176      491

 COOLING
  YESTERDAY        0                         0      0        0
  MONTH TO DATE    0                         0      0        0
  SINCE DEC 1      0                         0      0        0
  SINCE JAN 1   1797                      1320    477     1445
..................................................................


WIND (MPH)
  RESULTANT WIND SPEED   2   RESULTANT WIND DIRECTION  NW (310)
  HIGHEST WIND SPEED    14   HIGHEST WIND DIRECTION    NW (310)
  HIGHEST GUST SPEED    16   HIGHEST GUST DIRECTION    NW (310)


SKY COVER
  POSSIBLE SUNSHINE  MM
  AVERAGE SKY COVER 0.0


WEATHER CONDITIONS
 THE FOLLOWING WEATHER WAS RECORDED YESTERDAY.
  FOG
  HAZE


RELATIVE HUMIDITY (PERCENT)
 HIGHEST   100           400 AM
 LOWEST     51           200 PM
 AVERAGE    76

..........................................................


THE STOCKTON AIRPORT CA CLIMATE NORMALS FOR TODAY
                         NORMAL    RECORD    YEAR
 MAXIMUM TEMPERATURE (F)   53        70      1958
 MINIMUM TEMPERATURE (F)   37        25      1975


SUNRISE AND SUNSET
DECEMBER 16 2017......SUNRISE   714 AM PST   SUNSET   447 PM PST
DECEMBER 17 2017......SUNRISE   715 AM PST   SUNSET   448 PM PST


-  INDICATES NEGATIVE NUMBERS.
R  INDICATES RECORD WAS SET OR TIED.
MM INDICATES DATA IS MISSING.
T  INDICATES TRACE AMOUNT.




$$
