000
CDUS46 KSTO 010900
CLISCK


CLIMATE REPORT
NATIONAL WEATHER SERVICE SACRAMENTO, CA
1259 AM PST SUN FEB 1 2015


...................................

...THE STOCKTON AIRPORT CA CLIMATE SUMMARY FOR JANUARY 31 2015...

CLIMATE NORMAL PERIOD 1981 TO 2010
CLIMATE RECORD PERIOD 1948 TO 2015


WEATHER ITEM   OBSERVED TIME   RECORD YEAR NORMAL DEPARTURE LAST
                VALUE   (LST)  VALUE       VALUE  FROM      YEAR
                                                  NORMAL
..................................................................
TEMPERATURE (F)
 YESTERDAY
  MAXIMUM         70R   401 PM  70    1976  57     13       61
  MINIMUM         36    402 AM  26    1949  39     -3       40
  AVERAGE         53

PRECIPITATION (IN)
  YESTERDAY        0.00          2.82 1963   0.10  -0.10     0.10
  MONTH TO DATE    0.02                      2.74  -2.72     0.21
  SINCE OCT 1      7.86                      7.47   0.39     1.64
  SINCE JAN 1      0.02                      2.74  -2.72     0.21

SNOWFALL (IN)
  YESTERDAY        0.0           0.0  2002
  MONTH TO DATE    0.0
  SINCE DEC 1      0.0
  SINCE JUL 1      0.0
  SNOW DEPTH       0

DEGREE DAYS
 HEATING
  YESTERDAY       12                        17     -5       14
  MONTH TO DATE  509                       593    -84      464
  SINCE DEC 1    880                      1198   -318     1101
  SINCE JUL 1   1166                      1655   -489     1500

 COOLING
  YESTERDAY        0                         0      0        0
  MONTH TO DATE    0                         0      0        0
  SINCE DEC 1      0                         0      0        0
  SINCE JAN 1      0                         0      0        0
..................................................................


WIND (MPH)
  RESULTANT WIND SPEED   0   RESULTANT WIND DIRECTION   N (20)
  HIGHEST WIND SPEED    14   HIGHEST WIND DIRECTION    NW (300)
  HIGHEST GUST SPEED    17   HIGHEST GUST DIRECTION    NW (300)


SKY COVER
  POSSIBLE SUNSHINE  MM
  AVERAGE SKY COVER 0.1


WEATHER CONDITIONS
 THE FOLLOWING WEATHER WAS RECORDED YESTERDAY.
  FOG
  FOG W/VISIBILITY <= 1/4 MILE
  HAZE


RELATIVE HUMIDITY (PERCENT)
 HIGHEST   100           400 AM
 LOWEST     26           300 PM
 AVERAGE    63

..........................................................


THE STOCKTON AIRPORT CA CLIMATE NORMALS FOR TODAY
                         NORMAL    RECORD    YEAR
 MAXIMUM TEMPERATURE (F)   57        72      1976
 MINIMUM TEMPERATURE (F)   39        26      1950


SUNRISE AND SUNSET
FEBRUARY  1 2015......SUNRISE   709 AM PST   SUNSET   528 PM PST
FEBRUARY  2 2015......SUNRISE   708 AM PST   SUNSET   529 PM PST


-  INDICATES NEGATIVE NUMBERS.
R  INDICATES RECORD WAS SET OR TIED.
MM INDICATES DATA IS MISSING.
T  INDICATES TRACE AMOUNT.




$$
