000
CDUS46 KSTO 180839
CLISCK


CLIMATE REPORT
NATIONAL WEATHER SERVICE SACRAMENTO, CA
1239 AM PST WED JAN 18 2017


...................................

...THE STOCKTON AIRPORT CA CLIMATE SUMMARY FOR JANUARY 17 2017...

CLIMATE NORMAL PERIOD 1981 TO 2010
CLIMATE RECORD PERIOD 1948 TO 2017


WEATHER ITEM   OBSERVED TIME   RECORD YEAR NORMAL DEPARTURE LAST
                VALUE   (LST)  VALUE       VALUE  FROM      YEAR
                                                  NORMAL
..................................................................
TEMPERATURE (F)
 YESTERDAY
  MAXIMUM         48    349 PM  68    2009  54     -6       59
                                      1986
  MINIMUM         30    743 AM  22    2012  38     -8       49
  AVERAGE         39

PRECIPITATION (IN)
  YESTERDAY        0.00          0.81 1993   0.09  -0.09     0.42
  MONTH TO DATE    3.98                      1.49   2.49     2.29
  SINCE OCT 1     10.14                      6.22   3.92     6.86
  SINCE JAN 1      3.98                      1.49   2.49     2.29

SNOWFALL (IN)
  YESTERDAY        0.0          MM      MM
  MONTH TO DATE    0.0
  SINCE DEC 1      0.0
  SINCE JUL 1      0.0
  SNOW DEPTH       0

DEGREE DAYS
 HEATING
  YESTERDAY       26                        19      7       11
  MONTH TO DATE  306                       338    -32      290
  SINCE DEC 1    877                       941    -64      842
  SINCE JUL 1   1146                      1398   -252     1247

 COOLING
  YESTERDAY        0                         0      0        0
  MONTH TO DATE    0                         0      0        0
  SINCE DEC 1      0                         0      0        0
  SINCE JAN 1      0                         0      0        0
..................................................................


WIND (MPH)
  RESULTANT WIND SPEED   1   RESULTANT WIND DIRECTION  SW (230)
  HIGHEST WIND SPEED    13   HIGHEST WIND DIRECTION     E (90)
  HIGHEST GUST SPEED    15   HIGHEST GUST DIRECTION     E (90)


SKY COVER
  POSSIBLE SUNSHINE  MM
  AVERAGE SKY COVER 0.2


WEATHER CONDITIONS
 THE FOLLOWING WEATHER WAS RECORDED YESTERDAY.
  FOG
  FOG W/VISIBILITY <= 1/4 MILE
  HAZE


RELATIVE HUMIDITY (PERCENT)
 HIGHEST   100          1200 AM
 LOWEST     80           300 PM
 AVERAGE    90

..........................................................


THE STOCKTON AIRPORT CA CLIMATE NORMALS FOR TODAY
                         NORMAL    RECORD    YEAR
 MAXIMUM TEMPERATURE (F)   54        69      2009
 MINIMUM TEMPERATURE (F)   38        25      2012
                                             1963


SUNRISE AND SUNSET
JANUARY 18 2017.......SUNRISE   718 AM PST   SUNSET   513 PM PST
JANUARY 19 2017.......SUNRISE   718 AM PST   SUNSET   514 PM PST


-  INDICATES NEGATIVE NUMBERS.
R  INDICATES RECORD WAS SET OR TIED.
MM INDICATES DATA IS MISSING.
T  INDICATES TRACE AMOUNT.




$$
