000
CDUS46 KSTO 150034
CLISCK


CLIMATE REPORT
NATIONAL WEATHER SERVICE SACRAMENTO, CA
534 PM PDT SUN SEP 14 2014


...................................

...THE STOCKTON AIRPORT CA CLIMATE SUMMARY FOR SEPTEMBER 14 2014...
VALID TODAY AS OF 0500 PM LOCAL TIME.

CLIMATE NORMAL PERIOD 1981 TO 2010
CLIMATE RECORD PERIOD 1948 TO 2014


WEATHER ITEM   OBSERVED TIME   RECORD YEAR NORMAL DEPARTURE LAST
                VALUE   (LST)  VALUE       VALUE  FROM      YEAR
                                                  NORMAL
..................................................................
TEMPERATURE (F)
 TODAY
  MAXIMUM         98    359 PM 104    1971  89      9       87
  MINIMUM         61    535 AM  48    1980  57      4       58
  AVERAGE         80

PRECIPITATION (IN)
  TODAY            0.00          0.17 2009   0.01  -0.01     0.00
  MONTH TO DATE    0.00                      0.08  -0.08     0.01
  SINCE JUL 1      0.01                      0.09  -0.08     0.01
  SINCE JAN 1      5.81                      9.12  -3.31     2.89

SNOWFALL (IN)
  TODAY            0.0          MM      MM
  MONTH TO DATE    0.0
  SINCE SEP 1      0.0
  SINCE JUL 1      0.0

DEGREE DAYS
 HEATING
  TODAY            0                         0      0        0
  MONTH TO DATE    0                         0      0        0
  SINCE SEP 1      0                         0      0        0
  SINCE JUL 1      0                         0      0        0

 COOLING
  TODAY           15                         8      7        8
  MONTH TO DATE  172                       122     50      156
  SINCE SEP 1    172                       122     50      156
  SINCE JAN 1   1418                      1166    252     1325
..................................................................


WIND (MPH)
  RESULTANT WIND SPEED   4   RESULTANT WIND DIRECTION  NW (330)
  HIGHEST WIND SPEED    14   HIGHEST WIND DIRECTION    NW (300)
  HIGHEST GUST SPEED    17   HIGHEST GUST DIRECTION     W (280)


SKY COVER
  POSSIBLE SUNSHINE  MM
  AVERAGE SKY COVER 0.0


WEATHER CONDITIONS
 THE FOLLOWING WEATHER WAS RECORDED TODAY.
  NO SIGNIFICANT WEATHER WAS OBSERVED.


RELATIVE HUMIDITY (PERCENT)
 HIGHEST    73           400 AM
 LOWEST     20           300 PM
 AVERAGE    47

..........................................................


THE STOCKTON AIRPORT CA CLIMATE NORMALS FOR TOMORROW
                         NORMAL    RECORD    YEAR
 MAXIMUM TEMPERATURE (F)   88       106      1979
 MINIMUM TEMPERATURE (F)   57        48      2010


SUNRISE AND SUNSET
SEPTEMBER 14 2014.....SUNRISE   646 AM PDT   SUNSET   714 PM PDT
SEPTEMBER 15 2014.....SUNRISE   647 AM PDT   SUNSET   713 PM PDT


-  INDICATES NEGATIVE NUMBERS.
R  INDICATES RECORD WAS SET OR TIED.
MM INDICATES DATA IS MISSING.
T  INDICATES TRACE AMOUNT.




$$
