000
CDUS46 KLOX 210858
CLISDB


CLIMATE REPORT
NATIONAL WEATHER SERVICE LOS ANGELES/OXNARD CA
1258 AM PST TUE NOV 21 2017


...................................

...THE SANDBERG CA CLIMATE SUMMARY FOR NOVEMBER 20 2017...

CLIMATE NORMAL PERIOD 1981 TO 2010
CLIMATE RECORD PERIOD 1934 TO 2017


WEATHER ITEM   OBSERVED TIME   RECORD YEAR NORMAL DEPARTURE LAST
                VALUE   (LST)  VALUE       VALUE  FROM      YEAR
                                                  NORMAL
..................................................................
TEMPERATURE (F)
 YESTERDAY
  MAXIMUM         69    136 PM  73    1995  54     15       61
  MINIMUM         52    338 AM  24    1977  41     11       43
  AVERAGE         61                        48     13       52

PRECIPITATION (IN)
  YESTERDAY        0.00          2.31 1967   0.02  -0.02     0.61
  MONTH TO DATE    0.04                      0.46  -0.42     0.61
  SINCE OCT 1      0.04                      1.06  -1.02     1.19
  SINCE JAN 1     10.09                      9.76   0.33     6.42

DEGREE DAYS
 HEATING
  YESTERDAY        4                        18    -14       13
  MONTH TO DATE  178                       284   -106      101
  SINCE SEP 1    313                       568   -255      253
  SINCE JUL 1    314                       585   -271      253

 COOLING
  YESTERDAY        0                         0      0        0
  MONTH TO DATE    0                         0      0       29
  SINCE SEP 1    325                       239     86      329
  SINCE JAN 1   1797                       996    801     1673
..................................................................


WIND (MPH)
  HIGHEST WIND SPEED    38   HIGHEST WIND DIRECTION    NW (330)
  HIGHEST GUST SPEED    43   HIGHEST GUST DIRECTION    NW (330)
  AVERAGE WIND SPEED    13.8


SKY COVER
  POSSIBLE SUNSHINE  MM
  AVERAGE SKY COVER 0.0


WEATHER CONDITIONS
 THE FOLLOWING WEATHER WAS RECORDED YESTERDAY.
  NO SIGNIFICANT WEATHER WAS OBSERVED.


RELATIVE HUMIDITY (PERCENT)
 HIGHEST    37          1100 PM
 LOWEST      7          1100 AM
 AVERAGE    22

..........................................................


THE SANDBERG CA CLIMATE NORMALS FOR TODAY
                         NORMAL    RECORD    YEAR
 MAXIMUM TEMPERATURE (F)   54        70      1995
 MINIMUM TEMPERATURE (F)   41        26      2004
                                             1963


SUNRISE AND SUNSET
NOVEMBER 21 2017......SUNRISE   635 AM PST   SUNSET   447 PM PST
NOVEMBER 22 2017......SUNRISE   636 AM PST   SUNSET   446 PM PST


-  INDICATES NEGATIVE NUMBERS.
R  INDICATES RECORD WAS SET OR TIED.
MM INDICATES DATA IS MISSING.
T  INDICATES TRACE AMOUNT.




$$
