000
CDUS46 KLOX 250939
CLISDB


CLIMATE REPORT
NATIONAL WEATHER SERVICE LOS ANGELES/OXNARD CA
239 AM PDT MON JUL 25 2016


...................................

...THE SANDBERG CA CLIMATE SUMMARY FOR JULY 24 2016...

CLIMATE NORMAL PERIOD 1981 TO 2010
CLIMATE RECORD PERIOD 1934 TO 2016


WEATHER ITEM   OBSERVED TIME   RECORD YEAR NORMAL DEPARTURE LAST
                VALUE   (LST)  VALUE       VALUE  FROM      YEAR
                                                  NORMAL
..................................................................
TEMPERATURE (F)
 YESTERDAY
  MAXIMUM         90    354 PM  97    2006  86      4       82
                                      1959
  MINIMUM         70    349 AM  54    1993  65      5       60
  AVERAGE         80                        75      5       71

PRECIPITATION (IN)
  YESTERDAY        0.00          0.02 1946   0.00   0.00     0.00
  MONTH TO DATE    0.00                      0.02  -0.02     1.02
  SINCE OCT 1      6.93                     12.13  -5.20     8.41
  SINCE JAN 1      5.23                      8.50  -3.27     3.51

DEGREE DAYS
 HEATING
  YESTERDAY        0                         0      0        0
  MONTH TO DATE    0                         4     -4       10
  SINCE JUN 1     21                        88    -67       29
  SINCE JUL 1      0                         4     -4       10

 COOLING
  YESTERDAY       15                        10      5        6
  MONTH TO DATE  284                       215     69      166
  SINCE JUN 1    655                       346    309      506
  SINCE JAN 1    736                       391    345      619
..................................................................


WIND (MPH)
  HIGHEST WIND SPEED    31   HIGHEST WIND DIRECTION     S (180)
  HIGHEST GUST SPEED    40   HIGHEST GUST DIRECTION     S (170)
  AVERAGE WIND SPEED    13.7


SKY COVER
  POSSIBLE SUNSHINE  MM
  AVERAGE SKY COVER 0.0


WEATHER CONDITIONS
 THE FOLLOWING WEATHER WAS RECORDED YESTERDAY.
  NO SIGNIFICANT WEATHER WAS OBSERVED.


RELATIVE HUMIDITY (PERCENT)
 HIGHEST    29           800 PM
 LOWEST      7          1200 AM
 AVERAGE    18

..........................................................


THE SANDBERG CA CLIMATE NORMALS FOR TODAY
                         NORMAL    RECORD    YEAR
 MAXIMUM TEMPERATURE (F)   86        98      1973
 MINIMUM TEMPERATURE (F)   65        52      1990


SUNRISE AND SUNSET
JULY 25 2016..........SUNRISE   600 AM PDT   SUNSET   802 PM PDT
JULY 26 2016..........SUNRISE   601 AM PDT   SUNSET   802 PM PDT


-  INDICATES NEGATIVE NUMBERS.
R  INDICATES RECORD WAS SET OR TIED.
MM INDICATES DATA IS MISSING.
T  INDICATES TRACE AMOUNT.




$$
