000
CDUS46 KLOX 210911
CLISDB


CLIMATE REPORT
NATIONAL WEATHER SERVICE LOS ANGELES/OXNARD CA
111 AM PST WED FEB 21 2018


...................................

...THE SANDBERG CA CLIMATE SUMMARY FOR FEBRUARY 20 2018...

CLIMATE NORMAL PERIOD 1981 TO 2010
CLIMATE RECORD PERIOD 1934 TO 2018


WEATHER ITEM   OBSERVED TIME   RECORD YEAR NORMAL DEPARTURE LAST
                VALUE   (LST)  VALUE       VALUE  FROM      YEAR
                                                  NORMAL
..................................................................
TEMPERATURE (F)
 YESTERDAY
  MAXIMUM         41    254 PM  68    1995  50     -9       48
  MINIMUM         22    656 AM  19    1971  38    -16       41
  AVERAGE         32                        44    -12       45

PRECIPITATION (IN)
  YESTERDAY        0.00          2.72 1944   0.15  -0.15     0.01
  MONTH TO DATE    0.10                      2.16  -2.06     5.20
  SINCE OCT 1      3.22                      8.20  -4.98    12.27
  SINCE JAN 1      3.17                      4.57  -1.40     8.43

DEGREE DAYS
 HEATING
  YESTERDAY       33                        21     12       20
  MONTH TO DATE  275                       432   -157      304
  SINCE DEC 1   1001                      1818   -817     1602
  SINCE JUL 1   1359                      2597  -1238     2051

 COOLING
  YESTERDAY        0                         0      0        0
  MONTH TO DATE    2                         0      2        0
  SINCE DEC 1      2                         0      2        0
  SINCE JAN 1      2                         0      2        0
..................................................................


WIND (MPH)
  HIGHEST WIND SPEED    32   HIGHEST WIND DIRECTION     N (340)
  HIGHEST GUST SPEED    37   HIGHEST GUST DIRECTION     N (340)
  AVERAGE WIND SPEED    10.8


SKY COVER
  POSSIBLE SUNSHINE  MM
  AVERAGE SKY COVER 0.0


WEATHER CONDITIONS
 THE FOLLOWING WEATHER WAS RECORDED YESTERDAY.
  NO SIGNIFICANT WEATHER WAS OBSERVED.


RELATIVE HUMIDITY (PERCENT)
 HIGHEST    81           200 AM
 LOWEST     27           100 PM
 AVERAGE    54

..........................................................


THE SANDBERG CA CLIMATE NORMALS FOR TODAY
                         NORMAL    RECORD    YEAR
 MAXIMUM TEMPERATURE (F)   50        69      1965
 MINIMUM TEMPERATURE (F)   38        22      1975


SUNRISE AND SUNSET
FEBRUARY 21 2018......SUNRISE   634 AM PST   SUNSET   544 PM PST
FEBRUARY 22 2018......SUNRISE   633 AM PST   SUNSET   545 PM PST


-  INDICATES NEGATIVE NUMBERS.
R  INDICATES RECORD WAS SET OR TIED.
MM INDICATES DATA IS MISSING.
T  INDICATES TRACE AMOUNT.




$$
