826
CDUS46 KLOX 220943
CLISDB


CLIMATE REPORT
NATIONAL WEATHER SERVICE LOS ANGELES/OXNARD CA
243 AM PDT FRI SEP 22 2017


...................................

...THE SANDBERG CA CLIMATE SUMMARY FOR SEPTEMBER 21 2017...

CLIMATE NORMAL PERIOD 1981 TO 2010
CLIMATE RECORD PERIOD 1934 TO 2017


WEATHER ITEM   OBSERVED TIME   RECORD YEAR NORMAL DEPARTURE LAST
                VALUE   (LST)  VALUE       VALUE  FROM      YEAR
                                                  NORMAL
..................................................................
TEMPERATURE (F)
 YESTERDAY
  MAXIMUM         59    304 PM  90    2011  77    -18       82
                                      2002
  MINIMUM         46   1030 PM  40    1968  59    -13       58
  AVERAGE         53                        68    -15       70

PRECIPITATION (IN)
  YESTERDAY        0.04          0.12 2007   0.01   0.03     0.00
  MONTH TO DATE    0.22                      0.10   0.12     0.00
  SINCE OCT 1     13.89                     12.26   1.63     6.93
  SINCE JAN 1     10.05                      8.63   1.42     5.23

DEGREE DAYS
 HEATING
  YESTERDAY       12                         3      9        0
  MONTH TO DATE   27                        31     -4       16
  SINCE SEP 1     27                        31     -4       16
  SINCE JUL 1     28                        48    -20       16

 COOLING
  YESTERDAY        0                         5     -5        5
  MONTH TO DATE  171                       147     24      169
  SINCE SEP 1    171                       147     24      169
  SINCE JAN 1   1643                       904    739     1513
..................................................................


WIND (MPH)
  HIGHEST WIND SPEED    22   HIGHEST WIND DIRECTION     N (340)
  HIGHEST GUST SPEED    27   HIGHEST GUST DIRECTION     N (340)
  AVERAGE WIND SPEED    11.1


SKY COVER
  POSSIBLE SUNSHINE  MM
  AVERAGE SKY COVER 0.5


WEATHER CONDITIONS
 THE FOLLOWING WEATHER WAS RECORDED YESTERDAY.
  RAIN
  LIGHT RAIN
  FOG
  FOG W/VISIBILITY <= 1/4 MILE
  HAZE


RELATIVE HUMIDITY (PERCENT)
 HIGHEST   100           800 AM
 LOWEST     51           400 PM
 AVERAGE    76

..........................................................


THE SANDBERG CA CLIMATE NORMALS FOR TODAY
                         NORMAL    RECORD    YEAR
 MAXIMUM TEMPERATURE (F)   77        93      1949
 MINIMUM TEMPERATURE (F)   58        40      1948


SUNRISE AND SUNSET
SEPTEMBER 22 2017.....SUNRISE   643 AM PDT   SUNSET   651 PM PDT
SEPTEMBER 23 2017.....SUNRISE   644 AM PDT   SUNSET   650 PM PDT


-  INDICATES NEGATIVE NUMBERS.
R  INDICATES RECORD WAS SET OR TIED.
MM INDICATES DATA IS MISSING.
T  INDICATES TRACE AMOUNT.




$$
