000
CDUS46 KLOX 270859
CLISDB


CLIMATE REPORT
NATIONAL WEATHER SERVICE LOS ANGELES/OXNARD CA
159 AM PDT WED AUG 27 2014


...................................

...THE SANDBERG CA CLIMATE SUMMARY FOR AUGUST 26 2014...

CLIMATE NORMAL PERIOD 1981 TO 2010
CLIMATE RECORD PERIOD 1948 TO 2014


WEATHER ITEM   OBSERVED TIME   RECORD YEAR NORMAL DEPARTURE LAST
                VALUE   (LST)  VALUE       VALUE  FROM      YEAR
                                                  NORMAL
..................................................................
TEMPERATURE (F)
 YESTERDAY
  MAXIMUM         83    218 PM  95    2001  84     -1       86
  MINIMUM         58    338 AM  42    1954  63     -5       67
  AVERAGE         71                        73     -2       77

PRECIPITATION (IN)
  YESTERDAY        0.00          0.08 2003   0.00   0.00     0.00
  MONTH TO DATE    0.16                      0.02   0.14     0.00
  SINCE JUL 1      0.17                      0.04   0.13     0.06
  SINCE JAN 1      3.75                      8.52  -4.77     2.97

DEGREE DAYS
 HEATING
  YESTERDAY        0                         0      0        0
  MONTH TO DATE    0                         0      0        0
  SINCE JUN 1      7                        92    -85       16
  SINCE JUL 1      0                         8     -8        0

 COOLING
  YESTERDAY        6                         9     -3       12
  MONTH TO DATE  287                       250     37      318
  SINCE JUN 1    957                       668    289     1027
  SINCE JAN 1   1107                       713    394     1157
..................................................................


WIND (MPH)
  HIGHEST WIND SPEED    24   HIGHEST WIND DIRECTION     S (180)
  HIGHEST GUST SPEED    33   HIGHEST GUST DIRECTION    SE (150)
  AVERAGE WIND SPEED    12.5


SKY COVER
  POSSIBLE SUNSHINE  MM
  AVERAGE SKY COVER 0.0


WEATHER CONDITIONS
 THE FOLLOWING WEATHER WAS RECORDED YESTERDAY.
  NO SIGNIFICANT WEATHER WAS OBSERVED.


RELATIVE HUMIDITY (PERCENT)
 HIGHEST    67           400 AM
 LOWEST     20           200 PM
 AVERAGE    44

..........................................................


THE SANDBERG CA CLIMATE NORMALS FOR TODAY
                         NORMAL    RECORD    YEAR
 MAXIMUM TEMPERATURE (F)   84        97      2011
 MINIMUM TEMPERATURE (F)   63        45      1990


SUNRISE AND SUNSET
AUGUST 27 2014........SUNRISE   624 AM PDT   SUNSET   728 PM PDT
AUGUST 28 2014........SUNRISE   625 AM PDT   SUNSET   727 PM PDT


-  INDICATES NEGATIVE NUMBERS.
R  INDICATES RECORD WAS SET OR TIED.
MM INDICATES DATA IS MISSING.
T  INDICATES TRACE AMOUNT.




$$
