000
CDUS46 KLOX 040916
CLISDB


CLIMATE REPORT
NATIONAL WEATHER SERVICE LOS ANGELES/OXNARD CA
116 AM PST SUN DEC 4 2016


...................................

...THE SANDBERG CA CLIMATE SUMMARY FOR DECEMBER 3 2016...

CLIMATE NORMAL PERIOD 1981 TO 2010
CLIMATE RECORD PERIOD 1934 TO 2016


WEATHER ITEM   OBSERVED TIME   RECORD YEAR NORMAL DEPARTURE LAST
                VALUE   (LST)  VALUE       VALUE  FROM      YEAR
                                                  NORMAL
..................................................................
TEMPERATURE (F)
 YESTERDAY
  MAXIMUM         53    216 PM  70    1958  50      3       65
  MINIMUM         33    659 AM  25    1971  38     -5       44
  AVERAGE         43                        44     -1       55

PRECIPITATION (IN)
  YESTERDAY        0.00          1.71 1974   0.05  -0.05     0.00
  MONTH TO DATE    T                         0.13  -0.13     0.00
  SINCE OCT 1      1.41                      1.51  -0.10     1.08
  SINCE JAN 1      6.64                     10.21  -3.57     5.65

DEGREE DAYS
 HEATING
  YESTERDAY       22                        21      1       10
  MONTH TO DATE   69                        63      6       46
  SINCE DEC 1     69                        63      6       46
  SINCE JUL 1    518                       842   -324      662

 COOLING
  YESTERDAY        0                         0      0        0
  MONTH TO DATE    0                         0      0        0
  SINCE DEC 1      0                         0      0        0
  SINCE JAN 1   1673                       998    675     1499
..................................................................


WIND (MPH)
  HIGHEST WIND SPEED    28   HIGHEST WIND DIRECTION     E (70)
  HIGHEST GUST SPEED    36   HIGHEST GUST DIRECTION     E (70)
  AVERAGE WIND SPEED    16.7


SKY COVER
  POSSIBLE SUNSHINE  MM
  AVERAGE SKY COVER 0.0


WEATHER CONDITIONS
 THE FOLLOWING WEATHER WAS RECORDED YESTERDAY.
  NO SIGNIFICANT WEATHER WAS OBSERVED.


RELATIVE HUMIDITY (PERCENT)
 HIGHEST    32          1200 AM
 LOWEST     13           400 PM
 AVERAGE    23

..........................................................


THE SANDBERG CA CLIMATE NORMALS FOR TODAY
                         NORMAL    RECORD    YEAR
 MAXIMUM TEMPERATURE (F)   49        71      1958
 MINIMUM TEMPERATURE (F)   38        21      1986


SUNRISE AND SUNSET
DECEMBER  4 2016......SUNRISE   647 AM PST   SUNSET   444 PM PST
DECEMBER  5 2016......SUNRISE   648 AM PST   SUNSET   444 PM PST


-  INDICATES NEGATIVE NUMBERS.
R  INDICATES RECORD WAS SET OR TIED.
MM INDICATES DATA IS MISSING.
T  INDICATES TRACE AMOUNT.




$$
