000
CDUS43 KLMK 220641
CLISDF


CLIMATE REPORT
NATIONAL WEATHER SERVICE LOUISVILLE KY
141 AM EST MON JAN 22 2018


...................................

...THE LOUISVILLE KY CLIMATE SUMMARY FOR JANUARY 21 2018...

CLIMATE NORMAL PERIOD 1981 TO 2010
CLIMATE RECORD PERIOD 1871 TO 2018


WEATHER ITEM   OBSERVED TIME   RECORD YEAR NORMAL DEPARTURE LAST
                VALUE   (LST)  VALUE       VALUE  FROM      YEAR
                                                  NORMAL
..................................................................
TEMPERATURE (F)
 YESTERDAY
  MAXIMUM         59    754 PM  72    1906  43     16       68
  MINIMUM         49    914 AM -11    1985  27     22       50
  AVERAGE         54                        35     19       59

PRECIPITATION (IN)
  YESTERDAY        0.01          3.68 1937   0.10  -0.09     0.00
  MONTH TO DATE    1.16                      2.19  -1.03     4.20
  SINCE DEC 1      3.89                      6.02  -2.13     9.50
  SINCE JAN 1      1.16                      2.19  -1.03     4.20

SNOWFALL (IN)
  YESTERDAY        0.0           5.0  1926   0.1   -0.1      0.0
  MONTH TO DATE    5.0                       2.3    2.7      2.3
  SINCE DEC 1      5.2                       4.9    0.3      2.4
  SINCE JUL 1      5.2                       5.1    0.1      2.4
  SNOW DEPTH       0

DEGREE DAYS
 HEATING
  YESTERDAY       11                        30    -19        6
  MONTH TO DATE  772                       630    142      500
  SINCE DEC 1   1635                      1471    164     1331
  SINCE JUL 1   2301                      2206     95     1798

 COOLING
  YESTERDAY        0                         0      0        0
  MONTH TO DATE    0                         0      0        0
  SINCE DEC 1      0                         1     -1        1
  SINCE JAN 1      0                         0      0        0
..................................................................


WIND (MPH)
  HIGHEST WIND SPEED    17   HIGHEST WIND DIRECTION     S (200)
  HIGHEST GUST SPEED    23   HIGHEST GUST DIRECTION     S (190)
  AVERAGE WIND SPEED     7.5


SKY COVER
  POSSIBLE SUNSHINE  MM
  AVERAGE SKY COVER 0.9


WEATHER CONDITIONS
 THE FOLLOWING WEATHER WAS RECORDED YESTERDAY.
  LIGHT RAIN
  HAZE


RELATIVE HUMIDITY (PERCENT)
 HIGHEST    89          1000 PM
 LOWEST     54          1200 AM
 AVERAGE    72

..........................................................


THE LOUISVILLE KY CLIMATE NORMALS FOR TODAY
                         NORMAL    RECORD    YEAR
 MAXIMUM TEMPERATURE (F)   43        69      1999
                                             1933
 MINIMUM TEMPERATURE (F)   27        -9      1936


SUNRISE AND SUNSET
JANUARY 22 2018.......SUNRISE   755 AM EST   SUNSET   555 PM EST
JANUARY 23 2018.......SUNRISE   754 AM EST   SUNSET   556 PM EST


-  INDICATES NEGATIVE NUMBERS.
R  INDICATES RECORD WAS SET OR TIED.
MM INDICATES DATA IS MISSING.
T  INDICATES TRACE AMOUNT.




$$
