000
CDUS46 KSEW 020831
CLISEA


CLIMATE REPORT
NATIONAL WEATHER SERVICE SEATTLE WA
130 AM PDT MON MAY 2 2016


...................................

...THE SEATTLE-TACOMA WA AIRPORT CLIMATE SUMMARY FOR MAY 1 2016...

CLIMATE NORMAL PERIOD 1981 TO 2010
CLIMATE RECORD PERIOD 1945 TO 2016


WEATHER ITEM   OBSERVED TIME   RECORD YEAR NORMAL DEPARTURE LAST
                VALUE   (LST)  VALUE       VALUE  FROM      YEAR
                                                  NORMAL
..................................................................
TEMPERATURE (F)
 YESTERDAY
  MAXIMUM         79    359 PM  85    2014  62     17       65
  MINIMUM         50    540 AM  28    1954  44      6       48
  AVERAGE         65                        53     12       57

PRECIPITATION (IN)
  YESTERDAY        0.00          0.81 1949   0.07  -0.07     0.00
  MONTH TO DATE    0.00                      0.07  -0.07     0.00
  SINCE OCT 1     44.52                     30.97  13.55    31.81
  SINCE JAN 1     20.13                     15.57   4.56    15.43

DEGREE DAYS
 HEATING
  YESTERDAY        0                        12    -12        8
  MONTH TO DATE    0                        12    -12        8
  SINCE MAR 1    732                      1026   -294      850
  SINCE JUL 1   3576                      4280   -704     3353

 COOLING
  YESTERDAY        0                         0      0        0
  MONTH TO DATE    0                         0      0        0
  SINCE MAR 1     14                         0     14        0
  SINCE JAN 1     14                         0     14        0
..................................................................


WIND (MPH)
  RESULTANT WIND SPEED   8   RESULTANT WIND DIRECTION   N (10)
  HIGHEST WIND SPEED    16   HIGHEST WIND DIRECTION    NW (330)
  HIGHEST GUST SPEED    20   HIGHEST GUST DIRECTION    NW (330)
  AVERAGE WIND SPEED     9.8


SKY COVER
  AVERAGE SKY COVER 0.1


WEATHER CONDITIONS
 THE FOLLOWING WEATHER WAS RECORDED YESTERDAY.
  NO SIGNIFICANT WEATHER WAS OBSERVED.


RELATIVE HUMIDITY (PERCENT)
 HIGHEST    80           500 AM
 LOWEST     27           400 PM
 AVERAGE    54

..........................................................


THE SEATTLE-TACOMA WA AIRPORT CLIMATE NORMALS FOR TODAY
                         NORMAL    RECORD    YEAR
 MAXIMUM TEMPERATURE (F)   62        87      1945
 MINIMUM TEMPERATURE (F)   45        33      1952


SUNRISE AND SUNSET
MAY  2 2016...........SUNRISE   550 AM PDT   SUNSET   823 PM PDT
MAY  3 2016...........SUNRISE   548 AM PDT   SUNSET   825 PM PDT


-  INDICATES NEGATIVE NUMBERS.
R  INDICATES RECORD WAS SET OR TIED.
MM INDICATES DATA IS MISSING.
T  INDICATES TRACE AMOUNT.




$$
