000
CDUS46 KMTR 300825
CLISFD


CLIMATE REPORT
NATIONAL WEATHER SERVICE SAN FRANCISCO BAY AREA
125 AM PDT SAT AUG 30 2014


...................................

...THE SAN FRANCISCO DWTN CA CLIMATE SUMMARY FOR AUGUST 29 2014...

CLIMATE NORMAL PERIOD 1981 TO 2010
CLIMATE RECORD PERIOD 1850 TO 2014


WEATHER ITEM   OBSERVED TIME   RECORD YEAR NORMAL DEPARTURE LAST
                VALUE   (LST)  VALUE       VALUE  FROM      YEAR
                                                  NORMAL
..................................................................
TEMPERATURE (F)
 YESTERDAY
  MAXIMUM         69    143 PM  96    1968  69      0       69
  MINIMUM         58    443 AM  48    1955  55      3       60
  AVERAGE         64                        62      2       65

PRECIPITATION (IN)
  YESTERDAY        0.00          0.10 1951   0.00   0.00     0.00
  MONTH TO DATE    0.01                      0.05  -0.04     0.04
  SINCE JUL 1      0.09                      0.05   0.04     0.04
  SINCE JAN 1     10.55                     14.59  -4.04     3.55

DEGREE DAYS
 HEATING
  YESTERDAY        1                        MM     MM        0
  MONTH TO DATE   56                        MM     MM      106
  SINCE JUN 1    281                        MM     MM      405
  SINCE JUL 1    130                        MM     MM      266

 COOLING
  YESTERDAY        0                        MM     MM        0
  MONTH TO DATE    0                         0      0        0
  SINCE JUN 1     17                         0     17       12
  SINCE JAN 1     66                         0     66       25
..................................................................







THE SAN FRANCISCO DWTN CA CLIMATE NORMALS FOR TODAY
                         NORMAL    RECORD    YEAR
 MAXIMUM TEMPERATURE (F)   70        89      1879
 MINIMUM TEMPERATURE (F)   55        49      1911


SUNRISE AND SUNSET
AUGUST 30 2014........SUNRISE   638 AM PDT   SUNSET   742 PM PDT
AUGUST 31 2014........SUNRISE   639 AM PDT   SUNSET   740 PM PDT


-  INDICATES NEGATIVE NUMBERS.
R  INDICATES RECORD WAS SET OR TIED.
MM INDICATES DATA IS MISSING.
T  INDICATES TRACE AMOUNT.




$$
