000
CDUS46 KMTR 060837
CLISFD


CLIMATE REPORT
NATIONAL WEATHER SERVICE SAN FRANCISCO BAY AREA
137 AM PDT MON JUL 6 2015


...................................

...THE SAN FRANCISCO DWTN CA CLIMATE SUMMARY FOR JULY 5 2015...

CLIMATE NORMAL PERIOD 1981 TO 2010
CLIMATE RECORD PERIOD 1850 TO 2015


WEATHER ITEM   OBSERVED TIME   RECORD YEAR NORMAL DEPARTURE LAST
                VALUE   (LST)  VALUE       VALUE  FROM      YEAR
                                                  NORMAL
..................................................................
TEMPERATURE (F)
 YESTERDAY
  MAXIMUM         69        MM  82    1905  67      2       65
  MINIMUM         59        MM  48    1898  54      5       54
  AVERAGE         64                        60      4       60

PRECIPITATION (IN)
  YESTERDAY        0.01          0.02 1948   0.00   0.01     0.00
  MONTH TO DATE    0.01                      0.00   0.01     0.00
  SINCE OCT 1     17.56                     23.38  -5.82    12.11
  SINCE JAN 1      3.11                     14.54 -11.43    10.46

DEGREE DAYS
 HEATING
  YESTERDAY        1                        MM     MM        5
  MONTH TO DATE   12                        MM     MM       27
  SINCE JUN 1    148                        MM     MM      178
  SINCE JUL 1     12                        MM     MM       27

 COOLING
  YESTERDAY        0                        MM     MM        0
  MONTH TO DATE    0                         0      0        0
  SINCE JUN 1      2                         0      2        1
  SINCE JAN 1     16                         0     16       50
..................................................................







THE SAN FRANCISCO DWTN CA CLIMATE NORMALS FOR TODAY
                         NORMAL    RECORD    YEAR
 MAXIMUM TEMPERATURE (F)   67        94      1921
 MINIMUM TEMPERATURE (F)   54        47      1953


SUNRISE AND SUNSET
JULY  6 2015..........SUNRISE   554 AM PDT   SUNSET   835 PM PDT
JULY  7 2015..........SUNRISE   555 AM PDT   SUNSET   834 PM PDT


-  INDICATES NEGATIVE NUMBERS.
R  INDICATES RECORD WAS SET OR TIED.
MM INDICATES DATA IS MISSING.
T  INDICATES TRACE AMOUNT.




$$
