000
CDUS46 KMTR 010832
CLISFD


CLIMATE REPORT
NATIONAL WEATHER SERVICE SAN FRANCISCO BAY AREA
1232 AM PST SUN FEB 1 2015


...................................

...THE SAN FRANCISCO DWTN CA CLIMATE SUMMARY FOR JANUARY 31 2015...

CLIMATE NORMAL PERIOD 1981 TO 2010
CLIMATE RECORD PERIOD 1850 TO 2015


WEATHER ITEM   OBSERVED TIME   RECORD YEAR NORMAL DEPARTURE LAST
                VALUE   (LST)  VALUE       VALUE  FROM      YEAR
                                                  NORMAL
..................................................................
TEMPERATURE (F)
 YESTERDAY
  MAXIMUM         74R   343 PM  73    1976  59     15       58
  MINIMUM         52    243 AM  37    1917  47      5       48
  AVERAGE         63                        53     10       53

PRECIPITATION (IN)
  YESTERDAY        0.00          1.62 1996   0.15  -0.15     0.00
  MONTH TO DATE    0.00                      4.50  -4.50     0.06
  SINCE JUL 1     15.09                     13.61   1.48     2.14
  SINCE JAN 1      0.00                      4.50  -4.50     0.06

DEGREE DAYS
 HEATING
  YESTERDAY        2                        MM     MM       12
  MONTH TO DATE  291                        MM     MM      257
  SINCE DEC 1    555                       840   -285      659
  SINCE JUL 1    924                      1605   -681     1372

 COOLING
  YESTERDAY        0                        MM     MM        0
  MONTH TO DATE    0                         0      0        0
  SINCE DEC 1      0                         0      0        0
  SINCE JAN 1      0                         0      0        0
..................................................................







THE SAN FRANCISCO DWTN CA CLIMATE NORMALS FOR TODAY
                         NORMAL    RECORD    YEAR
 MAXIMUM TEMPERATURE (F)   59        73      2005
 MINIMUM TEMPERATURE (F)   47        36      1932


SUNRISE AND SUNSET
FEBRUARY  1 2015......SUNRISE   714 AM PST   SUNSET   533 PM PST
FEBRUARY  2 2015......SUNRISE   713 AM PST   SUNSET   534 PM PST


-  INDICATES NEGATIVE NUMBERS.
R  INDICATES RECORD WAS SET OR TIED.
MM INDICATES DATA IS MISSING.
T  INDICATES TRACE AMOUNT.




$$
