000
CDUS46 KMTR 290827
CLISFD


CLIMATE REPORT
NATIONAL WEATHER SERVICE SAN FRANCISCO BAY AREA
127 AM PDT SAT APR 29 2017


...................................

...THE SAN FRANCISCO DWTN CA CLIMATE SUMMARY FOR APRIL 28 2017...

CLIMATE NORMAL PERIOD 1981 TO 2010
CLIMATE RECORD PERIOD 1850 TO 2017


WEATHER ITEM   OBSERVED TIME   RECORD YEAR NORMAL DEPARTURE LAST
                VALUE   (LST)  VALUE       VALUE  FROM      YEAR
                                                  NORMAL
..................................................................
TEMPERATURE (F)
 YESTERDAY
  MAXIMUM         67    343 PM  85    1908  64      3       64
  MINIMUM         50    543 AM  43    1906  50      0       50
  AVERAGE         59                        57      2       57

PRECIPITATION (IN)
  YESTERDAY        0.00          0.86 1951   0.03  -0.03     0.00
  MONTH TO DATE    2.25                      1.39   0.86     1.46
  SINCE OCT 1     32.23                     22.45   9.78    22.91
  SINCE JAN 1     23.20                     13.61   9.59    16.30

DEGREE DAYS
 HEATING
  YESTERDAY        6                        MM     MM        8
  MONTH TO DATE  209                        MM     MM      167
  SINCE MAR 1    448                        MM     MM      414
  SINCE JUL 1   2295                        MM     MM     1739

 COOLING
  YESTERDAY        0                        MM     MM        0
  MONTH TO DATE    0                         0      0       19
  SINCE MAR 1      1                         0      1       19
  SINCE JAN 1      1                         0      1       22
..................................................................







THE SAN FRANCISCO DWTN CA CLIMATE NORMALS FOR TODAY
                         NORMAL    RECORD    YEAR
 MAXIMUM TEMPERATURE (F)   64        90      1996
 MINIMUM TEMPERATURE (F)   50        44      2002


SUNRISE AND SUNSET
APRIL 29 2017.........SUNRISE   616 AM PDT   SUNSET   759 PM PDT
APRIL 30 2017.........SUNRISE   615 AM PDT   SUNSET   800 PM PDT


-  INDICATES NEGATIVE NUMBERS.
R  INDICATES RECORD WAS SET OR TIED.
MM INDICATES DATA IS MISSING.
T  INDICATES TRACE AMOUNT.




$$
