000
CDUS46 KMTR 310835
CLISFD


CLIMATE REPORT
NATIONAL WEATHER SERVICE SAN FRANCISCO BAY AREA
135 AM PDT TUE MAY 31 2016


...................................

...THE SAN FRANCISCO DWTN CA CLIMATE SUMMARY FOR MAY 30 2016...

CLIMATE NORMAL PERIOD 1981 TO 2010
CLIMATE RECORD PERIOD 1850 TO 2016


WEATHER ITEM   OBSERVED TIME   RECORD YEAR NORMAL DEPARTURE LAST
                VALUE   (LST)  VALUE       VALUE  FROM      YEAR
                                                  NORMAL
..................................................................
TEMPERATURE (F)
 YESTERDAY
  MAXIMUM         66    343 PM 101    2001  65      1       60
  MINIMUM         52    943 PM  47    1899  52      0       50
  AVERAGE         59                        59      0       55

PRECIPITATION (IN)
  YESTERDAY        0.00          0.33 1940   0.02  -0.02     0.00
  MONTH TO DATE    0.15                      0.69  -0.54     0.09
  SINCE OCT 1     23.06                     23.21  -0.15    17.43
  SINCE JAN 1     16.45                     14.37   2.08     2.98

DEGREE DAYS
 HEATING
  YESTERDAY        6                        MM     MM       10
  MONTH TO DATE  183                        MM     MM      268
  SINCE MAR 1    607                        MM     MM      665
  SINCE JUL 1   1932                        MM     MM     1739

 COOLING
  YESTERDAY        0                        MM     MM        0
  MONTH TO DATE    4                         0      4        0
  SINCE MAR 1     23                         0     23       14
  SINCE JAN 1     26                         0     26       14
..................................................................







THE SAN FRANCISCO DWTN CA CLIMATE NORMALS FOR TODAY
                         NORMAL    RECORD    YEAR
 MAXIMUM TEMPERATURE (F)   65        90      2001
 MINIMUM TEMPERATURE (F)   52        47      1971


SUNRISE AND SUNSET
MAY 31 2016...........SUNRISE   550 AM PDT   SUNSET   826 PM PDT
JUNE  1 2016..........SUNRISE   549 AM PDT   SUNSET   826 PM PDT


-  INDICATES NEGATIVE NUMBERS.
R  INDICATES RECORD WAS SET OR TIED.
MM INDICATES DATA IS MISSING.
T  INDICATES TRACE AMOUNT.




$$
