786
CDUS46 KMTR 140846
CLISFD


CLIMATE REPORT
NATIONAL WEATHER SERVICE SAN FRANCISCO BAY AREA
1246 AM PST SUN FEB 14 2016


...................................

...THE SAN FRANCISCO DWTN CA CLIMATE SUMMARY FOR FEBRUARY 13 2016...

CLIMATE NORMAL PERIOD 1981 TO 2010
CLIMATE RECORD PERIOD 1850 TO 2016


WEATHER ITEM   OBSERVED TIME   RECORD YEAR NORMAL DEPARTURE LAST
                VALUE   (LST)  VALUE       VALUE  FROM      YEAR
                                                  NORMAL
..................................................................
TEMPERATURE (F)
 YESTERDAY
  MAXIMUM         66   1243 PM  77    1996  60      6       74
  MINIMUM         52    543 AM  36    1884  48      4       55
  AVERAGE         59                        54      5       65

PRECIPITATION (IN)
  YESTERDAY        0.00          2.08 2000   0.16  -0.16     0.00
  MONTH TO DATE    0.15                      2.12  -1.97     1.47
  SINCE OCT 1     13.70                     15.46  -1.76    15.92
  SINCE JAN 1      7.09                      6.62   0.47     1.47

DEGREE DAYS
 HEATING
  YESTERDAY        6                        MM     MM        0
  MONTH TO DATE   94                        MM     MM       59
  SINCE DEC 1    845                        MM     MM      614
  SINCE JUL 1   1236                        MM     MM      983

 COOLING
  YESTERDAY        0                        MM     MM        0
  MONTH TO DATE    0                         0      0        0
  SINCE DEC 1      0                         0      0        0
  SINCE JAN 1      0                         0      0        0
..................................................................







THE SAN FRANCISCO DWTN CA CLIMATE NORMALS FOR TODAY
                         NORMAL    RECORD    YEAR
 MAXIMUM TEMPERATURE (F)   60        78      1930
 MINIMUM TEMPERATURE (F)   48        37      1949


SUNRISE AND SUNSET
FEBRUARY 14 2016......SUNRISE   701 AM PST   SUNSET   547 PM PST
FEBRUARY 15 2016......SUNRISE   700 AM PST   SUNSET   548 PM PST


-  INDICATES NEGATIVE NUMBERS.
R  INDICATES RECORD WAS SET OR TIED.
MM INDICATES DATA IS MISSING.
T  INDICATES TRACE AMOUNT.




$$
