000
CDUS46 KOTX 230825
CLISFF


CLIMATE REPORT
NATIONAL WEATHER SERVICE SPOKANE, WA
124 AM PDT SUN JUL 23 2017


...................................

...THE SPOKANE WA FELTS AIRPORT CLIMATE SUMMARY FOR JULY 22 2017...

CLIMATE NORMAL PERIOD 1981 TO 2010
CLIMATE RECORD PERIOD 9999 TO 9999


WEATHER ITEM   OBSERVED TIME   RECORD YEAR NORMAL DEPARTURE LAST
                VALUE   (LST)  VALUE       VALUE  FROM      YEAR
                                                  NORMAL
..................................................................
TEMPERATURE (F)
 YESTERDAY
  MAXIMUM         91    335 PM  MM      MM  87      4       74
  MINIMUM         56    457 AM  MM      MM  55      1       51
  AVERAGE         74                        71      3       63

PRECIPITATION (IN)
  YESTERDAY        0.00         MM      MM   0.02  -0.02     0.90
  MONTH TO DATE    T                         0.68  -0.68     1.27
  SINCE OCT 1     22.00                     16.10   5.90    16.24
  SINCE JAN 1     12.91                      9.90   3.01    10.70

SNOWFALL (IN)
  YESTERDAY       MM

DEGREE DAYS
 HEATING
  YESTERDAY        0                         0      0        2
  MONTH TO DATE    0                        18    -18       11
  SINCE JUN 1     70                       136    -66       96
  SINCE JUL 1      0                        18    -18       11

 COOLING
  YESTERDAY        9                         6      3        0
  MONTH TO DATE  209                       109    100       66
  SINCE JUN 1    283                       149    134      169
  SINCE JAN 1    311                       156    155      184
..................................................................


WIND (MPH)
  HIGHEST WIND SPEED    13   HIGHEST WIND DIRECTION     W (280)
  HIGHEST GUST SPEED    20   HIGHEST GUST DIRECTION     W (260)
  AVERAGE WIND SPEED     3.8


SKY COVER
  POSSIBLE SUNSHINE  MM
  AVERAGE SKY COVER 0.0


WEATHER CONDITIONS
 THE FOLLOWING WEATHER WAS RECORDED YESTERDAY.
  NO SIGNIFICANT WEATHER WAS OBSERVED.


RELATIVE HUMIDITY (PERCENT)
 HIGHEST    72           400 AM
 LOWEST     23          1100 AM
 AVERAGE    48

..........................................................


THE SPOKANE WA FELTS AIRPORT CLIMATE NORMALS FOR TODAY
                         NORMAL    RECORD    YEAR
 MAXIMUM TEMPERATURE (F)   87        MM        MM
 MINIMUM TEMPERATURE (F)   55        MM        MM


SUNRISE AND SUNSET
JULY 23 2017..........SUNRISE   516 AM PDT   SUNSET   835 PM PDT
JULY 24 2017..........SUNRISE   517 AM PDT   SUNSET   834 PM PDT


-  INDICATES NEGATIVE NUMBERS.
R  INDICATES RECORD WAS SET OR TIED.
MM INDICATES DATA IS MISSING.
T  INDICATES TRACE AMOUNT.




$$
