000
CDUS43 KSGF 230632
CLISGF


CLIMATE REPORT
NATIONAL WEATHER SERVICE SPRINGFIELD MO
130 AM CDT TUE MAY 23 2017


...................................

...THE SPRINGFIELD MO CLIMATE SUMMARY FOR MAY 22 2017...

CLIMATE NORMAL PERIOD 1981 TO 2010
CLIMATE RECORD PERIOD 1888 TO 2017


WEATHER ITEM   OBSERVED TIME   RECORD YEAR NORMAL DEPARTURE LAST
                VALUE   (LST)  VALUE       VALUE  FROM      YEAR
                                                  NORMAL
..................................................................
TEMPERATURE (F)
 YESTERDAY
  MAXIMUM         74    454 PM  88    1975  77     -3       80
                                      1964
                                      1953
  MINIMUM         51    524 AM  38    1892  56     -5       56
  AVERAGE         63                        66     -3       68

PRECIPITATION (IN)
  YESTERDAY        0.00          4.21 1989   0.15  -0.15      T
  MONTH TO DATE    5.62                      3.75   1.87     3.75
  SINCE MAR 1     22.44                     11.69  10.75     9.19
  SINCE JAN 1     26.90                     16.68  10.22    10.47

SNOWFALL (IN)
  YESTERDAY        0.0
  MONTH TO DATE    0.0
  SINCE MAR 1      0.1
  SINCE JUL 1      1.8
  SNOW DEPTH       0

DEGREE DAYS
 HEATING
  YESTERDAY        2                         2      0        0
  MONTH TO DATE   59                        81    -22      129
  SINCE MAR 1    650                       962   -312      716
  SINCE JUL 1   3339                      4555  -1216     3629

 COOLING
  YESTERDAY        0                         4     -4        3
  MONTH TO DATE   63                        49     14       28
  SINCE MAR 1    104                        74     30       55
  SINCE JAN 1    113                        74     39       55
..................................................................


WIND (MPH)
  HIGHEST WIND SPEED    17   HIGHEST WIND DIRECTION     S (160)
  HIGHEST GUST SPEED    21   HIGHEST GUST DIRECTION     S (190)
  AVERAGE WIND SPEED     8.3


SKY COVER
  AVERAGE SKY COVER 0.1


WEATHER CONDITIONS
 THE FOLLOWING WEATHER WAS RECORDED YESTERDAY.
  NO SIGNIFICANT WEATHER WAS OBSERVED.


RELATIVE HUMIDITY (PERCENT)
 HIGHEST    89          1200 AM
 LOWEST     41           500 PM
 AVERAGE    65

..........................................................


THE SPRINGFIELD MO CLIMATE NORMALS FOR TODAY
                         NORMAL    RECORD    YEAR
 MAXIMUM TEMPERATURE (F)   77        90      1939
 MINIMUM TEMPERATURE (F)   57        40      1917


SUNRISE AND SUNSET
MAY 23 2017...........SUNRISE   559 AM CDT   SUNSET   822 PM CDT
MAY 24 2017...........SUNRISE   558 AM CDT   SUNSET   823 PM CDT


-  INDICATES NEGATIVE NUMBERS.
R  INDICATES RECORD WAS SET OR TIED.
MM INDICATES DATA IS MISSING.
T  INDICATES TRACE AMOUNT.




$$
