000
CDUS43 KSGF 210627
CLISGF


CLIMATE REPORT
NATIONAL WEATHER SERVICE SPRINGFIELD MO
126 AM CDT SAT OCT 21 2017


...................................

...THE SPRINGFIELD MO CLIMATE SUMMARY FOR OCTOBER 20 2017...

CLIMATE NORMAL PERIOD 1981 TO 2010
CLIMATE RECORD PERIOD 1888 TO 2017


WEATHER ITEM   OBSERVED TIME   RECORD YEAR NORMAL DEPARTURE LAST
                VALUE   (LST)  VALUE       VALUE  FROM      YEAR
                                                  NORMAL
..................................................................
TEMPERATURE (F)
 YESTERDAY
  MAXIMUM         74    349 PM  88    1979  68      6       63
  MINIMUM         51    303 AM  24    1964  45      6       43
                                      1960
  AVERAGE         63                        57      6       53

PRECIPITATION (IN)
  YESTERDAY        0.00          1.73 1983   0.12  -0.12     0.00
  MONTH TO DATE    1.04                      2.30  -1.26     3.77
  SINCE SEP 1      1.63                      6.91  -5.28     7.66
  SINCE JAN 1     44.21                     37.02   7.19    33.28

SNOWFALL (IN)
  YESTERDAY        0.0
  MONTH TO DATE    0.0
  SINCE SEP 1      0.0
  SINCE JUL 1      0.0
  SNOW DEPTH       0

DEGREE DAYS
 HEATING
  YESTERDAY        2                         9     -7       12
  MONTH TO DATE   62                       134    -72       65
  SINCE SEP 1     70                       187   -117       79
  SINCE JUL 1     70                       189   -119       79

 COOLING
  YESTERDAY        0                         1     -1        0
  MONTH TO DATE   82                        26     56       76
  SINCE SEP 1    300                       199    101      342
  SINCE JAN 1   1458                      1385     73     1774
..................................................................


WIND (MPH)
  HIGHEST WIND SPEED    23   HIGHEST WIND DIRECTION    SE (150)
  HIGHEST GUST SPEED    37   HIGHEST GUST DIRECTION     S (160)
  AVERAGE WIND SPEED    13.7


SKY COVER
  AVERAGE SKY COVER 0.1


WEATHER CONDITIONS
 THE FOLLOWING WEATHER WAS RECORDED YESTERDAY.
  NO SIGNIFICANT WEATHER WAS OBSERVED.


RELATIVE HUMIDITY (PERCENT)
 HIGHEST    90          1100 PM
 LOWEST     53          1200 PM
 AVERAGE    72

..........................................................


THE SPRINGFIELD MO CLIMATE NORMALS FOR TODAY
                         NORMAL    RECORD    YEAR
 MAXIMUM TEMPERATURE (F)   68        88      1978
 MINIMUM TEMPERATURE (F)   45        25      1987


SUNRISE AND SUNSET
OCTOBER 21 2017.......SUNRISE   727 AM CDT   SUNSET   628 PM CDT
OCTOBER 22 2017.......SUNRISE   728 AM CDT   SUNSET   627 PM CDT


-  INDICATES NEGATIVE NUMBERS.
R  INDICATES RECORD WAS SET OR TIED.
MM INDICATES DATA IS MISSING.
T  INDICATES TRACE AMOUNT.




$$
