000
CDUS45 KBYZ 222248
CLISHR


CLIMATE REPORT
NATIONAL WEATHER SERVICE BILLINGS MT
436 PM MDT TUE JUL 22 2014


...................................

...THE SHERIDAN WY CLIMATE SUMMARY FOR JULY 22 2014...
VALID TODAY AS OF 0400 PM LOCAL TIME.

CLIMATE NORMAL PERIOD 1981 TO 2010
CLIMATE RECORD PERIOD 1907 TO 2014


WEATHER ITEM   OBSERVED TIME   RECORD YEAR NORMAL DEPARTURE LAST
                VALUE   (LST)  VALUE       VALUE  FROM      YEAR
                                                  NORMAL
..................................................................
TEMPERATURE (F)
 TODAY
  MAXIMUM         95    308 PM 103    2005  89      6       97
  MINIMUM         53    501 AM  41    1978  54     -1       52
  AVERAGE         74                        71      3       75

PRECIPITATION (IN)
  TODAY            0.00          1.86 1923   0.04  -0.04     0.00
  MONTH TO DATE    1.00                      0.87   0.13     0.37
  SINCE OCT 1     13.77                     11.70   2.07    12.42
  SINCE JAN 1     10.01                      9.02   0.99     9.88

SNOWFALL (IN)
  TODAY           MM             0.0  2001   0.0   MM       MM
  MONTH TO DATE   MM                         0.0   MM       MM
  SINCE JUN 1     MM                         T     MM       MM
  SINCE JUL 1     MM                         0.0   MM       MM
  SNOW DEPTH      MM

DEGREE DAYS
 HEATING
  TODAY            0                         0      0        0
  MONTH TO DATE    9                        24    -15        0
  SINCE JUN 1    191                       173     18      120
  SINCE JUL 1      9                        24    -15        0

 COOLING
  TODAY            9                         7      2       10
  MONTH TO DATE  119                       121     -2      178
  SINCE JUN 1    127                       167    -40      226
  SINCE JAN 1    135                       171    -36      234
..................................................................


WIND (MPH)
  HIGHEST WIND SPEED    13   HIGHEST WIND DIRECTION    NW (310)
  HIGHEST GUST SPEED    17   HIGHEST GUST DIRECTION    NW (320)
  AVERAGE WIND SPEED     3.7


SKY COVER
  POSSIBLE SUNSHINE  MM
  AVERAGE SKY COVER 0.0


WEATHER CONDITIONS
 THE FOLLOWING WEATHER WAS RECORDED TODAY.
  NO SIGNIFICANT WEATHER WAS OBSERVED.


RELATIVE HUMIDITY (PERCENT)
 HIGHEST    93           400 AM
 LOWEST     22           200 PM
 AVERAGE    58

..........................................................


THE SHERIDAN WY CLIMATE NORMALS FOR TOMORROW
                         NORMAL    RECORD    YEAR
 MAXIMUM TEMPERATURE (F)   89       103      1931
 MINIMUM TEMPERATURE (F)   54        42      1911


SUNRISE AND SUNSET
JULY 22 2014..........SUNRISE   543 AM MDT   SUNSET   845 PM MDT
JULY 23 2014..........SUNRISE   544 AM MDT   SUNSET   844 PM MDT


-  INDICATES NEGATIVE NUMBERS.
R  INDICATES RECORD WAS SET OR TIED.
MM INDICATES DATA IS MISSING.
T  INDICATES TRACE AMOUNT.




$$
