718
CDUS45 KBYZ 172318
CLISHR


CLIMATE REPORT
NATIONAL WEATHER SERVICE BILLINGS MT
418 PM MST SAT FEB 17 2018


...................................

...THE SHERIDAN WY CLIMATE SUMMARY FOR FEBRUARY 17 2018...
VALID TODAY AS OF 0400 PM LOCAL TIME.

CLIMATE NORMAL PERIOD 1981 TO 2010
CLIMATE RECORD PERIOD 1907 TO 2018


WEATHER ITEM   OBSERVED TIME   RECORD YEAR NORMAL DEPARTURE LAST
                VALUE   (LST)  VALUE       VALUE  FROM      YEAR
                                                  NORMAL
..................................................................
TEMPERATURE (F)
 TODAY
  MAXIMUM         35    359 PM  64    1935  39     -4       55
  MINIMUM         22    838 AM -35    1936  14      8       32
  AVERAGE         29                        27      2       44

PRECIPITATION (IN)
  TODAY            0.04          0.71 1955   0.02   0.02     0.00
  MONTH TO DATE    1.04                      0.32   0.72     0.43
  SINCE OCT 1      4.66                      3.56   1.10     5.20
  SINCE JAN 1      1.67                      0.88   0.79     1.47

DEGREE DAYS
 HEATING
  TODAY           36                        38     -2       21
  MONTH TO DATE  850                       671    179      650
  SINCE DEC 1   3358                      3253    105     3694
  SINCE JUL 1   5148                      5131     17     5171

 COOLING
  TODAY            0                         0      0        0
  MONTH TO DATE    0                         0      0        0
  SINCE DEC 1      0                         0      0        0
  SINCE JAN 1      0                         0      0        0
..................................................................


WIND (MPH)
  HIGHEST WIND SPEED    35   HIGHEST WIND DIRECTION     N (340)
  HIGHEST GUST SPEED    42   HIGHEST GUST DIRECTION     N (340)
  AVERAGE WIND SPEED     7.7


SKY COVER
  POSSIBLE SUNSHINE  MM
  AVERAGE SKY COVER 0.7


WEATHER CONDITIONS
 THE FOLLOWING WEATHER WAS RECORDED TODAY.
  SNOW
  LIGHT SNOW
  FOG


RELATIVE HUMIDITY (PERCENT)
 HIGHEST    96           800 AM
 LOWEST     59           100 AM
 AVERAGE    78

..........................................................


THE SHERIDAN WY CLIMATE NORMALS FOR TOMORROW
                         NORMAL    RECORD    YEAR
 MAXIMUM TEMPERATURE (F)   40        69      1930
 MINIMUM TEMPERATURE (F)   15       -29      1936


SUNRISE AND SUNSET
FEBRUARY 17 2018......SUNRISE   705 AM MST   SUNSET   539 PM MST
FEBRUARY 18 2018......SUNRISE   703 AM MST   SUNSET   541 PM MST


-  INDICATES NEGATIVE NUMBERS.
R  INDICATES RECORD WAS SET OR TIED.
MM INDICATES DATA IS MISSING.
T  INDICATES TRACE AMOUNT.




$$
