000
CDUS45 KBYZ 280937
CLISHR


CLIMATE REPORT
NATIONAL WEATHER SERVICE BILLINGS MT
333 AM MDT THU JUL 28 2016


...................................

...THE SHERIDAN WY CLIMATE SUMMARY FOR JULY 27 2016...

CLIMATE NORMAL PERIOD 1981 TO 2010
CLIMATE RECORD PERIOD 1907 TO 2016


WEATHER ITEM   OBSERVED TIME   RECORD YEAR NORMAL DEPARTURE LAST
                VALUE   (LST)  VALUE       VALUE  FROM      YEAR
                                                  NORMAL
..................................................................
TEMPERATURE (F)
 YESTERDAY
  MAXIMUM         91    227 PM 103    1931  89      2       82
  MINIMUM         62   1159 PM  45    2014  54      8       51
                                      1911
  AVERAGE         77                        72      5       67

PRECIPITATION (IN)
  YESTERDAY        0.00          1.00 1943   0.04  -0.04     0.15
  MONTH TO DATE    0.16                      1.05  -0.89     0.84
  SINCE OCT 1     10.16                     11.88  -1.72    15.26
  SINCE JAN 1      8.01                      9.20  -1.19    12.87

DEGREE DAYS
 HEATING
  YESTERDAY        0                         0      0        0
  MONTH TO DATE    6                        24    -18       15
  SINCE JUN 1     22                       173   -151       59
  SINCE JUL 1      6                        24    -18       15

 COOLING
  YESTERDAY       12                         7      5        2
  MONTH TO DATE  201                       156     45      134
  SINCE JUN 1    324                       202    122      213
  SINCE JAN 1    326                       206    120      213
..................................................................


WIND (MPH)
  HIGHEST WIND SPEED    23   HIGHEST WIND DIRECTION     N (20)
  HIGHEST GUST SPEED    29   HIGHEST GUST DIRECTION    NE (30)
  AVERAGE WIND SPEED     6.9


SKY COVER
  POSSIBLE SUNSHINE  MM
  AVERAGE SKY COVER 0.0


WEATHER CONDITIONS
 THE FOLLOWING WEATHER WAS RECORDED YESTERDAY.
  THUNDERSTORM


RELATIVE HUMIDITY (PERCENT)
 HIGHEST    63          1200 AM
 LOWEST     22           600 PM
 AVERAGE    43

..........................................................


THE SHERIDAN WY CLIMATE NORMALS FOR TODAY
                         NORMAL    RECORD    YEAR
 MAXIMUM TEMPERATURE (F)   89       105      1935
 MINIMUM TEMPERATURE (F)   54        38      1911


SUNRISE AND SUNSET
JULY 28 2016..........SUNRISE   550 AM MDT   SUNSET   838 PM MDT
JULY 29 2016..........SUNRISE   551 AM MDT   SUNSET   837 PM MDT


-  INDICATES NEGATIVE NUMBERS.
R  INDICATES RECORD WAS SET OR TIED.
MM INDICATES DATA IS MISSING.
T  INDICATES TRACE AMOUNT.




$$
