000
CDUS45 KBYZ 291032
CLISHR


CLIMATE REPORT
NATIONAL WEATHER SERVICE BILLINGS MT
331 AM MST THU JAN 29 2015


...................................

...THE SHERIDAN WY CLIMATE SUMMARY FOR JANUARY 28 2015...

CLIMATE NORMAL PERIOD 1981 TO 2010
CLIMATE RECORD PERIOD 1907 TO 2015


WEATHER ITEM   OBSERVED TIME   RECORD YEAR NORMAL DEPARTURE LAST
                VALUE   (LST)  VALUE       VALUE  FROM      YEAR
                                                  NORMAL
..................................................................
TEMPERATURE (F)
 YESTERDAY
  MAXIMUM         55    245 AM  62    1931  37     18       28
  MINIMUM         28   1159 PM -28    1951  12     16       -1
  AVERAGE         42                        24     18       14

PRECIPITATION (IN)
  YESTERDAY        T             0.47        0.02  -0.02     0.00
  MONTH TO DATE    0.45                      0.50  -0.05     0.59
  SINCE OCT 1      2.84                      3.18  -0.34     4.35
  SINCE JAN 1      0.45                      0.50  -0.05     0.59

DEGREE DAYS
 HEATING
  YESTERDAY       23                        41    -18       51
  MONTH TO DATE 1102                      1157    -55     1044
  SINCE DEC 1   2331                      2462   -131     2459
  SINCE JUL 1   4157                      4340   -183     4264

 COOLING
  YESTERDAY        0                         0      0        0
  MONTH TO DATE    0                         0      0        0
  SINCE DEC 1      0                         0      0        0
  SINCE JAN 1      0                         0      0        0
..................................................................


WIND (MPH)
  HIGHEST WIND SPEED    30   HIGHEST WIND DIRECTION    NW (320)
  HIGHEST GUST SPEED    38   HIGHEST GUST DIRECTION    NW (320)
  AVERAGE WIND SPEED    13.3


SKY COVER
  POSSIBLE SUNSHINE  MM
  AVERAGE SKY COVER 0.9


WEATHER CONDITIONS
 THE FOLLOWING WEATHER WAS RECORDED YESTERDAY.
  LIGHT RAIN


RELATIVE HUMIDITY (PERCENT)
 HIGHEST    76           900 PM
 LOWEST     39           100 PM
 AVERAGE    58

..........................................................


THE SHERIDAN WY CLIMATE NORMALS FOR TODAY
                         NORMAL    RECORD    YEAR
 MAXIMUM TEMPERATURE (F)   37        71      1931
 MINIMUM TEMPERATURE (F)   12       -30      1951


SUNRISE AND SUNSET
JANUARY 29 2015.......SUNRISE   731 AM MST   SUNSET   512 PM MST
JANUARY 30 2015.......SUNRISE   729 AM MST   SUNSET   513 PM MST


-  INDICATES NEGATIVE NUMBERS.
R  INDICATES RECORD WAS SET OR TIED.
MM INDICATES DATA IS MISSING.
T  INDICATES TRACE AMOUNT.




$$
