000
CDUS45 KBYZ 202225
CLISHR


CLIMATE REPORT
NATIONAL WEATHER SERVICE BILLINGS MT
424 PM MDT SAT SEP 20 2014


...................................

...THE SHERIDAN WY CLIMATE SUMMARY FOR SEPTEMBER 20 2014...
VALID TODAY AS OF 0400 PM LOCAL TIME.

CLIMATE NORMAL PERIOD 1981 TO 2010
CLIMATE RECORD PERIOD 1907 TO 2014


WEATHER ITEM   OBSERVED TIME   RECORD YEAR NORMAL DEPARTURE LAST
                VALUE   (LST)  VALUE       VALUE  FROM      YEAR
                                                  NORMAL
..................................................................
TEMPERATURE (F)
 TODAY
  MAXIMUM         74    259 PM  91    1938  72      2       74
                                      1933
                                      1920
  MINIMUM         49    322 AM  25    1983  40      9       35
  AVERAGE         62                        56      6       55

PRECIPITATION (IN)
  TODAY            0.00          0.97 1951   0.05  -0.05     0.00
  MONTH TO DATE    1.54                      0.88   0.66     2.76
  SINCE OCT 1     16.37                     13.61   2.76    15.29
  SINCE JAN 1     12.61                     10.93   1.68    12.75

SNOWFALL (IN)
  TODAY           MM             8.0  1934   0.1   MM       MM
  MONTH TO DATE   MM                         1.3   MM       MM
  SINCE SEP 1     MM                         1.3   MM       MM
  SINCE JUL 1     MM                         1.3   MM       MM
  SNOW DEPTH      MM

DEGREE DAYS
 HEATING
  TODAY            3                        10     -7       10
  MONTH TO DATE  187                       123     64       34
  SINCE SEP 1    187                       123     64       34
  SINCE JUL 1    237                       185     52       35

 COOLING
  TODAY            0                         0      0        0
  MONTH TO DATE   15                        26    -11       82
  SINCE SEP 1     15                        26    -11       82
  SINCE JAN 1    333                       416    -83      592
..................................................................


WIND (MPH)
  HIGHEST WIND SPEED    23   HIGHEST WIND DIRECTION    NW (330)
  HIGHEST GUST SPEED    29   HIGHEST GUST DIRECTION    NW (330)
  AVERAGE WIND SPEED     8.3


SKY COVER
  POSSIBLE SUNSHINE  MM
  AVERAGE SKY COVER 0.1


WEATHER CONDITIONS
 THE FOLLOWING WEATHER WAS RECORDED TODAY.
  NO SIGNIFICANT WEATHER WAS OBSERVED.


RELATIVE HUMIDITY (PERCENT)
 HIGHEST    83          1200 AM
 LOWEST     29           300 PM
 AVERAGE    56

..........................................................


THE SHERIDAN WY CLIMATE NORMALS FOR TOMORROW
                         NORMAL    RECORD    YEAR
 MAXIMUM TEMPERATURE (F)   71        92      1938
 MINIMUM TEMPERATURE (F)   39        23      1983


SUNRISE AND SUNSET
SEPTEMBER 20 2014.....SUNRISE   653 AM MDT   SUNSET   709 PM MDT
SEPTEMBER 21 2014.....SUNRISE   654 AM MDT   SUNSET   707 PM MDT


-  INDICATES NEGATIVE NUMBERS.
R  INDICATES RECORD WAS SET OR TIED.
MM INDICATES DATA IS MISSING.
T  INDICATES TRACE AMOUNT.




$$
