233
CDUS45 KBYZ 230723
CLISHR


CLIMATE REPORT
NATIONAL WEATHER SERVICE BILLINGS MT
123 AM MDT FRI JUN 23 2017


...................................

...THE SHERIDAN WY CLIMATE SUMMARY FOR JUNE 22 2017...

CLIMATE NORMAL PERIOD 1981 TO 2010
CLIMATE RECORD PERIOD 1907 TO 2017


WEATHER ITEM   OBSERVED TIME   RECORD YEAR NORMAL DEPARTURE LAST
                VALUE   (LST)  VALUE       VALUE  FROM      YEAR
                                                  NORMAL
..................................................................
TEMPERATURE (F)
 YESTERDAY
  MAXIMUM         75    319 PM 101    1919  79     -4       84
  MINIMUM         50   1159 PM  35    1914  48      2       46
  AVERAGE         63                        64     -1       65

PRECIPITATION (IN)
  YESTERDAY        T             1.53 1948   0.06  -0.06     0.00
  MONTH TO DATE    1.02                      1.71  -0.69     0.37
  SINCE OCT 1     16.72                     10.42   6.30     9.98
  SINCE JAN 1     12.99                      7.74   5.25     7.83

DEGREE DAYS
 HEATING
  YESTERDAY        2                         3     -1        0
  MONTH TO DATE   45                       127    -82       16
  SINCE JUN 1     45                       127    -82       16
  SINCE JUL 1   7268                      7621   -353     6456

 COOLING
  YESTERDAY        0                         2     -2        0
  MONTH TO DATE   32                        25      7       75
  SINCE JUN 1     32                        25      7       75
  SINCE JAN 1     32                        29      3       77
..................................................................


WIND (MPH)
  HIGHEST WIND SPEED    28   HIGHEST WIND DIRECTION    NW (330)
  HIGHEST GUST SPEED    33   HIGHEST GUST DIRECTION    NW (330)
  AVERAGE WIND SPEED    12.6


SKY COVER
  POSSIBLE SUNSHINE  MM
  AVERAGE SKY COVER 0.3


WEATHER CONDITIONS
 THE FOLLOWING WEATHER WAS RECORDED YESTERDAY.
  NO SIGNIFICANT WEATHER WAS OBSERVED.


RELATIVE HUMIDITY (PERCENT)
 HIGHEST    67          1200 AM
 LOWEST     22           400 PM
 AVERAGE    45

..........................................................


THE SHERIDAN WY CLIMATE NORMALS FOR TODAY
                         NORMAL    RECORD    YEAR
 MAXIMUM TEMPERATURE (F)   80       103      1988
 MINIMUM TEMPERATURE (F)   48        38      1989
                                             1967


SUNRISE AND SUNSET
JUNE 23 2017..........SUNRISE   523 AM MDT   SUNSET   858 PM MDT
JUNE 24 2017..........SUNRISE   523 AM MDT   SUNSET   858 PM MDT


-  INDICATES NEGATIVE NUMBERS.
R  INDICATES RECORD WAS SET OR TIED.
MM INDICATES DATA IS MISSING.
T  INDICATES TRACE AMOUNT.




$$
