000
CDUS45 KBYZ 180723
CLISHR


CLIMATE REPORT
NATIONAL WEATHER SERVICE BILLINGS MT
123 AM MDT WED OCT 18 2017


...................................

...THE SHERIDAN WY CLIMATE SUMMARY FOR OCTOBER 17 2017...

CLIMATE NORMAL PERIOD 1981 TO 2010
CLIMATE RECORD PERIOD 1907 TO 2017


WEATHER ITEM   OBSERVED TIME   RECORD YEAR NORMAL DEPARTURE LAST
                VALUE   (LST)  VALUE       VALUE  FROM      YEAR
                                                  NORMAL
..................................................................
TEMPERATURE (F)
 YESTERDAY
  MAXIMUM         80    227 PM  88    2003  60     20       56
  MINIMUM         33    659 AM  12    1930  31      2       33
  AVERAGE         57                        45     12       45

PRECIPITATION (IN)
  YESTERDAY        0.00          1.03 1932   0.04  -0.04     0.12
  MONTH TO DATE    0.14                      0.90  -0.76     0.81
  SINCE OCT 1      0.14                      0.90  -0.76     0.81
  SINCE JAN 1     15.92                     12.38   3.54    14.03

DEGREE DAYS
 HEATING
  YESTERDAY        8                        20    -12       20
  MONTH TO DATE  337                       289     48      274
  SINCE SEP 1    613                       530     83      457
  SINCE JUL 1    637                       592     45      500

 COOLING
  YESTERDAY        0                         0      0        0
  MONTH TO DATE    0                         0      0        0
  SINCE SEP 1     52                        28     24       30
  SINCE JAN 1    481                       418     63      549
..................................................................


WIND (MPH)
  HIGHEST WIND SPEED    22   HIGHEST WIND DIRECTION    SW (240)
  HIGHEST GUST SPEED    27   HIGHEST GUST DIRECTION    SW (240)
  AVERAGE WIND SPEED     4.9


SKY COVER
  POSSIBLE SUNSHINE  MM
  AVERAGE SKY COVER 0.0


WEATHER CONDITIONS
 THE FOLLOWING WEATHER WAS RECORDED YESTERDAY.
  NO SIGNIFICANT WEATHER WAS OBSERVED.


RELATIVE HUMIDITY (PERCENT)
 HIGHEST    64           200 AM
 LOWEST      9           200 PM
 AVERAGE    37

..........................................................


THE SHERIDAN WY CLIMATE NORMALS FOR TODAY
                         NORMAL    RECORD    YEAR
 MAXIMUM TEMPERATURE (F)   59        85      2003
 MINIMUM TEMPERATURE (F)   30         8      1925


SUNRISE AND SUNSET
OCTOBER 18 2017.......SUNRISE   728 AM MDT   SUNSET   618 PM MDT
OCTOBER 19 2017.......SUNRISE   729 AM MDT   SUNSET   616 PM MDT


-  INDICATES NEGATIVE NUMBERS.
R  INDICATES RECORD WAS SET OR TIED.
MM INDICATES DATA IS MISSING.
T  INDICATES TRACE AMOUNT.




$$
