000
CDUS45 KBYZ 280936
CLISHR


CLIMATE REPORT
NATIONAL WEATHER SERVICE BILLINGS MT
334 AM MDT FRI APR 28 2017


...................................

...THE SHERIDAN WY CLIMATE SUMMARY FOR APRIL 27 2017...

CLIMATE NORMAL PERIOD 1981 TO 2010
CLIMATE RECORD PERIOD 1907 TO 2017


WEATHER ITEM   OBSERVED TIME   RECORD YEAR NORMAL DEPARTURE LAST
                VALUE   (LST)  VALUE       VALUE  FROM      YEAR
                                                  NORMAL
..................................................................
TEMPERATURE (F)
 YESTERDAY
  MAXIMUM         37   1022 AM  83    1987  61    -24       41
                                      1910
  MINIMUM         31    406 AM  12    1918  33     -2       33
  AVERAGE         34                        47    -13       37

PRECIPITATION (IN)
  YESTERDAY        1.00          2.76 1963   0.07   0.93     0.15
  MONTH TO DATE    4.23                      1.38   2.85     3.32
  SINCE OCT 1     13.09                      6.14   6.95     8.51
  SINCE JAN 1      9.36                      3.46   5.90     6.36

DEGREE DAYS
 HEATING
  YESTERDAY       31                        18     13       28
  MONTH TO DATE  526                       589    -63      477
  SINCE MAR 1   1261                      1513   -252     1247
  SINCE JUL 1   6783                      7048   -265     5993

 COOLING
  YESTERDAY        0                         0      0        0
  MONTH TO DATE    0                         0      0        0
  SINCE MAR 1      0                         0      0        0
  SINCE JAN 1      0                         0      0        0
..................................................................


WIND (MPH)
  HIGHEST WIND SPEED    13   HIGHEST WIND DIRECTION     W (280)
  HIGHEST GUST SPEED    15   HIGHEST GUST DIRECTION     W (280)
  AVERAGE WIND SPEED     5.3


SKY COVER
  POSSIBLE SUNSHINE  MM
  AVERAGE SKY COVER 1.0


WEATHER CONDITIONS
 THE FOLLOWING WEATHER WAS RECORDED YESTERDAY.
  LIGHT RAIN
  LIGHT SNOW
  FOG
  FOG W/VISIBILITY <= 1/4 MILE


RELATIVE HUMIDITY (PERCENT)
 HIGHEST   100           400 AM
 LOWEST     85          1200 AM
 AVERAGE    93

..........................................................


THE SHERIDAN WY CLIMATE NORMALS FOR TODAY
                         NORMAL    RECORD    YEAR
 MAXIMUM TEMPERATURE (F)   61        85      1910
 MINIMUM TEMPERATURE (F)   33        15      1984


SUNRISE AND SUNSET
APRIL 28 2017.........SUNRISE   602 AM MDT   SUNSET   810 PM MDT
APRIL 29 2017.........SUNRISE   600 AM MDT   SUNSET   811 PM MDT


-  INDICATES NEGATIVE NUMBERS.
R  INDICATES RECORD WAS SET OR TIED.
MM INDICATES DATA IS MISSING.
T  INDICATES TRACE AMOUNT.




$$
