000
CDUS44 KSHV 302149
CLISHV


CLIMATE REPORT
NATIONAL WEATHER SERVICE SHREVEPORT, LA
447 PM CDT THU JUL 30 2015


...................................

...THE SHREVEPORT CLIMATE SUMMARY FOR JULY 30 2015...
VALID TODAY AS OF 0400 PM LOCAL TIME.

CLIMATE NORMAL PERIOD 1981 TO 2010
CLIMATE RECORD PERIOD 1874 TO 2015


WEATHER ITEM   OBSERVED TIME   RECORD YEAR NORMAL DEPARTURE LAST
                VALUE   (LST)  VALUE       VALUE  FROM      YEAR
                                                  NORMAL
..................................................................
TEMPERATURE (F)
 TODAY
  MAXIMUM        104    216 PM 105    1998  94     10       89
  MINIMUM         80    454 AM  66    1923  73      7       69
                                      1881
                                      1874
  AVERAGE         92                        84      8       79

PRECIPITATION (IN)
  TODAY            0.00          1.74 1952   0.10  -0.10     0.00
  MONTH TO DATE    0.59                      3.54  -2.95     3.14
  SINCE DEC 1     46.49                     35.92  10.57    29.29
  SINCE JAN 1     42.74                     31.15  11.59    24.31

DEGREE DAYS
 HEATING
  TODAY            0                         0      0        0
  MONTH TO DATE    0                         0      0        0
  SINCE JUN 1      0                         0      0        0
  SINCE JUL 1      0                         0      0        0

 COOLING
  TODAY           27                        19      8       14
  MONTH TO DATE  641                       539    102      479
  SINCE JUN 1   1158                       983    175      948
  SINCE JAN 1   1630                      1381    249     1318
..................................................................


WIND (MPH)
  HIGHEST WIND SPEED    17   HIGHEST WIND DIRECTION    NE (40)
  HIGHEST GUST SPEED    22   HIGHEST GUST DIRECTION    NE (40)
  AVERAGE WIND SPEED     5.2


SKY COVER
  POSSIBLE SUNSHINE  MM
  AVERAGE SKY COVER 0.2


WEATHER CONDITIONS
 THE FOLLOWING WEATHER WAS RECORDED TODAY.
  NO SIGNIFICANT WEATHER WAS OBSERVED.


RELATIVE HUMIDITY (PERCENT)
 HIGHEST    79          1200 AM
 LOWEST     37          1200 PM
 AVERAGE    58

..........................................................


THE SHREVEPORT CLIMATE NORMALS FOR TOMORROW
                         NORMAL    RECORD    YEAR
 MAXIMUM TEMPERATURE (F)   94       107      1998
 MINIMUM TEMPERATURE (F)   73        63      1971


SUNRISE AND SUNSET
JULY 30 2015..........SUNRISE   628 AM CDT   SUNSET   815 PM CDT
JULY 31 2015..........SUNRISE   629 AM CDT   SUNSET   814 PM CDT


-  INDICATES NEGATIVE NUMBERS.
R  INDICATES RECORD WAS SET OR TIED.
MM INDICATES DATA IS MISSING.
T  INDICATES TRACE AMOUNT.


$$

10
