000
CDUS44 KSHV 270732
CLISHV


CLIMATE REPORT
NATIONAL WEATHER SERVICE SHREVEPORT, LA
231 AM CDT SAT MAY 27 2017


...................................

...THE SHREVEPORT CLIMATE SUMMARY FOR MAY 26 2017...

CLIMATE NORMAL PERIOD 1981 TO 2010
CLIMATE RECORD PERIOD 1874 TO 2017


WEATHER ITEM   OBSERVED TIME   RECORD YEAR NORMAL DEPARTURE LAST
                VALUE   (LST)  VALUE       VALUE  FROM      YEAR
                                                  NORMAL
..................................................................
TEMPERATURE (F)
 YESTERDAY
  MAXIMUM         88    417 PM  99    1887  86      2       84
  MINIMUM         69    525 AM  50    1979  65      4       71
                                      1925
  AVERAGE         79                        76      3       78

PRECIPITATION (IN)
  YESTERDAY        0.00          2.15 1970   0.17  -0.17     0.37
  MONTH TO DATE    4.27                      4.15   0.12     1.85
  SINCE DEC 1     17.26                     26.20  -8.94    35.89
  SINCE JAN 1     14.12                     21.43  -7.31    33.00

SNOWFALL (IN)
  YESTERDAY        0.0
  MONTH TO DATE    0.0
  SINCE MAR 1      0.0
  SINCE JUL 1      0.0
  SNOW DEPTH       0

DEGREE DAYS
 HEATING
  YESTERDAY        0                         0      0        0
  MONTH TO DATE    6                         5      1        2
  SINCE MAR 1    170                       342   -172      148
  SINCE JUL 1   1201                      2224  -1023     1451

 COOLING
  YESTERDAY       14                        11      3       13
  MONTH TO DATE  153                       206    -53      202
  SINCE MAR 1    409                       331     78      383
  SINCE JAN 1    479                       341    138      401
..................................................................


WIND (MPH)
  HIGHEST WIND SPEED    22   HIGHEST WIND DIRECTION     S (190)
  HIGHEST GUST SPEED    31   HIGHEST GUST DIRECTION     S (190)
  AVERAGE WIND SPEED    12.7


SKY COVER
  POSSIBLE SUNSHINE  MM
  AVERAGE SKY COVER 0.8


WEATHER CONDITIONS
 THE FOLLOWING WEATHER WAS RECORDED YESTERDAY.
  NO SIGNIFICANT WEATHER WAS OBSERVED.


RELATIVE HUMIDITY (PERCENT)
 HIGHEST    90           500 AM
 LOWEST     63           200 PM
 AVERAGE    77

..........................................................


THE SHREVEPORT CLIMATE NORMALS FOR TODAY
                         NORMAL    RECORD    YEAR
 MAXIMUM TEMPERATURE (F)   86        97      1886
 MINIMUM TEMPERATURE (F)   66        47      1961


SUNRISE AND SUNSET
MAY 27 2017...........SUNRISE   610 AM CDT   SUNSET   815 PM CDT
MAY 28 2017...........SUNRISE   610 AM CDT   SUNSET   815 PM CDT


-  INDICATES NEGATIVE NUMBERS.
R  INDICATES RECORD WAS SET OR TIED.
MM INDICATES DATA IS MISSING.
T  INDICATES TRACE AMOUNT.




$$
