000
CDUS44 KSHV 250745
CLISHV


CLIMATE REPORT
NATIONAL WEATHER SERVICE SHREVEPORT, LA
245 AM CDT MON MAY 25 2015


...................................

...THE SHREVEPORT CLIMATE SUMMARY FOR MAY 24 2015...

CLIMATE NORMAL PERIOD 1981 TO 2010
CLIMATE RECORD PERIOD 1874 TO 2015


WEATHER ITEM   OBSERVED TIME   RECORD YEAR NORMAL DEPARTURE LAST
                VALUE   (LST)  VALUE       VALUE  FROM      YEAR
                                                  NORMAL
..................................................................
TEMPERATURE (F)
 YESTERDAY
  MAXIMUM         80   1048 AM 101    1875  86     -6       83
  MINIMUM         69   1159 PM  54    1963  65      4       67
                                      1940
                                      1913
  AVERAGE         75                        75      0       75

PRECIPITATION (IN)
  YESTERDAY        0.04          3.21 1872   0.15  -0.11      T
  MONTH TO DATE    8.01                      3.82   4.19     4.84
  SINCE DEC 1     36.96                     25.87  11.09    21.37
  SINCE JAN 1     33.21                     21.10  12.11    16.39

SNOWFALL (IN)
  YESTERDAY        0.0
  MONTH TO DATE    0.0
  SINCE MAR 1      0.4
  SINCE JUL 1      4.5
  SNOW DEPTH       0

DEGREE DAYS
 HEATING
  YESTERDAY        0                         0      0        0
  MONTH TO DATE    0                         5     -5       24
  SINCE MAR 1    291                       342    -51      456
  SINCE JUL 1   2291                      2224     67     2567

 COOLING
  YESTERDAY       10                        10      0       10
  MONTH TO DATE  223                       184     39      169
  SINCE MAR 1    390                       309     81      284
  SINCE JAN 1    390                       319     71      290
..................................................................


WIND (MPH)
  HIGHEST WIND SPEED    26   HIGHEST WIND DIRECTION    SE (140)
  HIGHEST GUST SPEED    38   HIGHEST GUST DIRECTION     S (190)
  AVERAGE WIND SPEED    10.1


SKY COVER
  POSSIBLE SUNSHINE  MM
  AVERAGE SKY COVER 1.0


WEATHER CONDITIONS
 THE FOLLOWING WEATHER WAS RECORDED YESTERDAY.
  RAIN
  LIGHT RAIN


RELATIVE HUMIDITY (PERCENT)
 HIGHEST    93           300 AM
 LOWEST     74           100 PM
 AVERAGE    84

..........................................................


THE SHREVEPORT CLIMATE NORMALS FOR TODAY
                         NORMAL    RECORD    YEAR
 MAXIMUM TEMPERATURE (F)   86        98      1875
 MINIMUM TEMPERATURE (F)   65        50      1971


SUNRISE AND SUNSET
MAY 25 2015...........SUNRISE   611 AM CDT   SUNSET   813 PM CDT
MAY 26 2015...........SUNRISE   611 AM CDT   SUNSET   814 PM CDT


-  INDICATES NEGATIVE NUMBERS.
R  INDICATES RECORD WAS SET OR TIED.
MM INDICATES DATA IS MISSING.
T  INDICATES TRACE AMOUNT.




$$

19
