000
CDUS44 KSHV 160732
CLISHV


CLIMATE REPORT
NATIONAL WEATHER SERVICE SHREVEPORT, LA
232 AM CDT WED APR 16 2014


...................................

...THE SHREVEPORT CLIMATE SUMMARY FOR APRIL 15 2014...

CLIMATE NORMAL PERIOD 1981 TO 2010
CLIMATE RECORD PERIOD 1874 TO 2014


WEATHER ITEM   OBSERVED TIME   RECORD YEAR NORMAL DEPARTURE LAST
                VALUE   (LST)  VALUE       VALUE  FROM      YEAR
                                                  NORMAL
..................................................................
TEMPERATURE (F)
 YESTERDAY
  MAXIMUM         61    501 PM  90    1925  77    -16       87
  MINIMUM         39    611 AM  35    1928  53    -14       61
  AVERAGE         50                        65    -15       74

PRECIPITATION (IN)
  YESTERDAY        0.00          4.23 1879   0.13  -0.13     0.00
  MONTH TO DATE    3.82                      2.07   1.75     2.61
  SINCE DEC 1     16.26                     19.93  -3.67    19.29
  SINCE JAN 1     11.28                     15.16  -3.88    13.63

SNOWFALL (IN)
  YESTERDAY        0.0
  MONTH TO DATE    0.0
  SINCE MAR 1      T
  SINCE JUL 1      1.0
  SNOW DEPTH       0

DEGREE DAYS
 HEATING
  YESTERDAY       15                         3     12        0
  MONTH TO DATE   79                        60     19       74
  SINCE MAR 1    401                       311     90      380
  SINCE JUL 1   2512                      2193    319     1994

 COOLING
  YESTERDAY        0                         3     -3        9
  MONTH TO DATE   43                        36      7       34
  SINCE MAR 1     56                        67    -11       51
  SINCE JAN 1     62                        77    -15       59
..................................................................


WIND (MPH)
  HIGHEST WIND SPEED    18   HIGHEST WIND DIRECTION    NE (50)
  HIGHEST GUST SPEED    24   HIGHEST GUST DIRECTION    NW (330)
  AVERAGE WIND SPEED     7.4


SKY COVER
  POSSIBLE SUNSHINE  MM
  AVERAGE SKY COVER 0.0


WEATHER CONDITIONS
 THE FOLLOWING WEATHER WAS RECORDED YESTERDAY.
  NO SIGNIFICANT WEATHER WAS OBSERVED.


RELATIVE HUMIDITY (PERCENT)
 HIGHEST    82          1100 PM
 LOWEST     28           100 PM
 AVERAGE    55

..........................................................


THE SHREVEPORT CLIMATE NORMALS FOR TODAY
                         NORMAL    RECORD    YEAR
 MAXIMUM TEMPERATURE (F)   77        92      1920
 MINIMUM TEMPERATURE (F)   54        34      1961


SUNRISE AND SUNSET
APRIL 16 2014.........SUNRISE   645 AM CDT   SUNSET   746 PM CDT
APRIL 17 2014.........SUNRISE   644 AM CDT   SUNSET   746 PM CDT


-  INDICATES NEGATIVE NUMBERS.
R  INDICATES RECORD WAS SET OR TIED.
MM INDICATES DATA IS MISSING.
T  INDICATES TRACE AMOUNT.




$$
