000
CDUS44 KSHV 192153
CLISHV


CLIMATE REPORT
NATIONAL WEATHER SERVICE SHREVEPORT, LA
453 PM CDT TUE SEP 19 2017


...................................

...THE SHREVEPORT CLIMATE SUMMARY FOR SEPTEMBER 19 2017...
VALID TODAY AS OF 0400 PM LOCAL TIME.

CLIMATE NORMAL PERIOD 1981 TO 2010
CLIMATE RECORD PERIOD 1874 TO 2017


WEATHER ITEM   OBSERVED TIME   RECORD YEAR NORMAL DEPARTURE LAST
                VALUE   (LST)  VALUE       VALUE  FROM      YEAR
                                                  NORMAL
..................................................................
TEMPERATURE (F)
 TODAY
  MAXIMUM         91    256 PM 103    1956  87      4       97
  MINIMUM         70   1247 AM  43    1981  65      5       73
  AVERAGE         81                        76      5       85

PRECIPITATION (IN)
  TODAY            0.00          1.65 1958   0.09  -0.09     0.00
  MONTH TO DATE    T                         1.92  -1.92     0.16
  SINCE DEC 1     33.24                     40.68  -7.44    53.42
  SINCE JAN 1     30.10                     35.91  -5.81    50.53

DEGREE DAYS
 HEATING
  TODAY            0                         0      0        0
  MONTH TO DATE    0                         0      0        0
  SINCE SEP 1      0                         0      0        0
  SINCE JUL 1      0                         0      0        0

 COOLING
  TODAY           16                        11      5       20
  MONTH TO DATE  204                       263    -59      343
  SINCE SEP 1    204                       263    -59      343
  SINCE JAN 1   2311                      2225     86     2584
..................................................................


WIND (MPH)
  HIGHEST WIND SPEED    15   HIGHEST WIND DIRECTION     S (180)
  HIGHEST GUST SPEED    18   HIGHEST GUST DIRECTION     S (180)
  AVERAGE WIND SPEED     5.8


SKY COVER
  POSSIBLE SUNSHINE  MM
  AVERAGE SKY COVER 0.7


WEATHER CONDITIONS
 THE FOLLOWING WEATHER WAS RECORDED TODAY.
  FOG


RELATIVE HUMIDITY (PERCENT)
 HIGHEST   100           400 AM
 LOWEST     56           300 PM
 AVERAGE    78

..........................................................


THE SHREVEPORT CLIMATE NORMALS FOR TOMORROW
                         NORMAL    RECORD    YEAR
 MAXIMUM TEMPERATURE (F)   87       102      2005
 MINIMUM TEMPERATURE (F)   64        48      1981


SUNRISE AND SUNSET
SEPTEMBER 19 2017.....SUNRISE   702 AM CDT   SUNSET   716 PM CDT
SEPTEMBER 20 2017.....SUNRISE   702 AM CDT   SUNSET   714 PM CDT


-  INDICATES NEGATIVE NUMBERS.
R  INDICATES RECORD WAS SET OR TIED.
MM INDICATES DATA IS MISSING.
T  INDICATES TRACE AMOUNT.




$$
