000
CDUS44 KSHV 010741
CLISHV


CLIMATE REPORT
NATIONAL WEATHER SERVICE SHREVEPORT, LA
234 AM CDT SAT OCT 1 2016


...................................

...THE SHREVEPORT CLIMATE SUMMARY FOR SEPTEMBER 30 2016...

CLIMATE NORMAL PERIOD 1981 TO 2010
CLIMATE RECORD PERIOD 1874 TO 2016


WEATHER ITEM   OBSERVED TIME   RECORD YEAR NORMAL DEPARTURE LAST
                VALUE   (LST)  VALUE       VALUE  FROM      YEAR
                                                  NORMAL
..................................................................
TEMPERATURE (F)
 YESTERDAY
  MAXIMUM         83    322 PM  99    1953  83      0       92
  MINIMUM         56    641 AM  42    1984  60     -4       68
  AVERAGE         70                        72     -2       80

PRECIPITATION (IN)
  YESTERDAY        0.00          1.66 2012   0.13  -0.13     0.00
  MONTH TO DATE    0.16                      3.16  -3.00     0.07
  SINCE DEC 1     53.42                     41.92  11.50    48.68
  SINCE JAN 1     50.53                     37.15  13.38    44.93

SNOWFALL (IN)
  YESTERDAY        0.0
  MONTH TO DATE    0.0
  SINCE SEP 1      0.0
  SINCE JUL 1      0.0
  SNOW DEPTH       0

DEGREE DAYS
 HEATING
  YESTERDAY        0                         1     -1        0
  MONTH TO DATE    0                         4     -4        0
  SINCE SEP 1      0                         6     -6        0
  SINCE JUL 1      0                         6     -6        0

 COOLING
  YESTERDAY        5                         7     -2       15
  MONTH TO DATE  481                       363    118      490
  SINCE SEP 1    481                       363    118      490
  SINCE JAN 1   2722                      2325    397     2766
..................................................................


WIND (MPH)
  HIGHEST WIND SPEED    12   HIGHEST WIND DIRECTION    NW (330)
  HIGHEST GUST SPEED    15   HIGHEST GUST DIRECTION     N (10)
  AVERAGE WIND SPEED     3.4


SKY COVER
  POSSIBLE SUNSHINE  MM
  AVERAGE SKY COVER 0.1


WEATHER CONDITIONS
 THE FOLLOWING WEATHER WAS RECORDED YESTERDAY.
  NO SIGNIFICANT WEATHER WAS OBSERVED.


RELATIVE HUMIDITY (PERCENT)
 HIGHEST    93          1200 AM
 LOWEST     34           300 PM
 AVERAGE    64

..........................................................


THE SHREVEPORT CLIMATE NORMALS FOR TODAY
                         NORMAL    RECORD    YEAR
 MAXIMUM TEMPERATURE (F)   83        99      1938
 MINIMUM TEMPERATURE (F)   60        40      1984


SUNRISE AND SUNSET
OCTOBER  1 2016.......SUNRISE   710 AM CDT   SUNSET   659 PM CDT
OCTOBER  2 2016.......SUNRISE   710 AM CDT   SUNSET   658 PM CDT


-  INDICATES NEGATIVE NUMBERS.
R  INDICATES RECORD WAS SET OR TIED.
MM INDICATES DATA IS MISSING.
T  INDICATES TRACE AMOUNT.




$$
