000
CDUS44 KSHV 272250
CLISHV


CLIMATE REPORT
NATIONAL WEATHER SERVICE SHREVEPORT, LA
450 PM CST FRI FEB 27 2015


...................................

...THE SHREVEPORT CLIMATE SUMMARY FOR FEBRUARY 27 2015...
VALID TODAY AS OF 0400 PM LOCAL TIME.

CLIMATE NORMAL PERIOD 1981 TO 2010
CLIMATE RECORD PERIOD 1874 TO 2015


WEATHER ITEM   OBSERVED TIME   RECORD YEAR NORMAL DEPARTURE LAST
                VALUE   (LST)  VALUE       VALUE  FROM      YEAR
                                                  NORMAL
..................................................................
TEMPERATURE (F)
 TODAY
  MAXIMUM         36    115 PM  85    1918  65    -29       55
  MINIMUM         27    708 AM  20    2002  43    -16       26
  AVERAGE         32                        54    -22       41

PRECIPITATION (IN)
  TODAY            0.00          1.71 1933   0.15  -0.15     0.00
  MONTH TO DATE    4.28                      4.59  -0.31     2.62
  SINCE DEC 1     15.48                     13.56   1.92     8.42
  SINCE JAN 1     11.73                      8.79   2.94     3.44

SNOWFALL (IN)
  TODAY            0.0
  MONTH TO DATE    4.1
  SINCE DEC 1      4.1
  SINCE JUL 1      4.1
  SNOW DEPTH       0

DEGREE DAYS
 HEATING
  TODAY           33                        12     21       24
  MONTH TO DATE  521                       398    123      464
  SINCE DEC 1   1570                      1499     71     1682
  SINCE JUL 1   1974                      1870    104     2093

 COOLING
  TODAY            0                         0      0        0
  MONTH TO DATE    0                         0      0        6
  SINCE DEC 1      2                        11     -9       17
  SINCE JAN 1      0                         4     -4        6
..................................................................


WIND (MPH)
  HIGHEST WIND SPEED    21   HIGHEST WIND DIRECTION    NE (60)
  HIGHEST GUST SPEED    27   HIGHEST GUST DIRECTION     E (70)
  AVERAGE WIND SPEED    11.7


SKY COVER
  POSSIBLE SUNSHINE  MM
  AVERAGE SKY COVER 0.8


WEATHER CONDITIONS
 THE FOLLOWING WEATHER WAS RECORDED TODAY.
  NO SIGNIFICANT WEATHER WAS OBSERVED.


RELATIVE HUMIDITY (PERCENT)
 HIGHEST    82          1200 AM
 LOWEST     56          1200 PM
 AVERAGE    69

..........................................................


THE SHREVEPORT CLIMATE NORMALS FOR TOMORROW
                         NORMAL    RECORD    YEAR
 MAXIMUM TEMPERATURE (F)   65        85      1932
                                             1918
 MINIMUM TEMPERATURE (F)   43        20      2002


SUNRISE AND SUNSET
FEBRUARY 27 2015......SUNRISE   645 AM CST   SUNSET   611 PM CST
FEBRUARY 28 2015......SUNRISE   644 AM CST   SUNSET   612 PM CST


-  INDICATES NEGATIVE NUMBERS.
R  INDICATES RECORD WAS SET OR TIED.
MM INDICATES DATA IS MISSING.
T  INDICATES TRACE AMOUNT.




$$
