152
CDUS44 KSHV 280753
CLISHV


CLIMATE REPORT
NATIONAL WEATHER SERVICE SHREVEPORT, LA
250 AM CDT TUE MAR 28 2017


...................................

...THE SHREVEPORT CLIMATE SUMMARY FOR MARCH 27 2017...

CLIMATE NORMAL PERIOD 1981 TO 2010
CLIMATE RECORD PERIOD 1874 TO 2017


WEATHER ITEM   OBSERVED TIME   RECORD YEAR NORMAL DEPARTURE LAST
                VALUE   (LST)  VALUE       VALUE  FROM      YEAR
                                                  NORMAL
..................................................................
TEMPERATURE (F)
 YESTERDAY
  MAXIMUM         81    438 PM  89    1935  73      8       76
  MINIMUM         66    938 PM  27    1955  49     17       53
  AVERAGE         74                        60     14       65

PRECIPITATION (IN)
  YESTERDAY        0.00          1.53 1938   0.13  -0.13     0.00
  MONTH TO DATE    1.24                      3.57  -2.33    12.46
  SINCE DEC 1      8.52                     17.29  -8.77    20.37
  SINCE JAN 1      5.38                     12.52  -7.14    17.48

SNOWFALL (IN)
  YESTERDAY        0.0
  MONTH TO DATE    0.0
  SINCE MAR 1      0.0
  SINCE JUL 1      0.0
  SNOW DEPTH       0

DEGREE DAYS
 HEATING
  YESTERDAY        0                         6     -6        0
  MONTH TO DATE  134                       229    -95      103
  SINCE MAR 1    134                       229    -95      103
  SINCE JUL 1   1165                      2111   -946     1406

 COOLING
  YESTERDAY        9                         1      8        0
  MONTH TO DATE   79                        25     54       37
  SINCE MAR 1     79                        25     54       37
  SINCE JAN 1    149                        35    114       55
..................................................................


WIND (MPH)
  HIGHEST WIND SPEED    18   HIGHEST WIND DIRECTION    SW (220)
  HIGHEST GUST SPEED    24   HIGHEST GUST DIRECTION    SW (220)
  AVERAGE WIND SPEED     8.4


SKY COVER
  POSSIBLE SUNSHINE  MM
  AVERAGE SKY COVER 0.8


WEATHER CONDITIONS
 THE FOLLOWING WEATHER WAS RECORDED YESTERDAY.
  NO SIGNIFICANT WEATHER WAS OBSERVED.


RELATIVE HUMIDITY (PERCENT)
 HIGHEST    93           900 PM
 LOWEST     58           500 PM
 AVERAGE    76

..........................................................


THE SHREVEPORT CLIMATE NORMALS FOR TODAY
                         NORMAL    RECORD    YEAR
 MAXIMUM TEMPERATURE (F)   73        88      1879
 MINIMUM TEMPERATURE (F)   49        31      1955


SUNRISE AND SUNSET
MARCH 28 2017.........SUNRISE   708 AM CDT   SUNSET   733 PM CDT
MARCH 29 2017.........SUNRISE   707 AM CDT   SUNSET   733 PM CDT


-  INDICATES NEGATIVE NUMBERS.
R  INDICATES RECORD WAS SET OR TIED.
MM INDICATES DATA IS MISSING.
T  INDICATES TRACE AMOUNT.




$$
