227
CDUS46 KMFR 250835
CLISIY


CLIMATE REPORT
NATIONAL WEATHER SERVICE MEDFORD, OR
135 AM PDT SUN SEP 25 2016


...................................

...THE MONTAGUE CA CLIMATE SUMMARY FOR SEPTEMBER 24 2016...

CLIMATE NORMAL PERIOD 1981 TO 2010
CLIMATE RECORD PERIOD 1948 TO 2016


WEATHER ITEM   OBSERVED TIME   RECORD YEAR NORMAL DEPARTURE LAST
                VALUE   (LST)  VALUE       VALUE  FROM      YEAR
                                                  NORMAL
..................................................................
TEMPERATURE (F)
 YESTERDAY
  MAXIMUM         80    359 PM  95    2009  79      1       88
                                      2003
  MINIMUM         40    614 AM  30    2007  41     -1       47
                                      1958
  AVERAGE         60                        60      0       68

PRECIPITATION (IN)
  YESTERDAY        0.00          1.00 2014   0.03  -0.03     0.00
  MONTH TO DATE    0.18                      0.45  -0.27      T
  SINCE OCT 1     15.32                     18.28  -2.96    13.13
  SINCE JAN 1     10.23                     11.45  -1.22     7.22

SNOWFALL (IN)
  YESTERDAY       MM                        MM     MM       MM
  MONTH TO DATE   MM                        MM     MM       MM
  SINCE JUL 1     MM                        MM     MM       MM
  SNOW DEPTH      MM

DEGREE DAYS
 HEATING
  YESTERDAY        5                         6     -1        0
  MONTH TO DATE   89                        83      6       79
  SINCE SEP 1     89                        83      6       79
  SINCE JUL 1    102                       100      2       80

 COOLING
  YESTERDAY        0                         1     -1        3
  MONTH TO DATE   21                        40    -19       72
  SINCE SEP 1     21                        40    -19       72
  SINCE JAN 1    675                       541    134      909
..................................................................


WIND (MPH)
  HIGHEST WIND SPEED    14   HIGHEST WIND DIRECTION     N (360)
  HIGHEST GUST SPEED    15   HIGHEST GUST DIRECTION     N (360)
  AVERAGE WIND SPEED     4.6


SKY COVER
  POSSIBLE SUNSHINE  MM
  AVERAGE SKY COVER 0.2


WEATHER CONDITIONS
 THE FOLLOWING WEATHER WAS RECORDED YESTERDAY.
  NO SIGNIFICANT WEATHER WAS OBSERVED.


RELATIVE HUMIDITY (PERCENT)
 HIGHEST    92           500 AM
 LOWEST     23           400 PM

..........................................................


THE MONTAGUE CA CLIMATE NORMALS FOR TODAY
                         NORMAL    RECORD    YEAR
 MAXIMUM TEMPERATURE (F)   78        98      1994
 MINIMUM TEMPERATURE (F)   40        31      1948


SUNRISE AND SUNSET
SEPTEMBER 25 2016.....SUNRISE   701 AM PDT   SUNSET   701 PM PDT
SEPTEMBER 26 2016.....SUNRISE   702 AM PDT   SUNSET   659 PM PDT


-  INDICATES NEGATIVE NUMBERS.
R  INDICATES RECORD WAS SET OR TIED.
MM INDICATES DATA IS MISSING.
T  INDICATES TRACE AMOUNT.




$$
