000
CDUS46 KMFR 310836
CLISIY


CLIMATE REPORT
NATIONAL WEATHER SERVICE MEDFORD, OR
135 AM PDT SUN JUL 31 2016


...................................

...THE MONTAGUE CA CLIMATE SUMMARY FOR JULY 30 2016...

CLIMATE NORMAL PERIOD 1981 TO 2010
CLIMATE RECORD PERIOD 1948 TO 2016


WEATHER ITEM   OBSERVED TIME   RECORD YEAR NORMAL DEPARTURE LAST
                VALUE   (LST)  VALUE       VALUE  FROM      YEAR
                                                  NORMAL
..................................................................
TEMPERATURE (F)
 YESTERDAY
  MAXIMUM        101    312 PM 107    2003  93      8      102
                                      1988
  MINIMUM         68    506 AM  41    1995  55     13       55
  AVERAGE         85                        74     11       79

PRECIPITATION (IN)
  YESTERDAY        0.00          0.40 1990   0.02  -0.02     0.00
  MONTH TO DATE    0.05                      0.43  -0.38     0.80
  SINCE OCT 1     15.12                     17.47  -2.35    13.12
  SINCE JAN 1     10.03                     10.64  -0.61     7.21

SNOWFALL (IN)
  YESTERDAY       MM                        MM     MM       MM
  MONTH TO DATE   MM                        MM     MM       MM
  SINCE JUL 1     MM                        MM     MM       MM
  SNOW DEPTH      MM

DEGREE DAYS
 HEATING
  YESTERDAY        0                         0      0        0
  MONTH TO DATE   12                         1     11        0
  SINCE JUN 1     85                        94     -9       17
  SINCE JUL 1     12                         1     11        0

 COOLING
  YESTERDAY       20                         9     11       14
  MONTH TO DATE  232                       233     -1      306
  SINCE JUN 1    364                       291     73      540
  SINCE JAN 1    368                       304     64      555
..................................................................


WIND (MPH)
  HIGHEST WIND SPEED    21   HIGHEST WIND DIRECTION     N (360)
  HIGHEST GUST SPEED    25   HIGHEST GUST DIRECTION     N (360)
  AVERAGE WIND SPEED     9.5


SKY COVER
  POSSIBLE SUNSHINE  MM
  AVERAGE SKY COVER 0.0


WEATHER CONDITIONS
 THE FOLLOWING WEATHER WAS RECORDED YESTERDAY.
  NO SIGNIFICANT WEATHER WAS OBSERVED.


RELATIVE HUMIDITY (PERCENT)
 HIGHEST    44           600 AM
 LOWEST     16           300 PM

..........................................................


THE MONTAGUE CA CLIMATE NORMALS FOR TODAY
                         NORMAL    RECORD    YEAR
 MAXIMUM TEMPERATURE (F)   93       106      2015
 MINIMUM TEMPERATURE (F)   55        42      1989


SUNRISE AND SUNSET
JULY 31 2016..........SUNRISE   604 AM PDT   SUNSET   828 PM PDT
AUGUST  1 2016........SUNRISE   605 AM PDT   SUNSET   827 PM PDT


-  INDICATES NEGATIVE NUMBERS.
R  INDICATES RECORD WAS SET OR TIED.
MM INDICATES DATA IS MISSING.
T  INDICATES TRACE AMOUNT.




$$
