000
CDUS46 KMFR 300039
CLISIY


CLIMATE REPORT
NATIONAL WEATHER SERVICE MEDFORD, OR
538 PM PDT MON JUN 29 2015


...................................

...THE MONTAGUE CA CLIMATE SUMMARY FOR JUNE 29 2015...
VALID TODAY AS OF 0500 PM LOCAL TIME.

CLIMATE NORMAL PERIOD 1981 TO 2010
CLIMATE RECORD PERIOD 1948 TO 2015


WEATHER ITEM   OBSERVED TIME   RECORD YEAR NORMAL DEPARTURE LAST
                VALUE   (LST)  VALUE       VALUE  FROM      YEAR
                                                  NORMAL
..................................................................
TEMPERATURE (F)
 TODAY
  MAXIMUM         99R   351 PM  98    2008  86     13       89
                                      1950
  MINIMUM         54    458 AM  33    1955  51      3       54
  AVERAGE         77                        68      9       72

PRECIPITATION (IN)
  TODAY            0.00          1.24 1982   0.01  -0.01     0.00
  MONTH TO DATE    0.36                      0.69  -0.33     0.20
  SINCE OCT 1     12.32                     17.02  -4.70     6.67
  SINCE JAN 1      6.41                     10.19  -3.78     6.03

SNOWFALL (IN)
  TODAY           MM                        MM     MM       MM
  MONTH TO DATE   MM                        MM     MM       MM
  SINCE JUL 1     MM                        MM     MM        0.0
  SNOW DEPTH      MM

DEGREE DAYS
 HEATING
  TODAY            0                         1     -1        0
  MONTH TO DATE   17                        93    -76       46
  SINCE JUN 1     17                        93    -76       46
  SINCE JUL 1   4356                      5482  -1126     5281

 COOLING
  TODAY           12                         4      8        7
  MONTH TO DATE  218                        54    164       74
  SINCE JUN 1    218                        54    164       74
  SINCE JAN 1    233                        67    166       81
..................................................................


WIND (MPH)
  HIGHEST WIND SPEED    13   HIGHEST WIND DIRECTION    SE (120)
  HIGHEST GUST SPEED    28   HIGHEST GUST DIRECTION     N (350)
  AVERAGE WIND SPEED     6.4


SKY COVER
  POSSIBLE SUNSHINE  MM
  AVERAGE SKY COVER 0.0


WEATHER CONDITIONS
 THE FOLLOWING WEATHER WAS RECORDED TODAY.
  NO SIGNIFICANT WEATHER WAS OBSERVED.


RELATIVE HUMIDITY (PERCENT)
 HIGHEST    59           500 AM
 LOWEST     13           400 PM

..........................................................


THE MONTAGUE CA CLIMATE NORMALS FOR TOMORROW
                         NORMAL    RECORD    YEAR
 MAXIMUM TEMPERATURE (F)   86       103      2013
 MINIMUM TEMPERATURE (F)   52        35      1955


SUNRISE AND SUNSET
JUNE 29 2015..........SUNRISE   538 AM PDT   SUNSET   849 PM PDT
JUNE 30 2015..........SUNRISE   538 AM PDT   SUNSET   849 PM PDT


-  INDICATES NEGATIVE NUMBERS.
R  INDICATES RECORD WAS SET OR TIED.
MM INDICATES DATA IS MISSING.
T  INDICATES TRACE AMOUNT.




$$
