000
CDUS46 KMFR 260835
CLISIY


CLIMATE REPORT
NATIONAL WEATHER SERVICE MEDFORD, OR
135 AM PDT SUN MAR 26 2017


...................................

...THE MONTAGUE CA CLIMATE SUMMARY FOR MARCH 25 2017...

CLIMATE NORMAL PERIOD 1981 TO 2010
CLIMATE RECORD PERIOD 1948 TO 2017


WEATHER ITEM   OBSERVED TIME   RECORD YEAR NORMAL DEPARTURE LAST
                VALUE   (LST)  VALUE       VALUE  FROM      YEAR
                                                  NORMAL
..................................................................
TEMPERATURE (F)
 YESTERDAY
  MAXIMUM         55    509 PM  78    1960  57     -2       59
  MINIMUM         27    626 AM  21    1995  30     -3       31
  AVERAGE         41                        43     -2       45

PRECIPITATION (IN)
  YESTERDAY        0.00          0.57 1975   0.07  -0.07     0.00
  MONTH TO DATE    1.06                      1.86  -0.80     2.44
  SINCE OCT 1     13.58                     12.90   0.68    12.33
  SINCE JAN 1      5.37                      6.07  -0.70     7.24

SNOWFALL (IN)
  YESTERDAY       MM                        MM     MM       MM
  MONTH TO DATE   MM                        MM     MM       MM
  SINCE JUL 1     MM                        MM     MM       MM
  SNOW DEPTH      MM

DEGREE DAYS
 HEATING
  YESTERDAY       24                        22      2       20
  MONTH TO DATE  486                       555    -69      473
  SINCE MAR 1    486                       555    -69      473
  SINCE JUL 1   4383                      4432    -49     3890

 COOLING
  YESTERDAY        0                         0      0        0
  MONTH TO DATE    0                         0      0        0
  SINCE MAR 1      0                         0      0        0
  SINCE JAN 1      0                         0      0        0
..................................................................


WIND (MPH)
  HIGHEST WIND SPEED    10   HIGHEST WIND DIRECTION     W (250)
  HIGHEST GUST SPEED    14   HIGHEST GUST DIRECTION    NE (40)
  AVERAGE WIND SPEED     2.7


SKY COVER
  POSSIBLE SUNSHINE  MM
  AVERAGE SKY COVER 0.3


WEATHER CONDITIONS
 THE FOLLOWING WEATHER WAS RECORDED YESTERDAY.
  NO SIGNIFICANT WEATHER WAS OBSERVED.


RELATIVE HUMIDITY (PERCENT)
 HIGHEST   100           100 AM
 LOWEST     45           300 PM

..........................................................


THE MONTAGUE CA CLIMATE NORMALS FOR TODAY
                         NORMAL    RECORD    YEAR
 MAXIMUM TEMPERATURE (F)   57        75      2015
                                             1994
 MINIMUM TEMPERATURE (F)   30        21      1995


SUNRISE AND SUNSET
MARCH 26 2017.........SUNRISE   702 AM PDT   SUNSET   729 PM PDT
MARCH 27 2017.........SUNRISE   701 AM PDT   SUNSET   730 PM PDT


-  INDICATES NEGATIVE NUMBERS.
R  INDICATES RECORD WAS SET OR TIED.
MM INDICATES DATA IS MISSING.
T  INDICATES TRACE AMOUNT.




$$
