578
CDUS46 KMFR 100836
CLISIY


CLIMATE REPORT
NATIONAL WEATHER SERVICE MEDFORD, OR
1236 AM PST WED FEB 10 2016


...................................

...THE MONTAGUE CA CLIMATE SUMMARY FOR FEBRUARY 9 2016...

CLIMATE NORMAL PERIOD 1981 TO 2010
CLIMATE RECORD PERIOD 1948 TO 2016


WEATHER ITEM   OBSERVED TIME   RECORD YEAR NORMAL DEPARTURE LAST
                VALUE   (LST)  VALUE       VALUE  FROM      YEAR
                                                  NORMAL
..................................................................
TEMPERATURE (F)
 YESTERDAY
  MAXIMUM         65    358 PM  67    1951  49     16       56
  MINIMUM         27    710 AM   5    1989  27      0       30
  AVERAGE         46                        38      8       43

PRECIPITATION (IN)
  YESTERDAY        0.00          0.77 1983   0.07  -0.07     0.03
  MONTH TO DATE    0.01                      0.58  -0.57     3.04
  SINCE OCT 1      8.67                      9.61  -0.94     9.66
  SINCE JAN 1      3.58                      2.78   0.80     3.75

SNOWFALL (IN)
  YESTERDAY       MM                        MM     MM       MM
  MONTH TO DATE   MM                        MM     MM       MM
  SINCE JUL 1     MM                        MM     MM       MM
  SNOW DEPTH      MM

DEGREE DAYS
 HEATING
  YESTERDAY       19                        27     -8       22
  MONTH TO DATE  225                       251    -26      160
  SINCE DEC 1   1918                      2097   -179     1703
  SINCE JUL 1   3001                      3403   -402     2708

 COOLING
  YESTERDAY        0                         0      0        0
  MONTH TO DATE    0                         0      0        0
  SINCE DEC 1      0                         0      0        0
  SINCE JAN 1      0                         0      0        0
..................................................................


WIND (MPH)
  HIGHEST WIND SPEED    10   HIGHEST WIND DIRECTION    NE (60)
  HIGHEST GUST SPEED    10   HIGHEST GUST DIRECTION    NE (60)
  AVERAGE WIND SPEED     1.4


SKY COVER
  POSSIBLE SUNSHINE  MM
  AVERAGE SKY COVER 0.0


WEATHER CONDITIONS
 THE FOLLOWING WEATHER WAS RECORDED YESTERDAY.
  FOG


RELATIVE HUMIDITY (PERCENT)
 HIGHEST    92           300 AM
 LOWEST     31           400 PM

..........................................................


THE MONTAGUE CA CLIMATE NORMALS FOR TODAY
                         NORMAL    RECORD    YEAR
 MAXIMUM TEMPERATURE (F)   49        63      1995
 MINIMUM TEMPERATURE (F)   27        14      2011


SUNRISE AND SUNSET
FEBRUARY 10 2016......SUNRISE   712 AM PST   SUNSET   536 PM PST
FEBRUARY 11 2016......SUNRISE   711 AM PST   SUNSET   538 PM PST


-  INDICATES NEGATIVE NUMBERS.
R  INDICATES RECORD WAS SET OR TIED.
MM INDICATES DATA IS MISSING.
T  INDICATES TRACE AMOUNT.




$$
