000
CDUS46 KMFR 180836
CLISIY


CLIMATE REPORT
NATIONAL WEATHER SERVICE MEDFORD, OR
1235 AM PST THU JAN 18 2018


...................................

...THE MONTAGUE CA CLIMATE SUMMARY FOR JANUARY 17 2018...

CLIMATE NORMAL PERIOD 1981 TO 2010
CLIMATE RECORD PERIOD 1948 TO 2018


WEATHER ITEM   OBSERVED TIME   RECORD YEAR NORMAL DEPARTURE LAST
                VALUE   (LST)  VALUE       VALUE  FROM      YEAR
                                                  NORMAL
..................................................................
TEMPERATURE (F)
 YESTERDAY
  MAXIMUM         61R  1231 PM  57    2011  44     17       47
  MINIMUM         36    738 AM  -2    1952  26     10       23
  AVERAGE         49                        35     14       35

PRECIPITATION (IN)
  YESTERDAY        0.00          1.95 1986   0.05  -0.05      T
  MONTH TO DATE    0.43                      1.57  -1.14     1.35
  SINCE OCT 1      2.70                      8.40  -5.70     9.56
  SINCE JAN 1      0.43                      1.57  -1.14     1.35

SNOWFALL (IN)
  YESTERDAY       MM                        MM     MM       MM
  MONTH TO DATE   MM                        MM     MM       MM
  SINCE JUL 1     MM                        MM     MM       MM
  SNOW DEPTH      MM

DEGREE DAYS
 HEATING
  YESTERDAY       16                        30    -14       30
  MONTH TO DATE  408                       510   -102      640
  SINCE DEC 1   1415                      1437    -22     1654
  SINCE JUL 1   2645                      2743    -98     2784

 COOLING
  YESTERDAY        0                         0      0        0
  MONTH TO DATE    0                         0      0        0
  SINCE DEC 1      0                         0      0        0
  SINCE JAN 1      0                         0      0        0
..................................................................


WIND (MPH)
  HIGHEST WIND SPEED    35   HIGHEST WIND DIRECTION     S (170)
  HIGHEST GUST SPEED    42   HIGHEST GUST DIRECTION     S (170)
  AVERAGE WIND SPEED    14.3


SKY COVER
  POSSIBLE SUNSHINE  MM
  AVERAGE SKY COVER 0.3


WEATHER CONDITIONS
 THE FOLLOWING WEATHER WAS RECORDED YESTERDAY.
  FOG


RELATIVE HUMIDITY (PERCENT)
 HIGHEST   100          1200 AM
 LOWEST     51           400 PM

..........................................................


THE MONTAGUE CA CLIMATE NORMALS FOR TODAY
                         NORMAL    RECORD    YEAR
 MAXIMUM TEMPERATURE (F)   44        63      1986
 MINIMUM TEMPERATURE (F)   26         0      1952


SUNRISE AND SUNSET
JANUARY 18 2018.......SUNRISE   733 AM PST   SUNSET   508 PM PST
JANUARY 19 2018.......SUNRISE   733 AM PST   SUNSET   509 PM PST


-  INDICATES NEGATIVE NUMBERS.
R  INDICATES RECORD WAS SET OR TIED.
MM INDICATES DATA IS MISSING.
T  INDICATES TRACE AMOUNT.




$$
