000
CDUS46 KMFR 220836
CLISIY


CLIMATE REPORT
NATIONAL WEATHER SERVICE MEDFORD, OR
136 AM PDT MON SEP 22 2014


...................................

...THE MONTAGUE CA CLIMATE SUMMARY FOR SEPTEMBER 21 2014...

CLIMATE NORMAL PERIOD 1981 TO 2010
CLIMATE RECORD PERIOD 1948 TO 2014


WEATHER ITEM   OBSERVED TIME   RECORD YEAR NORMAL DEPARTURE LAST
                VALUE   (LST)  VALUE       VALUE  FROM      YEAR
                                                  NORMAL
..................................................................
TEMPERATURE (F)
 YESTERDAY
  MAXIMUM         89    337 PM  96    1974  80      9       60
  MINIMUM         56    500 AM  30    2004  41     15       46
  AVERAGE         73                        61     12       53

PRECIPITATION (IN)
  YESTERDAY        0.00          0.47 1956   0.03  -0.03    MM
  MONTH TO DATE    T                         0.36  -0.36     0.02
  SINCE SEP 1      T                         0.36  -0.36     0.02
  SINCE JAN 1      6.17                     11.36  -5.19     4.35

SNOWFALL (IN)
  YESTERDAY       MM                        MM     MM       MM
  MONTH TO DATE   MM                        MM     MM       MM
  SINCE JUL 1     MM                        MM     MM       MM
  SNOW DEPTH      MM

DEGREE DAYS
 HEATING
  YESTERDAY        0                         5     -5       12
  MONTH TO DATE    0                        66    -66       43
  SINCE SEP 1      0                        66    -66       43
  SINCE JUL 1      0                        83    -83       43

 COOLING
  YESTERDAY        8                         1      7        0
  MONTH TO DATE  103                        37     66       87
  SINCE SEP 1    103                        37     66       87
  SINCE JAN 1    904                       538    366      776
..................................................................


WIND (MPH)
  HIGHEST WIND SPEED    10   HIGHEST WIND DIRECTION    SW (210)
  HIGHEST GUST SPEED    13   HIGHEST GUST DIRECTION    SW (220)
  AVERAGE WIND SPEED     3.6


SKY COVER
  POSSIBLE SUNSHINE  MM
  AVERAGE SKY COVER 0.0


WEATHER CONDITIONS
 THE FOLLOWING WEATHER WAS RECORDED YESTERDAY.
  HAZE


RELATIVE HUMIDITY (PERCENT)
 HIGHEST    55           600 AM
 LOWEST     24           400 PM

..........................................................


THE MONTAGUE CA CLIMATE NORMALS FOR TODAY
                         NORMAL    RECORD    YEAR
 MAXIMUM TEMPERATURE (F)   80        95      2009
                                             1974
 MINIMUM TEMPERATURE (F)   41        32      1968


SUNRISE AND SUNSET
SEPTEMBER 22 2014.....SUNRISE   657 AM PDT   SUNSET   707 PM PDT
SEPTEMBER 23 2014.....SUNRISE   658 AM PDT   SUNSET   705 PM PDT


-  INDICATES NEGATIVE NUMBERS.
R  INDICATES RECORD WAS SET OR TIED.
MM INDICATES DATA IS MISSING.
T  INDICATES TRACE AMOUNT.




$$
