000
CDUS46 KMFR 100837
CLISIY


CLIMATE REPORT
NATIONAL WEATHER SERVICE MEDFORD, OR
137 AM PDT THU JUL 10 2014


...................................

...THE MONTAGUE CA CLIMATE SUMMARY FOR JULY 9 2014...

CLIMATE NORMAL PERIOD 1981 TO 2010
CLIMATE RECORD PERIOD 1948 TO 2014


WEATHER ITEM   OBSERVED TIME   RECORD YEAR NORMAL DEPARTURE LAST
                VALUE   (LST)  VALUE       VALUE  FROM      YEAR
                                                  NORMAL
..................................................................
TEMPERATURE (F)
 YESTERDAY
  MAXIMUM        102    148 PM 103    2008  90     12       97
  MINIMUM         64   1146 PM  39    1993  54     10       52
  AVERAGE         83                        72     11       75

PRECIPITATION (IN)
  YESTERDAY        0.02          0.48 1995   0.01   0.01     0.00
  MONTH TO DATE    0.04                      0.08  -0.04      T
  SINCE SEP 1      7.45                     17.76 -10.31     8.62
  SINCE JAN 1      6.07                     10.29  -4.22     3.80

SNOWFALL (IN)
  YESTERDAY       MM                        MM     MM       MM
  MONTH TO DATE   MM                        MM     MM       MM
  SINCE JUL 1     MM                        MM     MM       MM
  SNOW DEPTH      MM

DEGREE DAYS
 HEATING
  YESTERDAY        0                         0      0        0
  MONTH TO DATE    0                         1     -1        0
  SINCE JUN 1     46                        94    -48       70
  SINCE JUL 1      0                         1     -1        0

 COOLING
  YESTERDAY       18                         7     11       10
  MONTH TO DATE  137                        53     84      115
  SINCE JUN 1    220                       111    109      242
  SINCE JAN 1    227                       124    103      254
..................................................................


WIND (MPH)
  HIGHEST WIND SPEED    20   HIGHEST WIND DIRECTION    SW (230)
  HIGHEST GUST SPEED    30   HIGHEST GUST DIRECTION    SW (210)
  AVERAGE WIND SPEED     7.2


SKY COVER
  POSSIBLE SUNSHINE  MM
  AVERAGE SKY COVER 0.1


WEATHER CONDITIONS
 THE FOLLOWING WEATHER WAS RECORDED YESTERDAY.
  THUNDERSTORM
  LIGHT RAIN


RELATIVE HUMIDITY (PERCENT)
 HIGHEST    78          1100 PM
 LOWEST     18           100 PM

..........................................................


THE MONTAGUE CA CLIMATE NORMALS FOR TODAY
                         NORMAL    RECORD    YEAR
 MAXIMUM TEMPERATURE (F)   90       107      2002
 MINIMUM TEMPERATURE (F)   54        39      1989


SUNRISE AND SUNSET
JULY 10 2014..........SUNRISE   544 AM PDT   SUNSET   846 PM PDT
JULY 11 2014..........SUNRISE   545 AM PDT   SUNSET   845 PM PDT


-  INDICATES NEGATIVE NUMBERS.
R  INDICATES RECORD WAS SET OR TIED.
MM INDICATES DATA IS MISSING.
T  INDICATES TRACE AMOUNT.




$$
