000
CDUS46 KMTR 300035
CLISJC


CLIMATE REPORT
NATIONAL WEATHER SERVICE SAN FRANCISCO BAY AREA
534 PM PDT MON JUN 29 2015


...................................

...THE SAN JOSE CA CLIMATE SUMMARY FOR JUNE 29 2015...
VALID TODAY AS OF 0500 PM LOCAL TIME.

CLIMATE NORMAL PERIOD 1981 TO 2010
CLIMATE RECORD PERIOD 1893 TO 2015


WEATHER ITEM   OBSERVED TIME   RECORD YEAR NORMAL DEPARTURE LAST
                VALUE   (LST)  VALUE       VALUE  FROM      YEAR
                                                  NORMAL
..................................................................
TEMPERATURE (F)
 TODAY
  MAXIMUM         78    343 PM 102    1934  83     -5       87
  MINIMUM         59    659 AM  42    1893  58      1       57
  AVERAGE         69                        70     -1       72

PRECIPITATION (IN)
  TODAY            0.00          0.25 1992   0.00   0.00     0.00
  MONTH TO DATE    0.10                      0.09   0.01     0.01
  SINCE OCT 1     13.36                     14.67  -1.31     5.69
  SINCE JAN 1      3.41                      9.89  -6.48     4.79

SNOWFALL (IN)
  TODAY            0.0           0.0  1947
  MONTH TO DATE    0.0
  SINCE JUN 1      0.0
  SINCE JUL 1      0.0

DEGREE DAYS
 HEATING
  TODAY            0                         0      0        0
  MONTH TO DATE   10                        13     -3        9
  SINCE JUN 1     10                        13     -3        9
  SINCE JUL 1   1662                      1999   -337     1908

 COOLING
  TODAY            4                         5     -1        7
  MONTH TO DATE   88                       110    -22       74
  SINCE JUN 1     88                       110    -22       74
  SINCE JAN 1    115                       180    -65      165
..................................................................


WIND (MPH)
  RESULTANT WIND SPEED   7   RESULTANT WIND DIRECTION  NW (310)
  HIGHEST WIND SPEED    13   HIGHEST WIND DIRECTION    NW (310)
  HIGHEST GUST SPEED    16   HIGHEST GUST DIRECTION    NW (310)
  AVERAGE WIND SPEED     7.8


SKY COVER
  POSSIBLE SUNSHINE  MM
  AVERAGE SKY COVER 0.7


WEATHER CONDITIONS
 THE FOLLOWING WEATHER WAS RECORDED TODAY.
  NO SIGNIFICANT WEATHER WAS OBSERVED.


RELATIVE HUMIDITY (PERCENT)
 HIGHEST    87           500 AM
 LOWEST     47           400 PM
 AVERAGE    67

..........................................................


THE SAN JOSE CA CLIMATE NORMALS FOR TOMORROW
                         NORMAL    RECORD    YEAR
 MAXIMUM TEMPERATURE (F)   83       100      1996
 MINIMUM TEMPERATURE (F)   58        42      1896


SUNRISE AND SUNSET
JUNE 29 2015..........SUNRISE   550 AM PDT   SUNSET   832 PM PDT
JUNE 30 2015..........SUNRISE   550 AM PDT   SUNSET   832 PM PDT


-  INDICATES NEGATIVE NUMBERS.
R  INDICATES RECORD WAS SET OR TIED.
MM INDICATES DATA IS MISSING.
T  INDICATES TRACE AMOUNT.




$$
