926
CDUS46 KMTR 300026
CLISJC


CLIMATE REPORT
NATIONAL WEATHER SERVICE SAN FRANCISCO BAY AREA
526 PM PDT FRI APR 29 2016


...................................

...THE SAN JOSE CA CLIMATE SUMMARY FOR APRIL 29 2016...
VALID TODAY AS OF 0500 PM LOCAL TIME.

CLIMATE NORMAL PERIOD 1981 TO 2010
CLIMATE RECORD PERIOD 1893 TO 2016


WEATHER ITEM   OBSERVED TIME   RECORD YEAR NORMAL DEPARTURE LAST
                VALUE   (LST)  VALUE       VALUE  FROM      YEAR
                                                  NORMAL
..................................................................
TEMPERATURE (F)
 TODAY
  MAXIMUM         71   1205 PM  93    1981  73     -2       72
  MINIMUM         51    455 AM  34    1897  50      1       52
  AVERAGE         61                        62     -1       62

PRECIPITATION (IN)
  TODAY            0.00          0.95 1901   0.02  -0.02     0.00
  MONTH TO DATE    1.53                      1.04   0.49     0.88
  SINCE OCT 1     14.59                     14.17   0.42    12.76
  SINCE JAN 1      9.89                      9.39   0.50     2.81

SNOWFALL (IN)
  TODAY            0.0           0.0  1947
  MONTH TO DATE    0.0
  SINCE MAR 1      0.0
  SINCE JUL 1      0.0

DEGREE DAYS
 HEATING
  TODAY            4                         4      0        3
  MONTH TO DATE  111                       181    -70      165
  SINCE MAR 1    316                       436   -120      301
  SINCE JUL 1   1686                      1899   -213     1521

 COOLING
  TODAY            0                         1     -1        0
  MONTH TO DATE   29                        14     15        3
  SINCE MAR 1     29                        18     11       17
  SINCE JAN 1     29                        18     11       17
..................................................................


WIND (MPH)
  RESULTANT WIND SPEED   0   RESULTANT WIND DIRECTION   S (180)
  HIGHEST WIND SPEED    26   HIGHEST WIND DIRECTION    NW (310)
  HIGHEST GUST SPEED    31   HIGHEST GUST DIRECTION    NW (310)
  AVERAGE WIND SPEED     8.1


SKY COVER
  POSSIBLE SUNSHINE  MM
  AVERAGE SKY COVER 0.5


WEATHER CONDITIONS
 THE FOLLOWING WEATHER WAS RECORDED TODAY.
  FOG
  HAZE


RELATIVE HUMIDITY (PERCENT)
 HIGHEST    83           100 AM
 LOWEST     42           400 PM
 AVERAGE    63

..........................................................


THE SAN JOSE CA CLIMATE NORMALS FOR TOMORROW
                         NORMAL    RECORD    YEAR
 MAXIMUM TEMPERATURE (F)   73        95      1996
 MINIMUM TEMPERATURE (F)   50        32      1896


SUNRISE AND SUNSET
APRIL 29 2016.........SUNRISE   614 AM PDT   SUNSET   756 PM PDT
APRIL 30 2016.........SUNRISE   613 AM PDT   SUNSET   757 PM PDT


-  INDICATES NEGATIVE NUMBERS.
R  INDICATES RECORD WAS SET OR TIED.
MM INDICATES DATA IS MISSING.
T  INDICATES TRACE AMOUNT.




$$
