000
CDUS46 KMTR 270038
CLISJC


CLIMATE REPORT
NATIONAL WEATHER SERVICE SAN FRANCISCO BAY AREA
538 PM PDT FRI MAY 26 2017


...................................

...THE SAN JOSE CA CLIMATE SUMMARY FOR MAY 26 2017...
VALID TODAY AS OF 0500 PM LOCAL TIME.

CLIMATE NORMAL PERIOD 1981 TO 2010
CLIMATE RECORD PERIOD 1893 TO 2017


WEATHER ITEM   OBSERVED TIME   RECORD YEAR NORMAL DEPARTURE LAST
                VALUE   (LST)  VALUE       VALUE  FROM      YEAR
                                                  NORMAL
..................................................................
TEMPERATURE (F)
 TODAY
  MAXIMUM         69    345 PM  95    1896  76     -7       78
  MINIMUM         57    509 AM  40    1897  54      3       50
  AVERAGE         63                        65     -2       64

PRECIPITATION (IN)
  TODAY            0.00          0.40 1946   0.01  -0.01     0.00
  MONTH TO DATE    T                         0.45  -0.45     0.32
  SINCE OCT 1     18.40                     15.44   2.96    14.91
  SINCE JAN 1     14.02                     10.35   3.67    10.21

SNOWFALL (IN)
  TODAY            0.0           0.0  1947
  MONTH TO DATE    0.0
  SINCE MAR 1      0.0
  SINCE JUL 1      0.0

DEGREE DAYS
 HEATING
  TODAY            2                         2      0        1
  MONTH TO DATE   53                        88    -35       57
  SINCE MAR 1    410                       560   -150      374
  SINCE JUL 1   1841                      2225   -384     1744

 COOLING
  TODAY            0                         2     -2        0
  MONTH TO DATE   69                        36     33       25
  SINCE MAR 1     72                        53     19       54
  SINCE JAN 1     72                        53     19       54
..................................................................


WIND (MPH)
  RESULTANT WIND SPEED   8   RESULTANT WIND DIRECTION   S (180)
  HIGHEST WIND SPEED    15   HIGHEST WIND DIRECTION     S (170)
  HIGHEST GUST SPEED    23   HIGHEST GUST DIRECTION     S (190)
  AVERAGE WIND SPEED     8.6


SKY COVER
  POSSIBLE SUNSHINE  MM
  AVERAGE SKY COVER 0.9


WEATHER CONDITIONS
 THE FOLLOWING WEATHER WAS RECORDED TODAY.
  NO SIGNIFICANT WEATHER WAS OBSERVED.


RELATIVE HUMIDITY (PERCENT)
 HIGHEST    72          1200 AM
 LOWEST     49           400 PM
 AVERAGE    61

..........................................................


THE SAN JOSE CA CLIMATE NORMALS FOR TOMORROW
                         NORMAL    RECORD    YEAR
 MAXIMUM TEMPERATURE (F)   76       101      1984
 MINIMUM TEMPERATURE (F)   54        41      1900


SUNRISE AND SUNSET
MAY 26 2017...........SUNRISE   551 AM PDT   SUNSET   819 PM PDT
MAY 27 2017...........SUNRISE   551 AM PDT   SUNSET   820 PM PDT


-  INDICATES NEGATIVE NUMBERS.
R  INDICATES RECORD WAS SET OR TIED.
MM INDICATES DATA IS MISSING.
T  INDICATES TRACE AMOUNT.




$$
