000
CDUS46 KMTR 300028
CLISJC


CLIMATE REPORT
NATIONAL WEATHER SERVICE SAN FRANCISCO BAY AREA
528 PM PDT MON SEP 29 2014


...................................

...THE SAN JOSE CA CLIMATE SUMMARY FOR SEPTEMBER 29 2014...
VALID TODAY AS OF 0500 PM LOCAL TIME.

CLIMATE NORMAL PERIOD 1981 TO 2010
CLIMATE RECORD PERIOD 1893 TO 2014


WEATHER ITEM   OBSERVED TIME   RECORD YEAR NORMAL DEPARTURE LAST
                VALUE   (LST)  VALUE       VALUE  FROM      YEAR
                                                  NORMAL
..................................................................
TEMPERATURE (F)
 TODAY
  MAXIMUM         72    300 PM  96    1997  80     -8       77
  MINIMUM         59    656 AM  42    1905  55      4       54
  AVERAGE         66                        68     -2       66

PRECIPITATION (IN)
  TODAY            0.00          0.66 1894   0.04  -0.04     0.00
  MONTH TO DATE    0.36                      0.19   0.17     0.66
  SINCE JUL 1      0.36                      0.19   0.17     0.66
  SINCE JAN 1      5.15                     10.08  -4.93     2.90

SNOWFALL (IN)
  TODAY            0.0           0.0  1947
  MONTH TO DATE    0.0
  SINCE SEP 1      0.0
  SINCE JUL 1      0.0

DEGREE DAYS
 HEATING
  TODAY            0                         1     -1        0
  MONTH TO DATE    2                         7     -5        8
  SINCE SEP 1      2                         7     -5        8
  SINCE JUL 1      2                        10     -8        9

 COOLING
  TODAY            1                         3     -2        1
  MONTH TO DATE  111                       135    -24      109
  SINCE SEP 1    111                       135    -24      109
  SINCE JAN 1    612                       681    -69      534
..................................................................


WIND (MPH)
  RESULTANT WIND SPEED   5   RESULTANT WIND DIRECTION  NW (300)
  HIGHEST WIND SPEED    21   HIGHEST WIND DIRECTION     W (290)
  HIGHEST GUST SPEED    24   HIGHEST GUST DIRECTION     W (290)
  AVERAGE WIND SPEED     5.6


SKY COVER
  POSSIBLE SUNSHINE  MM
  AVERAGE SKY COVER 0.6


WEATHER CONDITIONS
 THE FOLLOWING WEATHER WAS RECORDED TODAY.
  NO SIGNIFICANT WEATHER WAS OBSERVED.


RELATIVE HUMIDITY (PERCENT)
 HIGHEST    90          1200 AM
 LOWEST     57           200 PM
 AVERAGE    74

..........................................................


THE SAN JOSE CA CLIMATE NORMALS FOR TOMORROW
                         NORMAL    RECORD    YEAR
 MAXIMUM TEMPERATURE (F)   80        94      2001
 MINIMUM TEMPERATURE (F)   55        35      1893


SUNRISE AND SUNSET
SEPTEMBER 29 2014.....SUNRISE   701 AM PDT   SUNSET   654 PM PDT
SEPTEMBER 30 2014.....SUNRISE   702 AM PDT   SUNSET   652 PM PDT


-  INDICATES NEGATIVE NUMBERS.
R  INDICATES RECORD WAS SET OR TIED.
MM INDICATES DATA IS MISSING.
T  INDICATES TRACE AMOUNT.




$$
