000
CDUS46 KMTR 310835
CLISJC


CLIMATE REPORT
NATIONAL WEATHER SERVICE SAN FRANCISCO BAY AREA
135 AM PDT TUE MAY 31 2016


...................................

...THE SAN JOSE AIRPORT CLIMATE SUMMARY FOR MAY 30 2016...

CLIMATE NORMAL PERIOD 1981 TO 2010
CLIMATE RECORD PERIOD 1893 TO 2016


WEATHER ITEM   OBSERVED TIME   RECORD YEAR NORMAL DEPARTURE LAST
                VALUE   (LST)  VALUE       VALUE  FROM      YEAR
                                                  NORMAL
..................................................................
TEMPERATURE (F)
 YESTERDAY
  MAXIMUM         83    211 PM 100    2001  77      6       73
  MINIMUM         54    529 AM  35    1893  54      0       53
  AVERAGE         69                        66      3       63

PRECIPITATION (IN)
  YESTERDAY        0.00          0.36 1936   0.00   0.00     0.00
  MONTH TO DATE    0.32                      0.38  -0.06     0.50
  SINCE OCT 1     14.91                     14.57   0.34    13.26
  SINCE JAN 1     10.21                      9.79   0.42     3.31

SNOWFALL (IN)
  YESTERDAY        0.0                      MM     MM        0.0
  MONTH TO DATE    0.0                      MM     MM        0.0
  SINCE MAR 1      0.0                      MM     MM        0.0
  SINCE JUL 1      0.0                      MM     MM        0.0

DEGREE DAYS
 HEATING
  YESTERDAY        0                         1     -1        2
  MONTH TO DATE   57                        80    -23      129
  SINCE MAR 1    374                       521   -147      430
  SINCE JUL 1   1744                      1984   -240     1650

 COOLING
  YESTERDAY        4                         2      2        0
  MONTH TO DATE   44                        49     -5        6
  SINCE MAR 1     73                        68      5       27
  SINCE JAN 1     73                        68      5       27
..................................................................


WIND (MPH)
  RESULTANT WIND SPEED   2   RESULTANT WIND DIRECTION   W (280)
  HIGHEST WIND SPEED    17   HIGHEST WIND DIRECTION     W (290)
  HIGHEST GUST SPEED    22   HIGHEST GUST DIRECTION     W (290)
  AVERAGE WIND SPEED     8.0


SKY COVER
  POSSIBLE SUNSHINE  MM
  AVERAGE SKY COVER 0.2


WEATHER CONDITIONS
 THE FOLLOWING WEATHER WAS RECORDED YESTERDAY.
  NO SIGNIFICANT WEATHER WAS OBSERVED.


RELATIVE HUMIDITY (PERCENT)
 HIGHEST    89           500 AM
 LOWEST     36          1200 PM
 AVERAGE    63

..........................................................


THE SAN JOSE AIRPORT CLIMATE NORMALS FOR TODAY
                         NORMAL    RECORD    YEAR
 MAXIMUM TEMPERATURE (F)   78       101      2001
 MINIMUM TEMPERATURE (F)   54        37      1893


SUNRISE AND SUNSET
MAY 31 2016...........SUNRISE   549 AM PDT   SUNSET   823 PM PDT
JUNE  1 2016..........SUNRISE   548 AM PDT   SUNSET   823 PM PDT


-  INDICATES NEGATIVE NUMBERS.
R  INDICATES RECORD WAS SET OR TIED.
MM INDICATES DATA IS MISSING.
T  INDICATES TRACE AMOUNT.




$$
