000
CDUS46 KMTR 280036
CLISJC


CLIMATE REPORT
NATIONAL WEATHER SERVICE SAN FRANCISCO BAY AREA
436 PM PST FRI FEB 27 2015


...................................

...THE SAN JOSE CA CLIMATE SUMMARY FOR FEBRUARY 27 2015...
VALID TODAY AS OF 0400 PM LOCAL TIME.

CLIMATE NORMAL PERIOD 1981 TO 2010
CLIMATE RECORD PERIOD 1893 TO 2015


WEATHER ITEM   OBSERVED TIME   RECORD YEAR NORMAL DEPARTURE LAST
                VALUE   (LST)  VALUE       VALUE  FROM      YEAR
                                                  NORMAL
..................................................................
TEMPERATURE (F)
 TODAY
  MAXIMUM         63   1145 AM  79    1992  66     -3       65
  MINIMUM         51    411 AM  28    1893  47      4       52
  AVERAGE         57                        56      1       59

PRECIPITATION (IN)
  TODAY            0.00          1.54 2006   0.12  -0.12     0.01
  MONTH TO DATE    1.70                      3.20  -1.50     1.68
  SINCE OCT 1     11.65                     10.97   0.68     2.70
  SINCE JAN 1      1.70                      6.19  -4.49     1.80

SNOWFALL (IN)
  TODAY            0.0           0.0  1947
  MONTH TO DATE    0.0
  SINCE DEC 1      0.0
  SINCE JUL 1      0.0

DEGREE DAYS
 HEATING
  TODAY            8                         9     -1        6
  MONTH TO DATE  190                       286    -96      286
  SINCE DEC 1    923                      1130   -207     1153
  SINCE JUL 1   1207                      1455   -248     1533

 COOLING
  TODAY            0                         0      0        0
  MONTH TO DATE    0                         0      0        0
  SINCE DEC 1      0                         0      0        0
  SINCE JAN 1      0                         0      0        0
..................................................................


WIND (MPH)
  RESULTANT WIND SPEED   8   RESULTANT WIND DIRECTION  NW (300)
  HIGHEST WIND SPEED    22   HIGHEST WIND DIRECTION    NW (300)
  HIGHEST GUST SPEED    26   HIGHEST GUST DIRECTION     W (270)
  AVERAGE WIND SPEED     8.8


SKY COVER
  POSSIBLE SUNSHINE  MM
  AVERAGE SKY COVER 0.6


WEATHER CONDITIONS
 THE FOLLOWING WEATHER WAS RECORDED TODAY.
  NO SIGNIFICANT WEATHER WAS OBSERVED.


RELATIVE HUMIDITY (PERCENT)
 HIGHEST    89           500 AM
 LOWEST     57           300 PM
 AVERAGE    73

..........................................................


THE SAN JOSE CA CLIMATE NORMALS FOR TOMORROW
                         NORMAL    RECORD    YEAR
 MAXIMUM TEMPERATURE (F)   66        76      1905
 MINIMUM TEMPERATURE (F)   47        28      1893


SUNRISE AND SUNSET
FEBRUARY 27 2015......SUNRISE   642 AM PST   SUNSET   600 PM PST
FEBRUARY 28 2015......SUNRISE   640 AM PST   SUNSET   601 PM PST


-  INDICATES NEGATIVE NUMBERS.
R  INDICATES RECORD WAS SET OR TIED.
MM INDICATES DATA IS MISSING.
T  INDICATES TRACE AMOUNT.




$$
